{"id":65985,"date":"2022-12-05T12:16:03","date_gmt":"2022-12-05T12:16:03","guid":{"rendered":"https:\/\/desrealestate.al\/sq\/property\/shitet-apartament-i-mobiluar-ne-lagjen-qemal-stafa-elbasan\/"},"modified":"2024-11-19T15:24:20","modified_gmt":"2024-11-19T15:24:20","slug":"shitet-apartament-i-mobiluar-ne-lagjen-qemal-stafa-elbasan","status":"publish","type":"property","link":"https:\/\/desrealestate.al\/en\/property\/shitet-apartament-i-mobiluar-ne-lagjen-qemal-stafa-elbasan\/","title":{"rendered":"SHITET APARTAMENT I MOBILUAR N\u00cb LAGJEN &#8216;QEMAL STAFA&#8217;, ELBASAN."},"content":{"rendered":"<p>SHITET APARTAMENT 1+1 N\u00cb LAGJEN \u201cQEMAL STAFA \u201d, ELBASAN.<\/p>\n<p>Apartamenti ka nj\u00eb lokacion t\u00eb favorsh\u00ebm, n\u00eb nj\u00eb zon\u00eb leht\u00ebsisht t\u00eb aksesueshme.<\/p>\n<p>Sip\u00ebrfaqja: 57m2.<\/p>\n<p>Organizohet n\u00eb:<br \/>1 dhom\u00eb gjumi,<br \/>1 sallon + kuzhin\u00eb,<br \/>1 tualet ,<br \/>1 ballkon.<\/p>\n<p>Apartamenti \u00ebsht\u00eb i kompletuar me t\u00eb gjitha pajisjet e nevojshme dhe ka nj\u00eb mobilim bashk\u00ebkohor.<\/p>\n<p>\u00c7mimi i pron\u00ebs : 56.000 Eur\/Total.<\/p>\n<p>P\u00ebr m\u00eb shum\u00eb informacione ose nj\u00eb vizit\u00eb n\u00eb pron\u00eb, kontaktoni n\u00eb: +355692045100<\/p>","protected":false},"excerpt":{"rendered":"<p>SHITET APARTAMENT 1+1 N\u00cb LAGJEN \u201cQEMAL STAFA \u201d, ELBASAN. Apartamenti ka nj\u00eb lokacion t\u00eb favorsh\u00ebm, n\u00eb nj\u00eb zon\u00eb leht\u00ebsisht t\u00eb aksesueshme. Sip\u00ebrfaqja: 57m2. Organizohet n\u00eb:1 dhom\u00eb gjumi,1 sallon + kuzhin\u00eb,1 tualet ,1 ballkon. Apartamenti \u00ebsht\u00eb i kompletuar me t\u00eb gjitha pajisjet e nevojshme dhe ka nj\u00eb mobilim bashk\u00ebkohor. \u00c7mimi i pron\u00ebs : 56.000 Eur\/Total. P\u00ebr [&hellip;]<\/p>","protected":false},"author":1,"featured_media":0,"parent":0,"menu_order":0,"comment_status":"closed","ping_status":"closed","template":"","property-type-api":[38],"property-status-api":[25],"property-city-api":[48,349],"property-feature-api":[353,357,356],"class_list":["post-65985","property","type-property","status-publish","hentry","property-type-apartament","property-status-for-sale","property-city-elbasan","property-city-shqiperi","property-feature-izolim-termik","property-feature-kaldaje","property-feature-mobilim"],"REAL_HOMES_property_price":"56000","REAL_HOMES_property_price_type":"Total","REAL_HOMES_property_price_postfix":"EUR","REAL_HOMES_property_id":"13398","REAL_HOMES_property_size":"57","REAL_HOMES_property_size_postfix":"M2 ","REAL_HOMES_property_bedrooms":"2","REAL_HOMES_property_bathrooms":"1","REAL_HOMES_property_garage":"","REAL_HOMES_additional_details":{"Tipi Pron\u00ebs":"Apartament","Qyteti":"Elbasan","\u00c7ertifikat\u00eb Pron\u00ebsie":"Po","\u00c7mimi Negociuesh\u00ebm":"  Po","Kati Pron\u00ebs":"5","Pozicioni Pron\u00ebs":"Jug","Tipi Listimit":"Shitje"},"REAL_HOMES_property_address":"Qemal Stafa","REAL_HOMES_property_location":"41.112238410001,20.086041887684","REAL_HOMES_attachments":"","REAL_HOMES_agent_display_option":"","REAL_HOMES_agents":"26964","REAL_HOMES_slider_image":"","payment_status":"","REAL_HOMES_tour_video_url":"","REAL_HOMES_tour_video_image":"","REAL_HOMES_property_year_built":"","REAL_HOMES_image_object":"[{\"url\":\"https:\/\/flexie-des.s3.amazonaws.com\/des\/listings\/gallery\/261a235a1c1e79e14a9f93e7bb12e430.jpg\",\"thumbnail\":\"https:\/\/flexie-des.s3.amazonaws.com\/des\/listings\/gallery\/261a235a1c1e79e14a9f93e7bb12e430_thumb.jpg\",\"name\":\"b7d6289b-a477-4f8e-a47a-922f851d0096.jpg\",\"type\":\"image\/jpeg\",\"is_default\":1},{\"url\":\"https:\/\/flexie-des.s3.amazonaws.com\/des\/listings\/gallery\/47cd037564cb6fac86757c21fcc1fc5a.jpg\",\"thumbnail\":\"https:\/\/flexie-des.s3.amazonaws.com\/des\/listings\/gallery\/47cd037564cb6fac86757c21fcc1fc5a_thumb.jpg\",\"name\":\"d748c046-8ca1-4422-8a51-a0d6212e6324.jpg\",\"type\":\"image\/jpeg\"},{\"url\":\"https:\/\/flexie-des.s3.amazonaws.com\/des\/listings\/gallery\/82b92bed49fd19fa0b4e4124c0a9a116.jpg\",\"thumbnail\":\"https:\/\/flexie-des.s3.amazonaws.com\/des\/listings\/gallery\/82b92bed49fd19fa0b4e4124c0a9a116_thumb.jpg\",\"name\":\"a84a5c6e-429f-4918-8a8b-efa6695585cb.jpg\",\"type\":\"image\/jpeg\"},{\"url\":\"https:\/\/flexie-des.s3.amazonaws.com\/des\/listings\/gallery\/8ee36efafbd6b8709099594904dfd9a7.jpg\",\"thumbnail\":\"https:\/\/flexie-des.s3.amazonaws.com\/des\/listings\/gallery\/8ee36efafbd6b8709099594904dfd9a7_thumb.jpg\",\"name\":\"eae6b863-3913-4e0e-b372-451a52e90e80.jpg\",\"type\":\"image\/jpeg\"},{\"url\":\"https:\/\/flexie-des.s3.amazonaws.com\/des\/listings\/gallery\/803085565e697853d83ff6be910533fe.jpg\",\"thumbnail\":\"https:\/\/flexie-des.s3.amazonaws.com\/des\/listings\/gallery\/803085565e697853d83ff6be910533fe_thumb.jpg\",\"name\":\"bf458a62-cb56-414b-bb3b-2725f746289a.jpg\",\"type\":\"image\/jpeg\"},{\"url\":\"https:\/\/flexie-des.s3.amazonaws.com\/des\/listings\/gallery\/7aa83661afc1b78f7cfb38646fabeda1.jpg\",\"thumbnail\":\"https:\/\/flexie-des.s3.amazonaws.com\/des\/listings\/gallery\/7aa83661afc1b78f7cfb38646fabeda1_thumb.jpg\",\"name\":\"ff473d49-cfda-4211-8a3e-89ad4fcfd933.jpg\",\"type\":\"image\/jpeg\"}]","yoast_head":"<!-- This site is optimized with the Yoast SEO Premium plugin v15.2 - https:\/\/yoast.com\/wordpress\/plugins\/seo\/ -->\n<title>SHITET APARTAMENT I MOBILUAR N\u00cb LAGJEN &#039;QEMAL STAFA&#039;, ELBASAN. - DES Real Estate<\/title>\n<meta name=\"robots\" content=\"index, follow, max-snippet:-1, max-image-preview:large, max-video-preview:-1\" \/>\n<link rel=\"canonical\" href=\"https:\/\/desrealestate.al\/sq\/property\/shitet-apartament-i-mobiluar-ne-lagjen-qemal-stafa-elbasan\/\" \/>\n<meta property=\"og:locale\" content=\"en_GB\" \/>\n<meta property=\"og:type\" content=\"article\" \/>\n<meta property=\"og:title\" content=\"SHITET APARTAMENT I MOBILUAR N\u00cb LAGJEN &#039;QEMAL STAFA&#039;, ELBASAN. - DES Real Estate\" \/>\n<meta property=\"og:description\" content=\"SHITET APARTAMENT 1+1 N\u00cb LAGJEN \u201cQEMAL STAFA \u201d, ELBASAN. Apartamenti ka nj\u00eb lokacion t\u00eb favorsh\u00ebm, n\u00eb nj\u00eb zon\u00eb leht\u00ebsisht t\u00eb aksesueshme. Sip\u00ebrfaqja: 57m2. Organizohet n\u00eb:1 dhom\u00eb gjumi,1 sallon + kuzhin\u00eb,1 tualet ,1 ballkon. Apartamenti \u00ebsht\u00eb i kompletuar me t\u00eb gjitha pajisjet e nevojshme dhe ka nj\u00eb mobilim bashk\u00ebkohor. \u00c7mimi i pron\u00ebs : 56.000 Eur\/Total. P\u00ebr [&hellip;]\" \/>\n<meta property=\"og:url\" content=\"https:\/\/desrealestate.al\/sq\/property\/shitet-apartament-i-mobiluar-ne-lagjen-qemal-stafa-elbasan\/\" \/>\n<meta property=\"og:site_name\" content=\"DES Real Estate\" \/>\n<meta property=\"article:publisher\" content=\"https:\/\/www.facebook.com\/DesRealEstate.al\/\" \/>\n<meta property=\"article:modified_time\" content=\"2024-11-19T15:24:20+00:00\" \/>\n<meta property=\"og:image\" content=\"https:\/\/desrealestate.al\/wp-content\/uploads\/2020\/11\/DES-Real-Estate-Logo-Vertikale-fb.jpg\" \/>\n\t<meta property=\"og:image:width\" content=\"1102\" \/>\n\t<meta property=\"og:image:height\" content=\"596\" \/>\n<meta property=\"fb:app_id\" content=\"387924425682656\" \/>\n<meta name=\"twitter:card\" content=\"summary_large_image\" \/>\n<meta name=\"twitter:label1\" value=\"Written by\">\n\t<meta name=\"twitter:data1\" value=\"master\">\n\t<meta name=\"twitter:label2\" value=\"Estimated reading time\">\n\t<meta name=\"twitter:data2\" value=\"0 minutes\">\n<script type=\"application\/ld+json\" class=\"yoast-schema-graph\">{\"@context\":\"https:\/\/schema.org\",\"@graph\":[{\"@type\":\"Organization\",\"@id\":\"https:\/\/desrealestate.al\/sq\/#organization\",\"name\":\"DES Real Estate\",\"url\":\"https:\/\/desrealestate.al\/sq\/\",\"sameAs\":[\"https:\/\/www.facebook.com\/DesRealEstate.al\/\",\"https:\/\/www.instagram.com\/desrealestate.al\/\"],\"logo\":{\"@type\":\"ImageObject\",\"@id\":\"https:\/\/desrealestate.al\/sq\/#logo\",\"inLanguage\":\"en-GB\",\"url\":\"https:\/\/desrealestate.al\/wp-content\/uploads\/2020\/05\/DES-Real-Estate-Logo-Vertikale.png\",\"width\":171,\"height\":115,\"caption\":\"DES Real Estate\"},\"image\":{\"@id\":\"https:\/\/desrealestate.al\/sq\/#logo\"}},{\"@type\":\"WebSite\",\"@id\":\"https:\/\/desrealestate.al\/sq\/#website\",\"url\":\"https:\/\/desrealestate.al\/sq\/\",\"name\":\"DES Real Estate\",\"description\":\"Sht\\u00ebpia \\u00ebsht\\u00eb e para\",\"publisher\":{\"@id\":\"https:\/\/desrealestate.al\/sq\/#organization\"},\"potentialAction\":[{\"@type\":\"SearchAction\",\"target\":\"https:\/\/desrealestate.al\/sq\/?s={search_term_string}\",\"query-input\":\"required name=search_term_string\"}],\"inLanguage\":\"en-GB\"},{\"@type\":\"WebPage\",\"@id\":\"https:\/\/desrealestate.al\/sq\/property\/shitet-apartament-i-mobiluar-ne-lagjen-qemal-stafa-elbasan\/#webpage\",\"url\":\"https:\/\/desrealestate.al\/sq\/property\/shitet-apartament-i-mobiluar-ne-lagjen-qemal-stafa-elbasan\/\",\"name\":\"SHITET APARTAMENT I MOBILUAR N\\u00cb LAGJEN 'QEMAL STAFA', ELBASAN. - DES Real Estate\",\"isPartOf\":{\"@id\":\"https:\/\/desrealestate.al\/sq\/#website\"},\"datePublished\":\"2022-12-05T12:16:03+00:00\",\"dateModified\":\"2024-11-19T15:24:20+00:00\",\"inLanguage\":\"en-GB\",\"potentialAction\":[{\"@type\":\"ReadAction\",\"target\":[\"https:\/\/desrealestate.al\/sq\/property\/shitet-apartament-i-mobiluar-ne-lagjen-qemal-stafa-elbasan\/\"]}]}]}<\/script>\n<!-- \/ Yoast SEO Premium plugin. -->","_links":{"self":[{"href":"https:\/\/desrealestate.al\/en\/wp-json\/wp\/v2\/property-api\/65985"}],"collection":[{"href":"https:\/\/desrealestate.al\/en\/wp-json\/wp\/v2\/property-api"}],"about":[{"href":"https:\/\/desrealestate.al\/en\/wp-json\/wp\/v2\/types\/property"}],"author":[{"embeddable":true,"href":"https:\/\/desrealestate.al\/en\/wp-json\/wp\/v2\/users\/1"}],"replies":[{"embeddable":true,"href":"https:\/\/desrealestate.al\/en\/wp-json\/wp\/v2\/comments?post=65985"}],"version-history":[{"count":0,"href":"https:\/\/desrealestate.al\/en\/wp-json\/wp\/v2\/property-api\/65985\/revisions"}],"wp:attachment":[{"href":"https:\/\/desrealestate.al\/en\/wp-json\/wp\/v2\/media?parent=65985"}],"wp:term":[{"taxonomy":"property-type","embeddable":true,"href":"https:\/\/desrealestate.al\/en\/wp-json\/wp\/v2\/property-type-api?post=65985"},{"taxonomy":"property-status","embeddable":true,"href":"https:\/\/desrealestate.al\/en\/wp-json\/wp\/v2\/property-status-api?post=65985"},{"taxonomy":"property-city","embeddable":true,"href":"https:\/\/desrealestate.al\/en\/wp-json\/wp\/v2\/property-city-api?post=65985"},{"taxonomy":"property-feature","embeddable":true,"href":"https:\/\/desrealestate.al\/en\/wp-json\/wp\/v2\/property-feature-api?post=65985"}],"curies":[{"name":"wp","href":"https:\/\/api.w.org\/{rel}","templated":true}]}}

SHITET APARTAMENT I MOBILUAR NË LAGJEN &#8216;QEMAL STAFA&#8217;, ELBASAN.

<p>SHITET APARTAMENT 1+1 NË LAGJEN “QEMAL STAFA ”, ELBASAN.</p>
<p>Apartamenti ka një lokacion të favorshëm, në një zonë lehtësisht të aksesueshme.</p>
<p>Sipërfaqja: 57m2.</p>
<p>Organizohet në:<br />1 dhomë gjumi,<br />1 sallon + kuzhinë,<br />1 tualet ,<br />1 ballkon.</p>
<p>Apartamenti është i kompletuar me të gjitha pajisjet e nevojshme dhe ka një mobilim bashkëkohor.</p>
<p>Çmimi i pronës : 56.000 Eur/Total.</p>
<p>Për më shumë informacione ose një vizitë në pronë, kontaktoni në: +355692045100</p>

<p>SHITET APARTAMENT 1+1 NË LAGJEN “QEMAL STAFA ”, ELBASAN. Apartamenti ka një lokacion të favorshëm, në një zonë lehtësisht të aksesueshme. Sipërfaqja: 57m2. Organizohet në:1 dhomë gjumi,1 sallon + kuzhinë,1 tualet ,1 ballkon. Apartamenti është i kompletuar me të gjitha pajisjet e nevojshme dhe ka një mobilim bashkëkohor. Çmimi i pronës : 56.000 Eur/Total. Për [&hellip;]</p>

<!-- This site is optimized with the Yoast SEO Premium plugin v15.2 - https://yoast.com/wordpress/plugins/seo/ -->
<title>SHITET APARTAMENT I MOBILUAR NË LAGJEN &#039;QEMAL STAFA&#039;, ELBASAN. - DES Real Estate</title>
<meta name="robots" content="index, follow, max-snippet:-1, max-image-preview:large, max-video-preview:-1" />
<link rel="canonical" href="https://desrealestate.al/sq/property/shitet-apartament-i-mobiluar-ne-lagjen-qemal-stafa-elbasan/" />
<meta property="og:locale" content="en_GB" />
<meta property="og:type" content="article" />
<meta property="og:title" content="SHITET APARTAMENT I MOBILUAR NË LAGJEN &#039;QEMAL STAFA&#039;, ELBASAN. - DES Real Estate" />
<meta property="og:description" content="SHITET APARTAMENT 1+1 NË LAGJEN “QEMAL STAFA ”, ELBASAN. Apartamenti ka një lokacion të favorshëm, në një zonë lehtësisht të aksesueshme. Sipërfaqja: 57m2. Organizohet në:1 dhomë gjumi,1 sallon + kuzhinë,1 tualet ,1 ballkon. Apartamenti është i kompletuar me të gjitha pajisjet e nevojshme dhe ka një mobilim bashkëkohor. Çmimi i pronës : 56.000 Eur/Total. Për [&hellip;]" />
<meta property="og:url" content="https://desrealestate.al/sq/property/shitet-apartament-i-mobiluar-ne-lagjen-qemal-stafa-elbasan/" />
<meta property="og:site_name" content="DES Real Estate" />
<meta property="article:publisher" content="https://www.facebook.com/DesRealEstate.al/" />
<meta property="article:modified_time" content="2024-11-19T15:24:20+00:00" />
<meta property="og:image" content="https://desrealestate.al/wp-content/uploads/2020/11/DES-Real-Estate-Logo-Vertikale-fb.jpg" />
	<meta property="og:image:width" content="1102" />
	<meta property="og:image:height" content="596" />
<meta property="fb:app_id" content="387924425682656" />
<meta name="twitter:card" content="summary_large_image" />
<meta name="twitter:label1" value="Written by">
	<meta name="twitter:data1" value="master">
	<meta name="twitter:label2" value="Estimated reading time">
	<meta name="twitter:data2" value="0 minutes">
<script type="application/ld+json" class="yoast-schema-graph">{"@context":"https://schema.org","@graph":[{"@type":"Organization","@id":"https://desrealestate.al/sq/#organization","name":"DES Real Estate","url":"https://desrealestate.al/sq/","sameAs":["https://www.facebook.com/DesRealEstate.al/","https://www.instagram.com/desrealestate.al/"],"logo":{"@type":"ImageObject","@id":"https://desrealestate.al/sq/#logo","inLanguage":"en-GB","url":"https://desrealestate.al/wp-content/uploads/2020/05/DES-Real-Estate-Logo-Vertikale.png","width":171,"height":115,"caption":"DES Real Estate"},"image":{"@id":"https://desrealestate.al/sq/#logo"}},{"@type":"WebSite","@id":"https://desrealestate.al/sq/#website","url":"https://desrealestate.al/sq/","name":"DES Real Estate","description":"Sht\u00ebpia \u00ebsht\u00eb e para","publisher":{"@id":"https://desrealestate.al/sq/#organization"},"potentialAction":[{"@type":"SearchAction","target":"https://desrealestate.al/sq/?s={search_term_string}","query-input":"required name=search_term_string"}],"inLanguage":"en-GB"},{"@type":"WebPage","@id":"https://desrealestate.al/sq/property/shitet-apartament-i-mobiluar-ne-lagjen-qemal-stafa-elbasan/#webpage","url":"https://desrealestate.al/sq/property/shitet-apartament-i-mobiluar-ne-lagjen-qemal-stafa-elbasan/","name":"SHITET APARTAMENT I MOBILUAR N\u00cb LAGJEN 'QEMAL STAFA', ELBASAN. - DES Real Estate","isPartOf":{"@id":"https://desrealestate.al/sq/#website"},"datePublished":"2022-12-05T12:16:03+00:00","dateModified":"2024-11-19T15:24:20+00:00","inLanguage":"en-GB","potentialAction":[{"@type":"ReadAction","target":["https://desrealestate.al/sq/property/shitet-apartament-i-mobiluar-ne-lagjen-qemal-stafa-elbasan/"]}]}]}</script>
<!-- / Yoast SEO Premium plugin. -->
