{"id":68032,"date":"2023-04-25T12:27:11","date_gmt":"2023-04-25T12:27:11","guid":{"rendered":"https:\/\/desrealestate.al\/sq\/property\/shitet-apartament-212verande-ali-demi-tirane%e2%80%bc%ef%b8%8f\/"},"modified":"2024-10-15T10:15:03","modified_gmt":"2024-10-15T10:15:03","slug":"shitet-apartament-212verande-ali-demi-tirane%e2%80%bc%ef%b8%8f","status":"publish","type":"property","link":"https:\/\/desrealestate.al\/en\/property\/shitet-apartament-212verande-ali-demi-tirane%e2%80%bc%ef%b8%8f\/","title":{"rendered":"SHITET APARTAMENT 2+1+2+VERAND\u00cb, ALI DEMI, TIRAN\u00cb\u203c\ufe0f"},"content":{"rendered":"<p>SHITET APARTAMENT 2+1+2+VERAND\u00cb, ALI DEMI, TIRAN\u00cb\u203c\ufe0f<\/p>\n<p>Apartamenti ka sip\u00ebrfaqe 120m\u00b2 dhe ndodhet n\u00eb katin e 7 me ashensor<\/p>\n<p>Organizimi:<\/p>\n<p>Dhom\u00eb Ndenje+Kuzhin\u00eb<br \/>2 Dhoma Gjumi<br \/>2 Tualete<br \/>Verand\u00eb<\/p>\n<p>Apartamenti ka kubatur\u00eb shum\u00eb t\u00eb rregullt dhe hap\u00ebsir\u00eb t\u00eb mjaftueshme<br \/>Me nj\u00eb Verand\u00eb e cila ju jep nj\u00eb pamje shum\u00eb t\u00eb bukur t\u00eb qytetit<\/p>\n<p>Zona n\u00eb t\u00eb cil\u00ebn ndodhet apartamenti \u00ebsht\u00eb nga zonat me k\u00ebrkes\u00eb shum\u00eb t\u00eb lart\u00eb\u2139\ufe0f me nj\u00eb hap\u00ebsir\u00eb t\u00eb bollshme me shum\u00ebllojshm\u00ebri sh\u00ebrbimesh dhe aktivitetesh. Apartamenti \u00ebsht\u00eb nj\u00eb investim ideal p\u00ebr ju dhe familjen tuaj<\/p>\n<p>Apartamenti disponon dokumentacion t\u00eb rregullt hipotekor<\/p>\n<p>\u00c7mimi: \u203c\ufe0f135.000\u20ac\/TOTAL\u203c\ufe0f<\/p>\n<p>P\u00ebr m\u00eb shum\u00eb informacion ose nj\u00eb vizit\u00eb n\u00eb pron\u00eb kontaktoni:<\/p>\n<p>0694035476<\/p>","protected":false},"excerpt":{"rendered":"<p>SHITET APARTAMENT 2+1+2+VERAND\u00cb, ALI DEMI, TIRAN\u00cb\u203c\ufe0f Apartamenti ka sip\u00ebrfaqe 120m\u00b2 dhe ndodhet n\u00eb katin e 7 me ashensor Organizimi: Dhom\u00eb Ndenje+Kuzhin\u00eb2 Dhoma Gjumi2 TualeteVerand\u00eb Apartamenti ka kubatur\u00eb shum\u00eb t\u00eb rregullt dhe hap\u00ebsir\u00eb t\u00eb mjaftueshmeMe nj\u00eb Verand\u00eb e cila ju jep nj\u00eb pamje shum\u00eb t\u00eb bukur t\u00eb qytetit Zona n\u00eb t\u00eb cil\u00ebn ndodhet apartamenti \u00ebsht\u00eb nga [&hellip;]<\/p>","protected":false},"author":1,"featured_media":0,"parent":0,"menu_order":0,"comment_status":"closed","ping_status":"closed","template":"","property-type-api":[38],"property-status-api":[25],"property-city-api":[349,45],"property-feature-api":[17,358],"class_list":["post-68032","property","type-property","status-publish","hentry","property-type-apartament","property-status-for-sale","property-city-shqiperi","property-city-tirane","property-feature-ashensor","property-feature-sherbim-administrimi"],"REAL_HOMES_property_price":"135000","REAL_HOMES_property_price_type":"Total","REAL_HOMES_property_price_postfix":"EUR","REAL_HOMES_property_id":"14024","REAL_HOMES_property_size":"120","REAL_HOMES_property_size_postfix":"M2 ","REAL_HOMES_property_bedrooms":"3","REAL_HOMES_property_bathrooms":"2","REAL_HOMES_property_garage":"","REAL_HOMES_additional_details":{"Tipi Pron\u00ebs":"Apartament","Qyteti":"Tirane","\u00c7ertifikat\u00eb Pron\u00ebsie":"Po","\u00c7mimi Negociuesh\u00ebm":"  Po","Kati Pron\u00ebs":"7","Pozicioni Pron\u00ebs":"","Tipi Listimit":"Shitje"},"REAL_HOMES_property_address":"ALI DEM","REAL_HOMES_property_location":"41.328260903811,19.835042953491","REAL_HOMES_attachments":"","REAL_HOMES_agent_display_option":"","REAL_HOMES_agents":"77176","REAL_HOMES_slider_image":"","payment_status":"","REAL_HOMES_tour_video_url":"","REAL_HOMES_tour_video_image":"","REAL_HOMES_property_year_built":"","REAL_HOMES_image_object":"[{\"url\":\"https:\/\/flexie-des.s3.amazonaws.com\/des\/listings\/gallery\/47a7dc221e3bee9280cf7d4f25ffe87d.jpg\",\"thumbnail\":\"https:\/\/flexie-des.s3.amazonaws.com\/des\/listings\/gallery\/47a7dc221e3bee9280cf7d4f25ffe87d_thumb.jpg\",\"name\":\"Screenshot_20230425_134627_Gallery.jpg\",\"type\":\"image\/jpeg\",\"is_default\":1},{\"url\":\"https:\/\/flexie-des.s3.amazonaws.com\/des\/listings\/gallery\/843bbfdc5bc1f2eb59984b17bf601662.jpg\",\"thumbnail\":\"https:\/\/flexie-des.s3.amazonaws.com\/des\/listings\/gallery\/843bbfdc5bc1f2eb59984b17bf601662_thumb.jpg\",\"name\":\"Screenshot_20230425_134607_Gallery.jpg\",\"type\":\"image\/jpeg\"}]","yoast_head":"<!-- This site is optimized with the Yoast SEO Premium plugin v15.2 - https:\/\/yoast.com\/wordpress\/plugins\/seo\/ -->\n<title>SHITET APARTAMENT 2+1+2+VERAND\u00cb, ALI DEMI, TIRAN\u00cb\u203c\ufe0f - DES Real Estate<\/title>\n<meta name=\"robots\" content=\"index, follow, max-snippet:-1, max-image-preview:large, max-video-preview:-1\" \/>\n<link rel=\"canonical\" href=\"https:\/\/desrealestate.al\/sq\/property\/shitet-apartament-212verande-ali-demi-tirane\u203c\ufe0f\/\" \/>\n<meta property=\"og:locale\" content=\"en_GB\" \/>\n<meta property=\"og:type\" content=\"article\" \/>\n<meta property=\"og:title\" content=\"SHITET APARTAMENT 2+1+2+VERAND\u00cb, ALI DEMI, TIRAN\u00cb\u203c\ufe0f - DES Real Estate\" \/>\n<meta property=\"og:description\" content=\"SHITET APARTAMENT 2+1+2+VERAND\u00cb, ALI DEMI, TIRAN\u00cb\u203c\ufe0f Apartamenti ka sip\u00ebrfaqe 120m\u00b2 dhe ndodhet n\u00eb katin e 7 me ashensor Organizimi: Dhom\u00eb Ndenje+Kuzhin\u00eb2 Dhoma Gjumi2 TualeteVerand\u00eb Apartamenti ka kubatur\u00eb shum\u00eb t\u00eb rregullt dhe hap\u00ebsir\u00eb t\u00eb mjaftueshmeMe nj\u00eb Verand\u00eb e cila ju jep nj\u00eb pamje shum\u00eb t\u00eb bukur t\u00eb qytetit Zona n\u00eb t\u00eb cil\u00ebn ndodhet apartamenti \u00ebsht\u00eb nga [&hellip;]\" \/>\n<meta property=\"og:url\" content=\"https:\/\/desrealestate.al\/sq\/property\/shitet-apartament-212verande-ali-demi-tirane\u203c\ufe0f\/\" \/>\n<meta property=\"og:site_name\" content=\"DES Real Estate\" \/>\n<meta property=\"article:publisher\" content=\"https:\/\/www.facebook.com\/DesRealEstate.al\/\" \/>\n<meta property=\"article:modified_time\" content=\"2024-10-15T10:15:03+00:00\" \/>\n<meta property=\"og:image\" content=\"https:\/\/desrealestate.al\/wp-content\/uploads\/2020\/11\/DES-Real-Estate-Logo-Vertikale-fb.jpg\" \/>\n\t<meta property=\"og:image:width\" content=\"1102\" \/>\n\t<meta property=\"og:image:height\" content=\"596\" \/>\n<meta property=\"fb:app_id\" content=\"387924425682656\" \/>\n<meta name=\"twitter:card\" content=\"summary_large_image\" \/>\n<meta name=\"twitter:label1\" value=\"Written by\">\n\t<meta name=\"twitter:data1\" value=\"master\">\n\t<meta name=\"twitter:label2\" value=\"Estimated reading time\">\n\t<meta name=\"twitter:data2\" value=\"0 minutes\">\n<script type=\"application\/ld+json\" class=\"yoast-schema-graph\">{\"@context\":\"https:\/\/schema.org\",\"@graph\":[{\"@type\":\"Organization\",\"@id\":\"https:\/\/desrealestate.al\/sq\/#organization\",\"name\":\"DES Real Estate\",\"url\":\"https:\/\/desrealestate.al\/sq\/\",\"sameAs\":[\"https:\/\/www.facebook.com\/DesRealEstate.al\/\",\"https:\/\/www.instagram.com\/desrealestate.al\/\"],\"logo\":{\"@type\":\"ImageObject\",\"@id\":\"https:\/\/desrealestate.al\/sq\/#logo\",\"inLanguage\":\"en-GB\",\"url\":\"https:\/\/desrealestate.al\/wp-content\/uploads\/2020\/05\/DES-Real-Estate-Logo-Vertikale.png\",\"width\":171,\"height\":115,\"caption\":\"DES Real Estate\"},\"image\":{\"@id\":\"https:\/\/desrealestate.al\/sq\/#logo\"}},{\"@type\":\"WebSite\",\"@id\":\"https:\/\/desrealestate.al\/sq\/#website\",\"url\":\"https:\/\/desrealestate.al\/sq\/\",\"name\":\"DES Real Estate\",\"description\":\"Sht\\u00ebpia \\u00ebsht\\u00eb e para\",\"publisher\":{\"@id\":\"https:\/\/desrealestate.al\/sq\/#organization\"},\"potentialAction\":[{\"@type\":\"SearchAction\",\"target\":\"https:\/\/desrealestate.al\/sq\/?s={search_term_string}\",\"query-input\":\"required name=search_term_string\"}],\"inLanguage\":\"en-GB\"},{\"@type\":\"WebPage\",\"@id\":\"https:\/\/desrealestate.al\/sq\/property\/shitet-apartament-212verande-ali-demi-tirane%e2%80%bc%ef%b8%8f\/#webpage\",\"url\":\"https:\/\/desrealestate.al\/sq\/property\/shitet-apartament-212verande-ali-demi-tirane%e2%80%bc%ef%b8%8f\/\",\"name\":\"SHITET APARTAMENT 2+1+2+VERAND\\u00cb, ALI DEMI, TIRAN\\u00cb\\u203c\\ufe0f - DES Real Estate\",\"isPartOf\":{\"@id\":\"https:\/\/desrealestate.al\/sq\/#website\"},\"datePublished\":\"2023-04-25T12:27:11+00:00\",\"dateModified\":\"2024-10-15T10:15:03+00:00\",\"inLanguage\":\"en-GB\",\"potentialAction\":[{\"@type\":\"ReadAction\",\"target\":[\"https:\/\/desrealestate.al\/sq\/property\/shitet-apartament-212verande-ali-demi-tirane%e2%80%bc%ef%b8%8f\/\"]}]}]}<\/script>\n<!-- \/ Yoast SEO Premium plugin. -->","_links":{"self":[{"href":"https:\/\/desrealestate.al\/en\/wp-json\/wp\/v2\/property-api\/68032"}],"collection":[{"href":"https:\/\/desrealestate.al\/en\/wp-json\/wp\/v2\/property-api"}],"about":[{"href":"https:\/\/desrealestate.al\/en\/wp-json\/wp\/v2\/types\/property"}],"author":[{"embeddable":true,"href":"https:\/\/desrealestate.al\/en\/wp-json\/wp\/v2\/users\/1"}],"replies":[{"embeddable":true,"href":"https:\/\/desrealestate.al\/en\/wp-json\/wp\/v2\/comments?post=68032"}],"version-history":[{"count":2,"href":"https:\/\/desrealestate.al\/en\/wp-json\/wp\/v2\/property-api\/68032\/revisions"}],"predecessor-version":[{"id":74271,"href":"https:\/\/desrealestate.al\/en\/wp-json\/wp\/v2\/property-api\/68032\/revisions\/74271"}],"wp:attachment":[{"href":"https:\/\/desrealestate.al\/en\/wp-json\/wp\/v2\/media?parent=68032"}],"wp:term":[{"taxonomy":"property-type","embeddable":true,"href":"https:\/\/desrealestate.al\/en\/wp-json\/wp\/v2\/property-type-api?post=68032"},{"taxonomy":"property-status","embeddable":true,"href":"https:\/\/desrealestate.al\/en\/wp-json\/wp\/v2\/property-status-api?post=68032"},{"taxonomy":"property-city","embeddable":true,"href":"https:\/\/desrealestate.al\/en\/wp-json\/wp\/v2\/property-city-api?post=68032"},{"taxonomy":"property-feature","embeddable":true,"href":"https:\/\/desrealestate.al\/en\/wp-json\/wp\/v2\/property-feature-api?post=68032"}],"curies":[{"name":"wp","href":"https:\/\/api.w.org\/{rel}","templated":true}]}}

SHITET APARTAMENT 2+1+2+VERANDË, ALI DEMI, TIRANË‼️

<p>SHITET APARTAMENT 2+1+2+VERANDË, ALI DEMI, TIRANË‼️</p>
<p>Apartamenti ka sipërfaqe 120m² dhe ndodhet në katin e 7 me ashensor</p>
<p>Organizimi:</p>
<p>Dhomë Ndenje+Kuzhinë<br />2 Dhoma Gjumi<br />2 Tualete<br />Verandë</p>
<p>Apartamenti ka kubaturë shumë të rregullt dhe hapësirë të mjaftueshme<br />Me një Verandë e cila ju jep një pamje shumë të bukur të qytetit</p>
<p>Zona në të cilën ndodhet apartamenti është nga zonat me kërkesë shumë të lartëℹ️ me një hapësirë të bollshme me shumëllojshmëri shërbimesh dhe aktivitetesh. Apartamenti është një investim ideal për ju dhe familjen tuaj</p>
<p>Apartamenti disponon dokumentacion të rregullt hipotekor</p>
<p>Çmimi: ‼️135.000€/TOTAL‼️</p>
<p>Për më shumë informacion ose një vizitë në pronë kontaktoni:</p>
<p>0694035476</p>

<p>SHITET APARTAMENT 2+1+2+VERANDË, ALI DEMI, TIRANË‼️ Apartamenti ka sipërfaqe 120m² dhe ndodhet në katin e 7 me ashensor Organizimi: Dhomë Ndenje+Kuzhinë2 Dhoma Gjumi2 TualeteVerandë Apartamenti ka kubaturë shumë të rregullt dhe hapësirë të mjaftueshmeMe një Verandë e cila ju jep një pamje shumë të bukur të qytetit Zona në të cilën ndodhet apartamenti është nga [&hellip;]</p>

<!-- This site is optimized with the Yoast SEO Premium plugin v15.2 - https://yoast.com/wordpress/plugins/seo/ -->
<title>SHITET APARTAMENT 2+1+2+VERANDË, ALI DEMI, TIRANË‼️ - DES Real Estate</title>
<meta name="robots" content="index, follow, max-snippet:-1, max-image-preview:large, max-video-preview:-1" />
<link rel="canonical" href="https://desrealestate.al/sq/property/shitet-apartament-212verande-ali-demi-tirane‼️/" />
<meta property="og:locale" content="en_GB" />
<meta property="og:type" content="article" />
<meta property="og:title" content="SHITET APARTAMENT 2+1+2+VERANDË, ALI DEMI, TIRANË‼️ - DES Real Estate" />
<meta property="og:description" content="SHITET APARTAMENT 2+1+2+VERANDË, ALI DEMI, TIRANË‼️ Apartamenti ka sipërfaqe 120m² dhe ndodhet në katin e 7 me ashensor Organizimi: Dhomë Ndenje+Kuzhinë2 Dhoma Gjumi2 TualeteVerandë Apartamenti ka kubaturë shumë të rregullt dhe hapësirë të mjaftueshmeMe një Verandë e cila ju jep një pamje shumë të bukur të qytetit Zona në të cilën ndodhet apartamenti është nga [&hellip;]" />
<meta property="og:url" content="https://desrealestate.al/sq/property/shitet-apartament-212verande-ali-demi-tirane‼️/" />
<meta property="og:site_name" content="DES Real Estate" />
<meta property="article:publisher" content="https://www.facebook.com/DesRealEstate.al/" />
<meta property="article:modified_time" content="2024-10-15T10:15:03+00:00" />
<meta property="og:image" content="https://desrealestate.al/wp-content/uploads/2020/11/DES-Real-Estate-Logo-Vertikale-fb.jpg" />
	<meta property="og:image:width" content="1102" />
	<meta property="og:image:height" content="596" />
<meta property="fb:app_id" content="387924425682656" />
<meta name="twitter:card" content="summary_large_image" />
<meta name="twitter:label1" value="Written by">
	<meta name="twitter:data1" value="master">
	<meta name="twitter:label2" value="Estimated reading time">
	<meta name="twitter:data2" value="0 minutes">
<script type="application/ld+json" class="yoast-schema-graph">{"@context":"https://schema.org","@graph":[{"@type":"Organization","@id":"https://desrealestate.al/sq/#organization","name":"DES Real Estate","url":"https://desrealestate.al/sq/","sameAs":["https://www.facebook.com/DesRealEstate.al/","https://www.instagram.com/desrealestate.al/"],"logo":{"@type":"ImageObject","@id":"https://desrealestate.al/sq/#logo","inLanguage":"en-GB","url":"https://desrealestate.al/wp-content/uploads/2020/05/DES-Real-Estate-Logo-Vertikale.png","width":171,"height":115,"caption":"DES Real Estate"},"image":{"@id":"https://desrealestate.al/sq/#logo"}},{"@type":"WebSite","@id":"https://desrealestate.al/sq/#website","url":"https://desrealestate.al/sq/","name":"DES Real Estate","description":"Sht\u00ebpia \u00ebsht\u00eb e para","publisher":{"@id":"https://desrealestate.al/sq/#organization"},"potentialAction":[{"@type":"SearchAction","target":"https://desrealestate.al/sq/?s={search_term_string}","query-input":"required name=search_term_string"}],"inLanguage":"en-GB"},{"@type":"WebPage","@id":"https://desrealestate.al/sq/property/shitet-apartament-212verande-ali-demi-tirane%e2%80%bc%ef%b8%8f/#webpage","url":"https://desrealestate.al/sq/property/shitet-apartament-212verande-ali-demi-tirane%e2%80%bc%ef%b8%8f/","name":"SHITET APARTAMENT 2+1+2+VERAND\u00cb, ALI DEMI, TIRAN\u00cb\u203c\ufe0f - DES Real Estate","isPartOf":{"@id":"https://desrealestate.al/sq/#website"},"datePublished":"2023-04-25T12:27:11+00:00","dateModified":"2024-10-15T10:15:03+00:00","inLanguage":"en-GB","potentialAction":[{"@type":"ReadAction","target":["https://desrealestate.al/sq/property/shitet-apartament-212verande-ali-demi-tirane%e2%80%bc%ef%b8%8f/"]}]}]}</script>
<!-- / Yoast SEO Premium plugin. -->
