{"id":76274,"date":"2024-08-06T09:27:16","date_gmt":"2024-08-06T09:27:16","guid":{"rendered":"https:\/\/desrealestate.al\/sq\/property\/shiten-apartamente-duplex-ne-lagjen-sul-papri-elbasan\/"},"modified":"2024-11-19T16:01:02","modified_gmt":"2024-11-19T16:01:02","slug":"shiten-apartamente-duplex-ne-lagjen-sul-papri-elbasan","status":"publish","type":"property","link":"https:\/\/desrealestate.al\/en\/property\/shiten-apartamente-duplex-ne-lagjen-sul-papri-elbasan\/","title":{"rendered":"SHITEN APARTAMENTE DUPLEX N\u00cb LAGJEN SUL PAPRI, ELBASAN."},"content":{"rendered":"<p>SHITEN APARTAMENTE DUPLEKS 2 KATE+VERAND\u00cb, ELBASAN.<\/p>\n<p>Apartamentet ndodhen n\u00eb katin e 12 dhe 13, secili prej tyre ka hyrje te vecante,por me komunikim funksional midis tyre me an\u00eb t\u00eb nj\u00eb shkalle spirale.<\/p>\n<p> Sip\u00ebrfaqe Ap.1: 290 m2 <br \/>Sip\u00ebrfaqe Ap.2: 176 m2 <br \/>Sip\u00ebrfaqe Verande: 83 m2 <\/p>\n<p>Aktualisht n\u00eb secilin prej apartamenteve nuk jan\u00eb vendosur dyert e brendshme,priza-celesa,shtresa e dyshemese,veshja e banjave e paisjet h\/sanitare.<\/p>\n<p> Eshte vendosur infrastruktura e ngrohje ftohjes ,me tuba bakri te termoizoluar.<\/p>\n<p> Vetratat,dyert e dritaret jane termike dhe shum\u00eb cilesore.<\/p>\n<p>Cmimi: 650 Eur\/m2. <\/p>\n<p>P\u00ebr m\u00eb shum\u00eb informacione ose nj\u00eb vizit\u00eb n\u00eb pron\u00eb, na kontaktoni!<\/p>\n<p>Kontakt:<br \/>+355692045100<\/p>","protected":false},"excerpt":{"rendered":"<p>SHITEN APARTAMENTE DUPLEKS 2 KATE+VERAND\u00cb, ELBASAN. Apartamentet ndodhen n\u00eb katin e 12 dhe 13, secili prej tyre ka hyrje te vecante,por me komunikim funksional midis tyre me an\u00eb t\u00eb nj\u00eb shkalle spirale. Sip\u00ebrfaqe Ap.1: 290 m2 Sip\u00ebrfaqe Ap.2: 176 m2 Sip\u00ebrfaqe Verande: 83 m2 Aktualisht n\u00eb secilin prej apartamenteve nuk jan\u00eb vendosur dyert e brendshme,priza-celesa,shtresa [&hellip;]<\/p>","protected":false},"author":1,"featured_media":0,"parent":0,"menu_order":0,"comment_status":"closed","ping_status":"closed","template":"","property-type-api":[38],"property-status-api":[25],"property-city-api":[48,349],"property-feature-api":[17],"class_list":["post-76274","property","type-property","status-publish","hentry","property-type-apartament","property-status-for-sale","property-city-elbasan","property-city-shqiperi","property-feature-ashensor"],"REAL_HOMES_property_price":"650","REAL_HOMES_property_price_type":"m2","REAL_HOMES_property_price_postfix":"EUR","REAL_HOMES_property_id":"16158","REAL_HOMES_property_size":"","REAL_HOMES_property_size_postfix":"","REAL_HOMES_property_bedrooms":"7","REAL_HOMES_property_bathrooms":"5","REAL_HOMES_property_garage":"","REAL_HOMES_additional_details":{"Tipi Pron\u00ebs":"Apartament","Qyteti":"Elbasan","\u00c7ertifikat\u00eb Pron\u00ebsie":"Po","\u00c7mimi Negociuesh\u00ebm":"  Po","Kati Pron\u00ebs":"12","Pozicioni Pron\u00ebs":"Jug","Tipi Listimit":"Shitje"},"REAL_HOMES_property_address":"SUL PAPRI","REAL_HOMES_property_location":"41.110332642807,20.079462303869","REAL_HOMES_attachments":"","REAL_HOMES_agent_display_option":"","REAL_HOMES_agents":"26964","REAL_HOMES_slider_image":"","payment_status":"","REAL_HOMES_tour_video_url":"","REAL_HOMES_tour_video_image":"","REAL_HOMES_property_year_built":"","REAL_HOMES_image_object":"[{\"url\":\"https:\/\/flexie-des.s3.amazonaws.com\/des\/listings\/gallery\/855834a78a2a1077c16d2203b81a6cd9.jfif\",\"thumbnail\":\"https:\/\/flexie-des.s3.amazonaws.com\/des\/listings\/gallery\/855834a78a2a1077c16d2203b81a6cd9_thumb.jfif\",\"name\":\"19166017-6803-44c3-874f-6720b647122b.jfif\",\"type\":\"image\/jpeg\",\"is_default\":1},{\"url\":\"https:\/\/flexie-des.s3.amazonaws.com\/des\/listings\/gallery\/b4aa1100302da91a1171228bc401e7b2.jfif\",\"thumbnail\":\"https:\/\/flexie-des.s3.amazonaws.com\/des\/listings\/gallery\/b4aa1100302da91a1171228bc401e7b2_thumb.jfif\",\"name\":\"c726f0c6-4d2c-4928-ab80-7fdd2ea4d1a4.jfif\",\"type\":\"image\/jpeg\"},{\"url\":\"https:\/\/flexie-des.s3.amazonaws.com\/des\/listings\/gallery\/f08e73844881f93c481fb0766f7e861d.jfif\",\"thumbnail\":\"https:\/\/flexie-des.s3.amazonaws.com\/des\/listings\/gallery\/f08e73844881f93c481fb0766f7e861d_thumb.jfif\",\"name\":\"ddb65f85-6c79-4270-81d3-8bb511504695.jfif\",\"type\":\"image\/jpeg\"},{\"url\":\"https:\/\/flexie-des.s3.amazonaws.com\/des\/listings\/gallery\/759c10a3b4a66def4111f96be2d1e9bb.jfif\",\"thumbnail\":\"https:\/\/flexie-des.s3.amazonaws.com\/des\/listings\/gallery\/759c10a3b4a66def4111f96be2d1e9bb_thumb.jfif\",\"name\":\"5164bef3-d0bf-4826-8460-c632b17f5a48.jfif\",\"type\":\"image\/jpeg\"},{\"url\":\"https:\/\/flexie-des.s3.amazonaws.com\/des\/listings\/gallery\/bbbf046c847d48f3edc1b17d14255c5b.jfif\",\"thumbnail\":\"https:\/\/flexie-des.s3.amazonaws.com\/des\/listings\/gallery\/bbbf046c847d48f3edc1b17d14255c5b_thumb.jfif\",\"name\":\"92dbc924-4b31-44d9-89ee-8a575a8aabff.jfif\",\"type\":\"image\/jpeg\"},{\"url\":\"https:\/\/flexie-des.s3.amazonaws.com\/des\/listings\/gallery\/b824d41afeeda0dc2ad7c057fdbf3a94.jfif\",\"thumbnail\":\"https:\/\/flexie-des.s3.amazonaws.com\/des\/listings\/gallery\/b824d41afeeda0dc2ad7c057fdbf3a94_thumb.jfif\",\"name\":\"a3ab8724-674f-464a-8d10-d81112036ebf.jfif\",\"type\":\"image\/jpeg\"}]","yoast_head":"<!-- This site is optimized with the Yoast SEO Premium plugin v15.2 - https:\/\/yoast.com\/wordpress\/plugins\/seo\/ -->\n<title>SHITEN APARTAMENTE DUPLEX N\u00cb LAGJEN SUL PAPRI, ELBASAN. - DES Real Estate<\/title>\n<meta name=\"robots\" content=\"index, follow, max-snippet:-1, max-image-preview:large, max-video-preview:-1\" \/>\n<link rel=\"canonical\" href=\"https:\/\/desrealestate.al\/sq\/property\/shiten-apartamente-duplex-ne-lagjen-sul-papri-elbasan\/\" \/>\n<meta property=\"og:locale\" content=\"en_GB\" \/>\n<meta property=\"og:type\" content=\"article\" \/>\n<meta property=\"og:title\" content=\"SHITEN APARTAMENTE DUPLEX N\u00cb LAGJEN SUL PAPRI, ELBASAN. - DES Real Estate\" \/>\n<meta property=\"og:description\" content=\"SHITEN APARTAMENTE DUPLEKS 2 KATE+VERAND\u00cb, ELBASAN. Apartamentet ndodhen n\u00eb katin e 12 dhe 13, secili prej tyre ka hyrje te vecante,por me komunikim funksional midis tyre me an\u00eb t\u00eb nj\u00eb shkalle spirale. Sip\u00ebrfaqe Ap.1: 290 m2 Sip\u00ebrfaqe Ap.2: 176 m2 Sip\u00ebrfaqe Verande: 83 m2 Aktualisht n\u00eb secilin prej apartamenteve nuk jan\u00eb vendosur dyert e brendshme,priza-celesa,shtresa [&hellip;]\" \/>\n<meta property=\"og:url\" content=\"https:\/\/desrealestate.al\/sq\/property\/shiten-apartamente-duplex-ne-lagjen-sul-papri-elbasan\/\" \/>\n<meta property=\"og:site_name\" content=\"DES Real Estate\" \/>\n<meta property=\"article:publisher\" content=\"https:\/\/www.facebook.com\/DesRealEstate.al\/\" \/>\n<meta property=\"article:modified_time\" content=\"2024-11-19T16:01:02+00:00\" \/>\n<meta property=\"og:image\" content=\"https:\/\/desrealestate.al\/wp-content\/uploads\/2020\/11\/DES-Real-Estate-Logo-Vertikale-fb.jpg\" \/>\n\t<meta property=\"og:image:width\" content=\"1102\" \/>\n\t<meta property=\"og:image:height\" content=\"596\" \/>\n<meta property=\"fb:app_id\" content=\"387924425682656\" \/>\n<meta name=\"twitter:card\" content=\"summary_large_image\" \/>\n<meta name=\"twitter:label1\" value=\"Written by\">\n\t<meta name=\"twitter:data1\" value=\"master\">\n\t<meta name=\"twitter:label2\" value=\"Estimated reading time\">\n\t<meta name=\"twitter:data2\" value=\"0 minutes\">\n<script type=\"application\/ld+json\" class=\"yoast-schema-graph\">{\"@context\":\"https:\/\/schema.org\",\"@graph\":[{\"@type\":\"Organization\",\"@id\":\"https:\/\/desrealestate.al\/sq\/#organization\",\"name\":\"DES Real Estate\",\"url\":\"https:\/\/desrealestate.al\/sq\/\",\"sameAs\":[\"https:\/\/www.facebook.com\/DesRealEstate.al\/\",\"https:\/\/www.instagram.com\/desrealestate.al\/\"],\"logo\":{\"@type\":\"ImageObject\",\"@id\":\"https:\/\/desrealestate.al\/sq\/#logo\",\"inLanguage\":\"en-GB\",\"url\":\"https:\/\/desrealestate.al\/wp-content\/uploads\/2020\/05\/DES-Real-Estate-Logo-Vertikale.png\",\"width\":171,\"height\":115,\"caption\":\"DES Real Estate\"},\"image\":{\"@id\":\"https:\/\/desrealestate.al\/sq\/#logo\"}},{\"@type\":\"WebSite\",\"@id\":\"https:\/\/desrealestate.al\/sq\/#website\",\"url\":\"https:\/\/desrealestate.al\/sq\/\",\"name\":\"DES Real Estate\",\"description\":\"Sht\\u00ebpia \\u00ebsht\\u00eb e para\",\"publisher\":{\"@id\":\"https:\/\/desrealestate.al\/sq\/#organization\"},\"potentialAction\":[{\"@type\":\"SearchAction\",\"target\":\"https:\/\/desrealestate.al\/sq\/?s={search_term_string}\",\"query-input\":\"required name=search_term_string\"}],\"inLanguage\":\"en-GB\"},{\"@type\":\"WebPage\",\"@id\":\"https:\/\/desrealestate.al\/sq\/property\/shiten-apartamente-duplex-ne-lagjen-sul-papri-elbasan\/#webpage\",\"url\":\"https:\/\/desrealestate.al\/sq\/property\/shiten-apartamente-duplex-ne-lagjen-sul-papri-elbasan\/\",\"name\":\"SHITEN APARTAMENTE DUPLEX N\\u00cb LAGJEN SUL PAPRI, ELBASAN. - DES Real Estate\",\"isPartOf\":{\"@id\":\"https:\/\/desrealestate.al\/sq\/#website\"},\"datePublished\":\"2024-08-06T09:27:16+00:00\",\"dateModified\":\"2024-11-19T16:01:02+00:00\",\"inLanguage\":\"en-GB\",\"potentialAction\":[{\"@type\":\"ReadAction\",\"target\":[\"https:\/\/desrealestate.al\/sq\/property\/shiten-apartamente-duplex-ne-lagjen-sul-papri-elbasan\/\"]}]}]}<\/script>\n<!-- \/ Yoast SEO Premium plugin. -->","_links":{"self":[{"href":"https:\/\/desrealestate.al\/en\/wp-json\/wp\/v2\/property-api\/76274"}],"collection":[{"href":"https:\/\/desrealestate.al\/en\/wp-json\/wp\/v2\/property-api"}],"about":[{"href":"https:\/\/desrealestate.al\/en\/wp-json\/wp\/v2\/types\/property"}],"author":[{"embeddable":true,"href":"https:\/\/desrealestate.al\/en\/wp-json\/wp\/v2\/users\/1"}],"replies":[{"embeddable":true,"href":"https:\/\/desrealestate.al\/en\/wp-json\/wp\/v2\/comments?post=76274"}],"version-history":[{"count":0,"href":"https:\/\/desrealestate.al\/en\/wp-json\/wp\/v2\/property-api\/76274\/revisions"}],"wp:attachment":[{"href":"https:\/\/desrealestate.al\/en\/wp-json\/wp\/v2\/media?parent=76274"}],"wp:term":[{"taxonomy":"property-type","embeddable":true,"href":"https:\/\/desrealestate.al\/en\/wp-json\/wp\/v2\/property-type-api?post=76274"},{"taxonomy":"property-status","embeddable":true,"href":"https:\/\/desrealestate.al\/en\/wp-json\/wp\/v2\/property-status-api?post=76274"},{"taxonomy":"property-city","embeddable":true,"href":"https:\/\/desrealestate.al\/en\/wp-json\/wp\/v2\/property-city-api?post=76274"},{"taxonomy":"property-feature","embeddable":true,"href":"https:\/\/desrealestate.al\/en\/wp-json\/wp\/v2\/property-feature-api?post=76274"}],"curies":[{"name":"wp","href":"https:\/\/api.w.org\/{rel}","templated":true}]}}

SHITEN APARTAMENTE DUPLEX NË LAGJEN SUL PAPRI, ELBASAN.

<p>SHITEN APARTAMENTE DUPLEKS 2 KATE+VERANDË, ELBASAN.</p>
<p>Apartamentet ndodhen në katin e 12 dhe 13, secili prej tyre ka hyrje te vecante,por me komunikim funksional midis tyre me anë të një shkalle spirale.</p>
<p> Sipërfaqe Ap.1: 290 m2 <br />Sipërfaqe Ap.2: 176 m2 <br />Sipërfaqe Verande: 83 m2 </p>
<p>Aktualisht në secilin prej apartamenteve nuk janë vendosur dyert e brendshme,priza-celesa,shtresa e dyshemese,veshja e banjave e paisjet h/sanitare.</p>
<p> Eshte vendosur infrastruktura e ngrohje ftohjes ,me tuba bakri te termoizoluar.</p>
<p> Vetratat,dyert e dritaret jane termike dhe shumë cilesore.</p>
<p>Cmimi: 650 Eur/m2. </p>
<p>Për më shumë informacione ose një vizitë në pronë, na kontaktoni!</p>
<p>Kontakt:<br />+355692045100</p>

<p>SHITEN APARTAMENTE DUPLEKS 2 KATE+VERANDË, ELBASAN. Apartamentet ndodhen në katin e 12 dhe 13, secili prej tyre ka hyrje te vecante,por me komunikim funksional midis tyre me anë të një shkalle spirale. Sipërfaqe Ap.1: 290 m2 Sipërfaqe Ap.2: 176 m2 Sipërfaqe Verande: 83 m2 Aktualisht në secilin prej apartamenteve nuk janë vendosur dyert e brendshme,priza-celesa,shtresa [&hellip;]</p>

<!-- This site is optimized with the Yoast SEO Premium plugin v15.2 - https://yoast.com/wordpress/plugins/seo/ -->
<title>SHITEN APARTAMENTE DUPLEX NË LAGJEN SUL PAPRI, ELBASAN. - DES Real Estate</title>
<meta name="robots" content="index, follow, max-snippet:-1, max-image-preview:large, max-video-preview:-1" />
<link rel="canonical" href="https://desrealestate.al/sq/property/shiten-apartamente-duplex-ne-lagjen-sul-papri-elbasan/" />
<meta property="og:locale" content="en_GB" />
<meta property="og:type" content="article" />
<meta property="og:title" content="SHITEN APARTAMENTE DUPLEX NË LAGJEN SUL PAPRI, ELBASAN. - DES Real Estate" />
<meta property="og:description" content="SHITEN APARTAMENTE DUPLEKS 2 KATE+VERANDË, ELBASAN. Apartamentet ndodhen në katin e 12 dhe 13, secili prej tyre ka hyrje te vecante,por me komunikim funksional midis tyre me anë të një shkalle spirale. Sipërfaqe Ap.1: 290 m2 Sipërfaqe Ap.2: 176 m2 Sipërfaqe Verande: 83 m2 Aktualisht në secilin prej apartamenteve nuk janë vendosur dyert e brendshme,priza-celesa,shtresa [&hellip;]" />
<meta property="og:url" content="https://desrealestate.al/sq/property/shiten-apartamente-duplex-ne-lagjen-sul-papri-elbasan/" />
<meta property="og:site_name" content="DES Real Estate" />
<meta property="article:publisher" content="https://www.facebook.com/DesRealEstate.al/" />
<meta property="article:modified_time" content="2024-11-19T16:01:02+00:00" />
<meta property="og:image" content="https://desrealestate.al/wp-content/uploads/2020/11/DES-Real-Estate-Logo-Vertikale-fb.jpg" />
	<meta property="og:image:width" content="1102" />
	<meta property="og:image:height" content="596" />
<meta property="fb:app_id" content="387924425682656" />
<meta name="twitter:card" content="summary_large_image" />
<meta name="twitter:label1" value="Written by">
	<meta name="twitter:data1" value="master">
	<meta name="twitter:label2" value="Estimated reading time">
	<meta name="twitter:data2" value="0 minutes">
<script type="application/ld+json" class="yoast-schema-graph">{"@context":"https://schema.org","@graph":[{"@type":"Organization","@id":"https://desrealestate.al/sq/#organization","name":"DES Real Estate","url":"https://desrealestate.al/sq/","sameAs":["https://www.facebook.com/DesRealEstate.al/","https://www.instagram.com/desrealestate.al/"],"logo":{"@type":"ImageObject","@id":"https://desrealestate.al/sq/#logo","inLanguage":"en-GB","url":"https://desrealestate.al/wp-content/uploads/2020/05/DES-Real-Estate-Logo-Vertikale.png","width":171,"height":115,"caption":"DES Real Estate"},"image":{"@id":"https://desrealestate.al/sq/#logo"}},{"@type":"WebSite","@id":"https://desrealestate.al/sq/#website","url":"https://desrealestate.al/sq/","name":"DES Real Estate","description":"Sht\u00ebpia \u00ebsht\u00eb e para","publisher":{"@id":"https://desrealestate.al/sq/#organization"},"potentialAction":[{"@type":"SearchAction","target":"https://desrealestate.al/sq/?s={search_term_string}","query-input":"required name=search_term_string"}],"inLanguage":"en-GB"},{"@type":"WebPage","@id":"https://desrealestate.al/sq/property/shiten-apartamente-duplex-ne-lagjen-sul-papri-elbasan/#webpage","url":"https://desrealestate.al/sq/property/shiten-apartamente-duplex-ne-lagjen-sul-papri-elbasan/","name":"SHITEN APARTAMENTE DUPLEX N\u00cb LAGJEN SUL PAPRI, ELBASAN. - DES Real Estate","isPartOf":{"@id":"https://desrealestate.al/sq/#website"},"datePublished":"2024-08-06T09:27:16+00:00","dateModified":"2024-11-19T16:01:02+00:00","inLanguage":"en-GB","potentialAction":[{"@type":"ReadAction","target":["https://desrealestate.al/sq/property/shiten-apartamente-duplex-ne-lagjen-sul-papri-elbasan/"]}]}]}</script>
<!-- / Yoast SEO Premium plugin. -->
