{"id":79264,"date":"2025-03-17T10:55:38","date_gmt":"2025-03-17T10:55:38","guid":{"rendered":"https:\/\/desrealestate.al\/sq\/property\/shitet-ambjent-biznesi-ne-lagjen-beqir-dardha-elbasan\/"},"modified":"2025-03-17T10:56:36","modified_gmt":"2025-03-17T10:56:36","slug":"shitet-ambjent-biznesi-ne-lagjen-beqir-dardha-elbasan","status":"publish","type":"property","link":"https:\/\/desrealestate.al\/en\/property\/shitet-ambjent-biznesi-ne-lagjen-beqir-dardha-elbasan\/","title":{"rendered":"SHITET AMBJENT BIZNESI N\u00cb LAGJEN \u2018BEQIR DARDHA\u2019 , ELBASAN."},"content":{"rendered":"<p>SHITET AMBJENT BIZNESI N\u00cb LAGJEN \u2018BEQIR DARDHA\u2019 , ELBASAN.<\/p>\n<p>\ud83c\udff7 \u00c7mimi : 105OOO Euro\/total.<\/p>\n<p>\ud83d\udcd0 Ambienti ndodhet n\u00eb katin e par\u00eb dhe ka nj\u00eb sip\u00ebrfaqe prej 48 m2 nj\u00ebsi dhe 58 m2 truall.<\/p>\n<p>\ud83d\udccd Vendodhja: Beqir Dardha, Elbasan.<\/p>\n<p>\ud83c\udfea \u00cbsht\u00eb e organizuar n\u00eb 1 ambient, 1 tualet funksional dhe ambientin e jasht\u00ebm .<\/p>\n<p>\ud83d\udee3 Leht\u00ebsisht i aksesuesh\u00ebm.<br \/>\ud83d\udee3 Ndodhet ne rrug\u00eb kryesore.<\/p>\n<p>\ud83d\udccd Vendndodhja e tij \u00ebsht\u00eb nj\u00eb mund\u00ebsi shum\u00eb e mir\u00eb p\u00ebr t\u00eb zhvilluar aktivitetin.<\/p>\n<p>\ud83d\udcbc Ambienti \u00ebsht\u00eb i p\u00ebrshtatsh\u00ebm p\u00ebr biznese t\u00eb ndryshme,momentalisht i dh\u00ebn\u00eb me qira.<\/p>\n<p>\u2139\ufe0fPe\u0308r me\u0308 shume\u0308 informacion ose nje\u0308 vizite\u0308 ne\u0308 prone\u0308 na kontaktoni<br \/>\ud83d\udcf2 +355 69 703 22 45<\/p>","protected":false},"excerpt":{"rendered":"<p>SHITET AMBJENT BIZNESI N\u00cb LAGJEN \u2018BEQIR DARDHA\u2019 , ELBASAN. \ud83c\udff7 \u00c7mimi : 105OOO Euro\/total. \ud83d\udcd0 Ambienti ndodhet n\u00eb katin e par\u00eb dhe ka nj\u00eb sip\u00ebrfaqe prej 48 m2 nj\u00ebsi dhe 58 m2 truall. \ud83d\udccd Vendodhja: Beqir Dardha, Elbasan. \ud83c\udfea \u00cbsht\u00eb e organizuar n\u00eb 1 ambient, 1 tualet funksional dhe ambientin e jasht\u00ebm . \ud83d\udee3 Leht\u00ebsisht [&hellip;]<\/p>","protected":false},"author":1,"featured_media":0,"parent":0,"menu_order":0,"comment_status":"closed","ping_status":"closed","template":"","property-type-api":[330],"property-status-api":[25],"property-city-api":[48,349],"property-feature-api":[],"class_list":["post-79264","property","type-property","status-publish","hentry","property-type-ambjent-biznesi","property-status-for-sale","property-city-elbasan","property-city-shqiperi"],"REAL_HOMES_property_price":"105000","REAL_HOMES_property_price_type":"Total","REAL_HOMES_property_price_postfix":"EUR","REAL_HOMES_property_id":"16975","REAL_HOMES_property_size":"58","REAL_HOMES_property_size_postfix":"M2 ","REAL_HOMES_property_bedrooms":"","REAL_HOMES_property_bathrooms":"1","REAL_HOMES_property_garage":"","REAL_HOMES_additional_details":{"Tipi Pron\u00ebs":"Ambjent Biznesi","Qyteti":"Elbasan","\u00c7ertifikat\u00eb Pron\u00ebsie":"Po","\u00c7mimi Negociuesh\u00ebm":"  Po","Kati Pron\u00ebs":"1","Pozicioni Pron\u00ebs":"Jug","Tipi Listimit":"Shitje"},"REAL_HOMES_property_address":"BEQIR DARDHA","REAL_HOMES_property_location":"41.112917804246,20.087622439233","REAL_HOMES_attachments":"","REAL_HOMES_agent_display_option":"","REAL_HOMES_agents":"26964","REAL_HOMES_slider_image":"","payment_status":"","REAL_HOMES_tour_video_url":"","REAL_HOMES_tour_video_image":"","REAL_HOMES_property_year_built":"","REAL_HOMES_image_object":"[{\"url\":\"https:\/\/flexie-des.s3.amazonaws.com\/des\/listings\/gallery\/f63f3f51c3f75fac0659a026624002de.jpg\",\"thumbnail\":\"https:\/\/flexie-des.s3.amazonaws.com\/des\/listings\/gallery\/f63f3f51c3f75fac0659a026624002de_thumb.jpg\",\"name\":\"d2e73062-dc6f-4a3e-a607-03697655fccd.jpg\",\"type\":\"image\/jpeg\",\"is_default\":1},{\"url\":\"https:\/\/flexie-des.s3.amazonaws.com\/des\/listings\/gallery\/f87020245822e09a71aa0a1ed7619166.jpg\",\"thumbnail\":\"https:\/\/flexie-des.s3.amazonaws.com\/des\/listings\/gallery\/f87020245822e09a71aa0a1ed7619166_thumb.jpg\",\"name\":\"70913954-6d2a-4bc4-a5c0-bbd1c4cbfda0.jpg\",\"type\":\"image\/jpeg\"},{\"url\":\"https:\/\/flexie-des.s3.amazonaws.com\/des\/listings\/gallery\/1c8cf985baaa62d298b551ced280e699.jpg\",\"thumbnail\":\"https:\/\/flexie-des.s3.amazonaws.com\/des\/listings\/gallery\/1c8cf985baaa62d298b551ced280e699_thumb.jpg\",\"name\":\"9818e8e0-2fa4-47cb-9be9-1ae31cf46659.jpg\",\"type\":\"image\/jpeg\"},{\"url\":\"https:\/\/flexie-des.s3.amazonaws.com\/des\/listings\/gallery\/71cc5b4bb8e034419a519973a445ea3f.jpg\",\"thumbnail\":\"https:\/\/flexie-des.s3.amazonaws.com\/des\/listings\/gallery\/71cc5b4bb8e034419a519973a445ea3f_thumb.jpg\",\"name\":\"39f646c3-7e20-439b-a62d-23525b54f43c.jpg\",\"type\":\"image\/jpeg\"},{\"url\":\"https:\/\/flexie-des.s3.amazonaws.com\/des\/listings\/gallery\/31c73c16c6b7fa6643fa0201ab53e39e.jpg\",\"thumbnail\":\"https:\/\/flexie-des.s3.amazonaws.com\/des\/listings\/gallery\/31c73c16c6b7fa6643fa0201ab53e39e_thumb.jpg\",\"name\":\"57265271-fe24-4e50-916a-bb68560c2c67.jpg\",\"type\":\"image\/jpeg\"}]","yoast_head":"<!-- This site is optimized with the Yoast SEO Premium plugin v15.2 - https:\/\/yoast.com\/wordpress\/plugins\/seo\/ -->\n<title>SHITET AMBJENT BIZNESI N\u00cb LAGJEN \u2018BEQIR DARDHA\u2019 , ELBASAN. - DES Real Estate<\/title>\n<meta name=\"robots\" content=\"index, follow, max-snippet:-1, max-image-preview:large, max-video-preview:-1\" \/>\n<link rel=\"canonical\" href=\"https:\/\/desrealestate.al\/sq\/property\/shitet-ambjent-biznesi-ne-lagjen-beqir-dardha-elbasan\/\" \/>\n<meta property=\"og:locale\" content=\"en_GB\" \/>\n<meta property=\"og:type\" content=\"article\" \/>\n<meta property=\"og:title\" content=\"SHITET AMBJENT BIZNESI N\u00cb LAGJEN \u2018BEQIR DARDHA\u2019 , ELBASAN. - DES Real Estate\" \/>\n<meta property=\"og:description\" content=\"SHITET AMBJENT BIZNESI N\u00cb LAGJEN \u2018BEQIR DARDHA\u2019 , ELBASAN. \ud83c\udff7 \u00c7mimi : 105OOO Euro\/total. \ud83d\udcd0 Ambienti ndodhet n\u00eb katin e par\u00eb dhe ka nj\u00eb sip\u00ebrfaqe prej 48 m2 nj\u00ebsi dhe 58 m2 truall. \ud83d\udccd Vendodhja: Beqir Dardha, Elbasan. \ud83c\udfea \u00cbsht\u00eb e organizuar n\u00eb 1 ambient, 1 tualet funksional dhe ambientin e jasht\u00ebm . \ud83d\udee3 Leht\u00ebsisht [&hellip;]\" \/>\n<meta property=\"og:url\" content=\"https:\/\/desrealestate.al\/sq\/property\/shitet-ambjent-biznesi-ne-lagjen-beqir-dardha-elbasan\/\" \/>\n<meta property=\"og:site_name\" content=\"DES Real Estate\" \/>\n<meta property=\"article:publisher\" content=\"https:\/\/www.facebook.com\/DesRealEstate.al\/\" \/>\n<meta property=\"article:modified_time\" content=\"2025-03-17T10:56:36+00:00\" \/>\n<meta property=\"og:image\" content=\"https:\/\/desrealestate.al\/wp-content\/uploads\/2020\/11\/DES-Real-Estate-Logo-Vertikale-fb.jpg\" \/>\n\t<meta property=\"og:image:width\" content=\"1102\" \/>\n\t<meta property=\"og:image:height\" content=\"596\" \/>\n<meta property=\"fb:app_id\" content=\"387924425682656\" \/>\n<meta name=\"twitter:card\" content=\"summary_large_image\" \/>\n<meta name=\"twitter:label1\" value=\"Written by\">\n\t<meta name=\"twitter:data1\" value=\"master\">\n\t<meta name=\"twitter:label2\" value=\"Estimated reading time\">\n\t<meta name=\"twitter:data2\" value=\"0 minutes\">\n<script type=\"application\/ld+json\" class=\"yoast-schema-graph\">{\"@context\":\"https:\/\/schema.org\",\"@graph\":[{\"@type\":\"Organization\",\"@id\":\"https:\/\/desrealestate.al\/sq\/#organization\",\"name\":\"DES Real Estate\",\"url\":\"https:\/\/desrealestate.al\/sq\/\",\"sameAs\":[\"https:\/\/www.facebook.com\/DesRealEstate.al\/\",\"https:\/\/www.instagram.com\/desrealestate.al\/\"],\"logo\":{\"@type\":\"ImageObject\",\"@id\":\"https:\/\/desrealestate.al\/sq\/#logo\",\"inLanguage\":\"en-GB\",\"url\":\"https:\/\/desrealestate.al\/wp-content\/uploads\/2020\/05\/DES-Real-Estate-Logo-Vertikale.png\",\"width\":171,\"height\":115,\"caption\":\"DES Real Estate\"},\"image\":{\"@id\":\"https:\/\/desrealestate.al\/sq\/#logo\"}},{\"@type\":\"WebSite\",\"@id\":\"https:\/\/desrealestate.al\/sq\/#website\",\"url\":\"https:\/\/desrealestate.al\/sq\/\",\"name\":\"DES Real Estate\",\"description\":\"Sht\\u00ebpia \\u00ebsht\\u00eb e para\",\"publisher\":{\"@id\":\"https:\/\/desrealestate.al\/sq\/#organization\"},\"potentialAction\":[{\"@type\":\"SearchAction\",\"target\":\"https:\/\/desrealestate.al\/sq\/?s={search_term_string}\",\"query-input\":\"required name=search_term_string\"}],\"inLanguage\":\"en-GB\"},{\"@type\":\"WebPage\",\"@id\":\"https:\/\/desrealestate.al\/sq\/property\/shitet-ambjent-biznesi-ne-lagjen-beqir-dardha-elbasan\/#webpage\",\"url\":\"https:\/\/desrealestate.al\/sq\/property\/shitet-ambjent-biznesi-ne-lagjen-beqir-dardha-elbasan\/\",\"name\":\"SHITET AMBJENT BIZNESI N\\u00cb LAGJEN \\u2018BEQIR DARDHA\\u2019 , ELBASAN. - DES Real Estate\",\"isPartOf\":{\"@id\":\"https:\/\/desrealestate.al\/sq\/#website\"},\"datePublished\":\"2025-03-17T10:55:38+00:00\",\"dateModified\":\"2025-03-17T10:56:36+00:00\",\"inLanguage\":\"en-GB\",\"potentialAction\":[{\"@type\":\"ReadAction\",\"target\":[\"https:\/\/desrealestate.al\/sq\/property\/shitet-ambjent-biznesi-ne-lagjen-beqir-dardha-elbasan\/\"]}]}]}<\/script>\n<!-- \/ Yoast SEO Premium plugin. -->","_links":{"self":[{"href":"https:\/\/desrealestate.al\/en\/wp-json\/wp\/v2\/property-api\/79264"}],"collection":[{"href":"https:\/\/desrealestate.al\/en\/wp-json\/wp\/v2\/property-api"}],"about":[{"href":"https:\/\/desrealestate.al\/en\/wp-json\/wp\/v2\/types\/property"}],"author":[{"embeddable":true,"href":"https:\/\/desrealestate.al\/en\/wp-json\/wp\/v2\/users\/1"}],"replies":[{"embeddable":true,"href":"https:\/\/desrealestate.al\/en\/wp-json\/wp\/v2\/comments?post=79264"}],"version-history":[{"count":0,"href":"https:\/\/desrealestate.al\/en\/wp-json\/wp\/v2\/property-api\/79264\/revisions"}],"wp:attachment":[{"href":"https:\/\/desrealestate.al\/en\/wp-json\/wp\/v2\/media?parent=79264"}],"wp:term":[{"taxonomy":"property-type","embeddable":true,"href":"https:\/\/desrealestate.al\/en\/wp-json\/wp\/v2\/property-type-api?post=79264"},{"taxonomy":"property-status","embeddable":true,"href":"https:\/\/desrealestate.al\/en\/wp-json\/wp\/v2\/property-status-api?post=79264"},{"taxonomy":"property-city","embeddable":true,"href":"https:\/\/desrealestate.al\/en\/wp-json\/wp\/v2\/property-city-api?post=79264"},{"taxonomy":"property-feature","embeddable":true,"href":"https:\/\/desrealestate.al\/en\/wp-json\/wp\/v2\/property-feature-api?post=79264"}],"curies":[{"name":"wp","href":"https:\/\/api.w.org\/{rel}","templated":true}]}}

SHITET AMBJENT BIZNESI NË LAGJEN ‘BEQIR DARDHA’ , ELBASAN.

<p>SHITET AMBJENT BIZNESI NË LAGJEN ‘BEQIR DARDHA’ , ELBASAN.</p>
<p>🏷 Çmimi : 105OOO Euro/total.</p>
<p>📐 Ambienti ndodhet në katin e parë dhe ka një sipërfaqe prej 48 m2 njësi dhe 58 m2 truall.</p>
<p>📍 Vendodhja: Beqir Dardha, Elbasan.</p>
<p>🏪 Është e organizuar në 1 ambient, 1 tualet funksional dhe ambientin e jashtëm .</p>
<p>🛣 Lehtësisht i aksesueshëm.<br />🛣 Ndodhet ne rrugë kryesore.</p>
<p>📍 Vendndodhja e tij është një mundësi shumë e mirë për të zhvilluar aktivitetin.</p>
<p>💼 Ambienti është i përshtatshëm për biznese të ndryshme,momentalisht i dhënë me qira.</p>
<p>ℹ️Për më shumë informacion ose një vizitë në pronë na kontaktoni<br />📲 +355 69 703 22 45</p>

<p>SHITET AMBJENT BIZNESI NË LAGJEN ‘BEQIR DARDHA’ , ELBASAN. 🏷 Çmimi : 105OOO Euro/total. 📐 Ambienti ndodhet në katin e parë dhe ka një sipërfaqe prej 48 m2 njësi dhe 58 m2 truall. 📍 Vendodhja: Beqir Dardha, Elbasan. 🏪 Është e organizuar në 1 ambient, 1 tualet funksional dhe ambientin e jashtëm . 🛣 Lehtësisht [&hellip;]</p>

<!-- This site is optimized with the Yoast SEO Premium plugin v15.2 - https://yoast.com/wordpress/plugins/seo/ -->
<title>SHITET AMBJENT BIZNESI NË LAGJEN ‘BEQIR DARDHA’ , ELBASAN. - DES Real Estate</title>
<meta name="robots" content="index, follow, max-snippet:-1, max-image-preview:large, max-video-preview:-1" />
<link rel="canonical" href="https://desrealestate.al/sq/property/shitet-ambjent-biznesi-ne-lagjen-beqir-dardha-elbasan/" />
<meta property="og:locale" content="en_GB" />
<meta property="og:type" content="article" />
<meta property="og:title" content="SHITET AMBJENT BIZNESI NË LAGJEN ‘BEQIR DARDHA’ , ELBASAN. - DES Real Estate" />
<meta property="og:description" content="SHITET AMBJENT BIZNESI NË LAGJEN ‘BEQIR DARDHA’ , ELBASAN. 🏷 Çmimi : 105OOO Euro/total. 📐 Ambienti ndodhet në katin e parë dhe ka një sipërfaqe prej 48 m2 njësi dhe 58 m2 truall. 📍 Vendodhja: Beqir Dardha, Elbasan. 🏪 Është e organizuar në 1 ambient, 1 tualet funksional dhe ambientin e jashtëm . 🛣 Lehtësisht [&hellip;]" />
<meta property="og:url" content="https://desrealestate.al/sq/property/shitet-ambjent-biznesi-ne-lagjen-beqir-dardha-elbasan/" />
<meta property="og:site_name" content="DES Real Estate" />
<meta property="article:publisher" content="https://www.facebook.com/DesRealEstate.al/" />
<meta property="article:modified_time" content="2025-03-17T10:56:36+00:00" />
<meta property="og:image" content="https://desrealestate.al/wp-content/uploads/2020/11/DES-Real-Estate-Logo-Vertikale-fb.jpg" />
	<meta property="og:image:width" content="1102" />
	<meta property="og:image:height" content="596" />
<meta property="fb:app_id" content="387924425682656" />
<meta name="twitter:card" content="summary_large_image" />
<meta name="twitter:label1" value="Written by">
	<meta name="twitter:data1" value="master">
	<meta name="twitter:label2" value="Estimated reading time">
	<meta name="twitter:data2" value="0 minutes">
<script type="application/ld+json" class="yoast-schema-graph">{"@context":"https://schema.org","@graph":[{"@type":"Organization","@id":"https://desrealestate.al/sq/#organization","name":"DES Real Estate","url":"https://desrealestate.al/sq/","sameAs":["https://www.facebook.com/DesRealEstate.al/","https://www.instagram.com/desrealestate.al/"],"logo":{"@type":"ImageObject","@id":"https://desrealestate.al/sq/#logo","inLanguage":"en-GB","url":"https://desrealestate.al/wp-content/uploads/2020/05/DES-Real-Estate-Logo-Vertikale.png","width":171,"height":115,"caption":"DES Real Estate"},"image":{"@id":"https://desrealestate.al/sq/#logo"}},{"@type":"WebSite","@id":"https://desrealestate.al/sq/#website","url":"https://desrealestate.al/sq/","name":"DES Real Estate","description":"Sht\u00ebpia \u00ebsht\u00eb e para","publisher":{"@id":"https://desrealestate.al/sq/#organization"},"potentialAction":[{"@type":"SearchAction","target":"https://desrealestate.al/sq/?s={search_term_string}","query-input":"required name=search_term_string"}],"inLanguage":"en-GB"},{"@type":"WebPage","@id":"https://desrealestate.al/sq/property/shitet-ambjent-biznesi-ne-lagjen-beqir-dardha-elbasan/#webpage","url":"https://desrealestate.al/sq/property/shitet-ambjent-biznesi-ne-lagjen-beqir-dardha-elbasan/","name":"SHITET AMBJENT BIZNESI N\u00cb LAGJEN \u2018BEQIR DARDHA\u2019 , ELBASAN. - DES Real Estate","isPartOf":{"@id":"https://desrealestate.al/sq/#website"},"datePublished":"2025-03-17T10:55:38+00:00","dateModified":"2025-03-17T10:56:36+00:00","inLanguage":"en-GB","potentialAction":[{"@type":"ReadAction","target":["https://desrealestate.al/sq/property/shitet-ambjent-biznesi-ne-lagjen-beqir-dardha-elbasan/"]}]}]}</script>
<!-- / Yoast SEO Premium plugin. -->
