{"id":84057,"date":"2025-10-15T10:47:47","date_gmt":"2025-10-15T10:47:47","guid":{"rendered":"https:\/\/desrealestate.al\/sq\/property\/%f0%9f%86%95%f0%9f%94%a5-jepet-njesi-sherbimi-me-qira-ne-lagjen-sul-papri-elbasan\/"},"modified":"2025-10-15T10:47:47","modified_gmt":"2025-10-15T10:47:47","slug":"%f0%9f%86%95%f0%9f%94%a5-jepet-njesi-sherbimi-me-qira-ne-lagjen-sul-papri-elbasan","status":"publish","type":"property","link":"https:\/\/desrealestate.al\/en\/property\/%f0%9f%86%95%f0%9f%94%a5-jepet-njesi-sherbimi-me-qira-ne-lagjen-sul-papri-elbasan\/","title":{"rendered":"\ud83c\udd95\ud83d\udd25 JEPET NJ\u00cbSI SH\u00cbRBIMI ME QIRA N\u00cb LAGJEN&#8217; SUL PAPRI&#8217; , ELBASAN."},"content":{"rendered":"<p>\ud83c\udd95\ud83d\udd25 JEPET NJ\u00cbSI SH\u00cbRBIMI ME QIRA N\u00cb LAGJEN &#8216;SUL PAPRI&#8217;,ELBASAN. <\/p>\n<p>\u2705 Prona ndodhet n\u00eb , n\u00eb nj\u00eb zon\u00eb, me akses t\u00eb mir\u00eb.<\/p>\n<p>\u2705 \u00cbsht\u00eb e organizuar n\u00eb 1 ambient me hap\u00ebsire t\u00eb bollshme dhe 1 tualet.<\/p>\n<p>\u2705 Ambienti ndodhet n\u00eb katin e par\u00eb dhe ka nj\u00eb sip\u00ebrfaqe prej 83 m2<br \/>\u2705 Me qira afatgjat\u00eb.<\/p>\n<p>\u2705 \u00c7mimi 25.000 Lek\u00eb \/muaj<\/p>\n<p>\u2014\u2014\u2014\u2014\u2014\u2014\u2014\u2014\u2014\u2014\u2014\u2014\u2014\u2014\u2014\u2014\u2014\u2014\u2014\u2014\u2014\u2014\u2014\u2014<br \/>\u2139\ufe0fPe\u0308r me\u0308 shume\u0308 informacione ose nje\u0308 vizite\u0308 ne\u0308 prone\u0308 na kontaktoni<br \/>\ud83d\udcf2 +355692045100<br \/>\u260e\ufe0f<br \/>\ud83d\udce7<br \/>\ud83c\udf10 www.desrealestate.al<br \/>\u2014\u2014\u2014\u2014\u2014\u2014\u2014\u2014\u2014\u2014\u2014\u2014\u2014\u2014\u2014\u2014\u2014\u2014\u2014\u2014<\/p>","protected":false},"excerpt":{"rendered":"<p>\ud83c\udd95\ud83d\udd25 JEPET NJ\u00cbSI SH\u00cbRBIMI ME QIRA N\u00cb LAGJEN &#8216;SUL PAPRI&#8217;,ELBASAN. \u2705 Prona ndodhet n\u00eb , n\u00eb nj\u00eb zon\u00eb, me akses t\u00eb mir\u00eb. \u2705 \u00cbsht\u00eb e organizuar n\u00eb 1 ambient me hap\u00ebsire t\u00eb bollshme dhe 1 tualet. \u2705 Ambienti ndodhet n\u00eb katin e par\u00eb dhe ka nj\u00eb sip\u00ebrfaqe prej 83 m2\u2705 Me qira afatgjat\u00eb. \u2705 \u00c7mimi [&hellip;]<\/p>","protected":false},"author":1,"featured_media":0,"parent":0,"menu_order":0,"comment_status":"closed","ping_status":"closed","template":"","property-type-api":[330],"property-status-api":[24],"property-city-api":[48,349],"property-feature-api":[],"class_list":["post-84057","property","type-property","status-publish","hentry","property-type-ambjent-biznesi","property-status-for-rent","property-city-elbasan","property-city-shqiperi"],"REAL_HOMES_property_price":"25000","REAL_HOMES_property_price_type":"Muaj","REAL_HOMES_property_price_postfix":"LEK","REAL_HOMES_property_id":"17606","REAL_HOMES_property_size":"83","REAL_HOMES_property_size_postfix":"M2 ","REAL_HOMES_property_bedrooms":"1","REAL_HOMES_property_bathrooms":"1","REAL_HOMES_property_garage":"","REAL_HOMES_additional_details":{"Tipi Pron\u00ebs":"Ambjent Biznesi","Qyteti":"Elbasan","\u00c7ertifikat\u00eb Pron\u00ebsie":"Po","\u00c7mimi Negociuesh\u00ebm":"  Po","Kati Pron\u00ebs":"1","Pozicioni Pron\u00ebs":"Jug","Tipi Listimit":"Qira"},"REAL_HOMES_property_address":"Sul Papri","REAL_HOMES_property_location":"41.105857496088,20.0748330422","REAL_HOMES_attachments":"","REAL_HOMES_agent_display_option":"","REAL_HOMES_agents":"26964","REAL_HOMES_slider_image":"","payment_status":"","REAL_HOMES_tour_video_url":"","REAL_HOMES_tour_video_image":"","REAL_HOMES_property_year_built":"","REAL_HOMES_image_object":"[{\"url\":\"https:\/\/flexie-des.s3.amazonaws.com\/des\/listings\/gallery\/3dc65bde5a680fee8acf745b9b00e0fe.jpg\",\"thumbnail\":\"https:\/\/flexie-des.s3.amazonaws.com\/des\/listings\/gallery\/3dc65bde5a680fee8acf745b9b00e0fe_thumb.jpg\",\"name\":\"9fa1db8e-666b-4dce-8a5c-cbe1dc41eb60.jpg\",\"type\":\"image\/jpeg\",\"is_default\":1},{\"url\":\"https:\/\/flexie-des.s3.amazonaws.com\/des\/listings\/gallery\/a9afb216f1250eebe792d21ccdede795.jpg\",\"thumbnail\":\"https:\/\/flexie-des.s3.amazonaws.com\/des\/listings\/gallery\/a9afb216f1250eebe792d21ccdede795_thumb.jpg\",\"name\":\"b009634d-f053-4f5a-bde7-76590553a48f.jpg\",\"type\":\"image\/jpeg\"},{\"url\":\"https:\/\/flexie-des.s3.amazonaws.com\/des\/listings\/gallery\/b186ea7446fa2e61d789ba53258ebcb8.jpg\",\"thumbnail\":\"https:\/\/flexie-des.s3.amazonaws.com\/des\/listings\/gallery\/b186ea7446fa2e61d789ba53258ebcb8_thumb.jpg\",\"name\":\"804d4aa1-8d53-4ed2-b78f-5d2b7c5abc06 (1).jpg\",\"type\":\"image\/jpeg\"},{\"url\":\"https:\/\/flexie-des.s3.amazonaws.com\/des\/listings\/gallery\/64bab0f7378d3a13a5b1014291eb9ca4.jpg\",\"thumbnail\":\"https:\/\/flexie-des.s3.amazonaws.com\/des\/listings\/gallery\/64bab0f7378d3a13a5b1014291eb9ca4_thumb.jpg\",\"name\":\"804d4aa1-8d53-4ed2-b78f-5d2b7c5abc06.jpg\",\"type\":\"image\/jpeg\"}]","yoast_head":"<!-- This site is optimized with the Yoast SEO Premium plugin v15.2 - https:\/\/yoast.com\/wordpress\/plugins\/seo\/ -->\n<title>\ud83c\udd95\ud83d\udd25 JEPET NJ\u00cbSI SH\u00cbRBIMI ME QIRA N\u00cb LAGJEN&#039; SUL PAPRI&#039; , ELBASAN. - DES Real Estate<\/title>\n<meta name=\"robots\" content=\"index, follow, max-snippet:-1, max-image-preview:large, max-video-preview:-1\" \/>\n<link rel=\"canonical\" href=\"https:\/\/desrealestate.al\/sq\/property\/\ud83c\udd95\ud83d\udd25-jepet-njesi-sherbimi-me-qira-ne-lagjen-sul-papri-elbasan\/\" \/>\n<meta property=\"og:locale\" content=\"en_GB\" \/>\n<meta property=\"og:type\" content=\"article\" \/>\n<meta property=\"og:title\" content=\"\ud83c\udd95\ud83d\udd25 JEPET NJ\u00cbSI SH\u00cbRBIMI ME QIRA N\u00cb LAGJEN&#039; SUL PAPRI&#039; , ELBASAN. - DES Real Estate\" \/>\n<meta property=\"og:description\" content=\"\ud83c\udd95\ud83d\udd25 JEPET NJ\u00cbSI SH\u00cbRBIMI ME QIRA N\u00cb LAGJEN &#8216;SUL PAPRI&#8217;,ELBASAN. \u2705 Prona ndodhet n\u00eb , n\u00eb nj\u00eb zon\u00eb, me akses t\u00eb mir\u00eb. \u2705 \u00cbsht\u00eb e organizuar n\u00eb 1 ambient me hap\u00ebsire t\u00eb bollshme dhe 1 tualet. \u2705 Ambienti ndodhet n\u00eb katin e par\u00eb dhe ka nj\u00eb sip\u00ebrfaqe prej 83 m2\u2705 Me qira afatgjat\u00eb. \u2705 \u00c7mimi [&hellip;]\" \/>\n<meta property=\"og:url\" content=\"https:\/\/desrealestate.al\/sq\/property\/\ud83c\udd95\ud83d\udd25-jepet-njesi-sherbimi-me-qira-ne-lagjen-sul-papri-elbasan\/\" \/>\n<meta property=\"og:site_name\" content=\"DES Real Estate\" \/>\n<meta property=\"article:publisher\" content=\"https:\/\/www.facebook.com\/DesRealEstate.al\/\" \/>\n<meta property=\"og:image\" content=\"https:\/\/desrealestate.al\/wp-content\/uploads\/2020\/11\/DES-Real-Estate-Logo-Vertikale-fb.jpg\" \/>\n\t<meta property=\"og:image:width\" content=\"1102\" \/>\n\t<meta property=\"og:image:height\" content=\"596\" \/>\n<meta property=\"fb:app_id\" content=\"387924425682656\" \/>\n<meta name=\"twitter:card\" content=\"summary_large_image\" \/>\n<meta name=\"twitter:label1\" value=\"Written by\">\n\t<meta name=\"twitter:data1\" value=\"master\">\n\t<meta name=\"twitter:label2\" value=\"Estimated reading time\">\n\t<meta name=\"twitter:data2\" value=\"0 minutes\">\n<script type=\"application\/ld+json\" class=\"yoast-schema-graph\">{\"@context\":\"https:\/\/schema.org\",\"@graph\":[{\"@type\":\"Organization\",\"@id\":\"https:\/\/desrealestate.al\/sq\/#organization\",\"name\":\"DES Real Estate\",\"url\":\"https:\/\/desrealestate.al\/sq\/\",\"sameAs\":[\"https:\/\/www.facebook.com\/DesRealEstate.al\/\",\"https:\/\/www.instagram.com\/desrealestate.al\/\"],\"logo\":{\"@type\":\"ImageObject\",\"@id\":\"https:\/\/desrealestate.al\/sq\/#logo\",\"inLanguage\":\"en-GB\",\"url\":\"https:\/\/desrealestate.al\/wp-content\/uploads\/2020\/05\/DES-Real-Estate-Logo-Vertikale.png\",\"width\":171,\"height\":115,\"caption\":\"DES Real Estate\"},\"image\":{\"@id\":\"https:\/\/desrealestate.al\/sq\/#logo\"}},{\"@type\":\"WebSite\",\"@id\":\"https:\/\/desrealestate.al\/sq\/#website\",\"url\":\"https:\/\/desrealestate.al\/sq\/\",\"name\":\"DES Real Estate\",\"description\":\"Sht\\u00ebpia \\u00ebsht\\u00eb e para\",\"publisher\":{\"@id\":\"https:\/\/desrealestate.al\/sq\/#organization\"},\"potentialAction\":[{\"@type\":\"SearchAction\",\"target\":\"https:\/\/desrealestate.al\/sq\/?s={search_term_string}\",\"query-input\":\"required name=search_term_string\"}],\"inLanguage\":\"en-GB\"},{\"@type\":\"WebPage\",\"@id\":\"https:\/\/desrealestate.al\/sq\/property\/%f0%9f%86%95%f0%9f%94%a5-jepet-njesi-sherbimi-me-qira-ne-lagjen-sul-papri-elbasan\/#webpage\",\"url\":\"https:\/\/desrealestate.al\/sq\/property\/%f0%9f%86%95%f0%9f%94%a5-jepet-njesi-sherbimi-me-qira-ne-lagjen-sul-papri-elbasan\/\",\"name\":\"\\ud83c\\udd95\\ud83d\\udd25 JEPET NJ\\u00cbSI SH\\u00cbRBIMI ME QIRA N\\u00cb LAGJEN' SUL PAPRI' , ELBASAN. - DES Real Estate\",\"isPartOf\":{\"@id\":\"https:\/\/desrealestate.al\/sq\/#website\"},\"datePublished\":\"2025-10-15T10:47:47+00:00\",\"dateModified\":\"2025-10-15T10:47:47+00:00\",\"inLanguage\":\"en-GB\",\"potentialAction\":[{\"@type\":\"ReadAction\",\"target\":[\"https:\/\/desrealestate.al\/sq\/property\/%f0%9f%86%95%f0%9f%94%a5-jepet-njesi-sherbimi-me-qira-ne-lagjen-sul-papri-elbasan\/\"]}]}]}<\/script>\n<!-- \/ Yoast SEO Premium plugin. -->","_links":{"self":[{"href":"https:\/\/desrealestate.al\/en\/wp-json\/wp\/v2\/property-api\/84057"}],"collection":[{"href":"https:\/\/desrealestate.al\/en\/wp-json\/wp\/v2\/property-api"}],"about":[{"href":"https:\/\/desrealestate.al\/en\/wp-json\/wp\/v2\/types\/property"}],"author":[{"embeddable":true,"href":"https:\/\/desrealestate.al\/en\/wp-json\/wp\/v2\/users\/1"}],"replies":[{"embeddable":true,"href":"https:\/\/desrealestate.al\/en\/wp-json\/wp\/v2\/comments?post=84057"}],"version-history":[{"count":0,"href":"https:\/\/desrealestate.al\/en\/wp-json\/wp\/v2\/property-api\/84057\/revisions"}],"wp:attachment":[{"href":"https:\/\/desrealestate.al\/en\/wp-json\/wp\/v2\/media?parent=84057"}],"wp:term":[{"taxonomy":"property-type","embeddable":true,"href":"https:\/\/desrealestate.al\/en\/wp-json\/wp\/v2\/property-type-api?post=84057"},{"taxonomy":"property-status","embeddable":true,"href":"https:\/\/desrealestate.al\/en\/wp-json\/wp\/v2\/property-status-api?post=84057"},{"taxonomy":"property-city","embeddable":true,"href":"https:\/\/desrealestate.al\/en\/wp-json\/wp\/v2\/property-city-api?post=84057"},{"taxonomy":"property-feature","embeddable":true,"href":"https:\/\/desrealestate.al\/en\/wp-json\/wp\/v2\/property-feature-api?post=84057"}],"curies":[{"name":"wp","href":"https:\/\/api.w.org\/{rel}","templated":true}]}}

🆕🔥 JEPET NJËSI SHËRBIMI ME QIRA NË LAGJEN&#8217; SUL PAPRI&#8217; , ELBASAN.

<p>🆕🔥 JEPET NJËSI SHËRBIMI ME QIRA NË LAGJEN &#8216;SUL PAPRI&#8217;,ELBASAN. </p>
<p>✅ Prona ndodhet në , në një zonë, me akses të mirë.</p>
<p>✅ Është e organizuar në 1 ambient me hapësire të bollshme dhe 1 tualet.</p>
<p>✅ Ambienti ndodhet në katin e parë dhe ka një sipërfaqe prej 83 m2<br />✅ Me qira afatgjatë.</p>
<p>✅ Çmimi 25.000 Lekë /muaj</p>
<p>————————————————————————<br />ℹ️Për më shumë informacione ose një vizitë në pronë na kontaktoni<br />📲 +355692045100<br />☎️<br />📧<br />🌐 www.desrealestate.al<br />————————————————————</p>

<p>🆕🔥 JEPET NJËSI SHËRBIMI ME QIRA NË LAGJEN &#8216;SUL PAPRI&#8217;,ELBASAN. ✅ Prona ndodhet në , në një zonë, me akses të mirë. ✅ Është e organizuar në 1 ambient me hapësire të bollshme dhe 1 tualet. ✅ Ambienti ndodhet në katin e parë dhe ka një sipërfaqe prej 83 m2✅ Me qira afatgjatë. ✅ Çmimi [&hellip;]</p>

<!-- This site is optimized with the Yoast SEO Premium plugin v15.2 - https://yoast.com/wordpress/plugins/seo/ -->
<title>🆕🔥 JEPET NJËSI SHËRBIMI ME QIRA NË LAGJEN&#039; SUL PAPRI&#039; , ELBASAN. - DES Real Estate</title>
<meta name="robots" content="index, follow, max-snippet:-1, max-image-preview:large, max-video-preview:-1" />
<link rel="canonical" href="https://desrealestate.al/sq/property/🆕🔥-jepet-njesi-sherbimi-me-qira-ne-lagjen-sul-papri-elbasan/" />
<meta property="og:locale" content="en_GB" />
<meta property="og:type" content="article" />
<meta property="og:title" content="🆕🔥 JEPET NJËSI SHËRBIMI ME QIRA NË LAGJEN&#039; SUL PAPRI&#039; , ELBASAN. - DES Real Estate" />
<meta property="og:description" content="🆕🔥 JEPET NJËSI SHËRBIMI ME QIRA NË LAGJEN &#8216;SUL PAPRI&#8217;,ELBASAN. ✅ Prona ndodhet në , në një zonë, me akses të mirë. ✅ Është e organizuar në 1 ambient me hapësire të bollshme dhe 1 tualet. ✅ Ambienti ndodhet në katin e parë dhe ka një sipërfaqe prej 83 m2✅ Me qira afatgjatë. ✅ Çmimi [&hellip;]" />
<meta property="og:url" content="https://desrealestate.al/sq/property/🆕🔥-jepet-njesi-sherbimi-me-qira-ne-lagjen-sul-papri-elbasan/" />
<meta property="og:site_name" content="DES Real Estate" />
<meta property="article:publisher" content="https://www.facebook.com/DesRealEstate.al/" />
<meta property="og:image" content="https://desrealestate.al/wp-content/uploads/2020/11/DES-Real-Estate-Logo-Vertikale-fb.jpg" />
	<meta property="og:image:width" content="1102" />
	<meta property="og:image:height" content="596" />
<meta property="fb:app_id" content="387924425682656" />
<meta name="twitter:card" content="summary_large_image" />
<meta name="twitter:label1" value="Written by">
	<meta name="twitter:data1" value="master">
	<meta name="twitter:label2" value="Estimated reading time">
	<meta name="twitter:data2" value="0 minutes">
<script type="application/ld+json" class="yoast-schema-graph">{"@context":"https://schema.org","@graph":[{"@type":"Organization","@id":"https://desrealestate.al/sq/#organization","name":"DES Real Estate","url":"https://desrealestate.al/sq/","sameAs":["https://www.facebook.com/DesRealEstate.al/","https://www.instagram.com/desrealestate.al/"],"logo":{"@type":"ImageObject","@id":"https://desrealestate.al/sq/#logo","inLanguage":"en-GB","url":"https://desrealestate.al/wp-content/uploads/2020/05/DES-Real-Estate-Logo-Vertikale.png","width":171,"height":115,"caption":"DES Real Estate"},"image":{"@id":"https://desrealestate.al/sq/#logo"}},{"@type":"WebSite","@id":"https://desrealestate.al/sq/#website","url":"https://desrealestate.al/sq/","name":"DES Real Estate","description":"Sht\u00ebpia \u00ebsht\u00eb e para","publisher":{"@id":"https://desrealestate.al/sq/#organization"},"potentialAction":[{"@type":"SearchAction","target":"https://desrealestate.al/sq/?s={search_term_string}","query-input":"required name=search_term_string"}],"inLanguage":"en-GB"},{"@type":"WebPage","@id":"https://desrealestate.al/sq/property/%f0%9f%86%95%f0%9f%94%a5-jepet-njesi-sherbimi-me-qira-ne-lagjen-sul-papri-elbasan/#webpage","url":"https://desrealestate.al/sq/property/%f0%9f%86%95%f0%9f%94%a5-jepet-njesi-sherbimi-me-qira-ne-lagjen-sul-papri-elbasan/","name":"\ud83c\udd95\ud83d\udd25 JEPET NJ\u00cbSI SH\u00cbRBIMI ME QIRA N\u00cb LAGJEN' SUL PAPRI' , ELBASAN. - DES Real Estate","isPartOf":{"@id":"https://desrealestate.al/sq/#website"},"datePublished":"2025-10-15T10:47:47+00:00","dateModified":"2025-10-15T10:47:47+00:00","inLanguage":"en-GB","potentialAction":[{"@type":"ReadAction","target":["https://desrealestate.al/sq/property/%f0%9f%86%95%f0%9f%94%a5-jepet-njesi-sherbimi-me-qira-ne-lagjen-sul-papri-elbasan/"]}]}]}</script>
<!-- / Yoast SEO Premium plugin. -->
