{"id":67251,"date":"2023-02-21T09:15:03","date_gmt":"2023-02-21T09:15:03","guid":{"rendered":"https:\/\/desrealestate.al\/sq\/property\/jepet-me-qira-garsoniere-ne-lagjen-aqif-pasha-elbasan\/"},"modified":"2024-11-19T15:27:15","modified_gmt":"2024-11-19T15:27:15","slug":"jepet-me-qira-garsoniere-ne-lagjen-aqif-pasha-elbasan","status":"publish","type":"property","link":"https:\/\/desrealestate.al\/sq\/property\/jepet-me-qira-garsoniere-ne-lagjen-aqif-pasha-elbasan\/","title":{"rendered":"JEPET ME QIRA GARSONIERE N\u00cb LAGJEN &#8216;AQIF PASHA&#8217;, ELBASAN."},"content":{"rendered":"<p>JEPET ME QIRA GARSONIERE N\u00cb LAGJEN AQIF PASHA , ELBASAN.<\/p>\n<p>Ambjenti organizohet n\u00eb nje hapsire gatimi + dhom\u00eb gjumi dhe tualet. <\/p>\n<p>Prona ka nj\u00eb sip\u00ebrfaqe totale prej 30m\u00b2 dhe jepet me qira p\u00ebr 8000 Lek\/ muaj.<\/p>\n<p>P\u00ebr m\u00eb shum\u00eb informacione ose nj\u00eb vizit\u00eb n\u00eb pron\u00eb, kontaktoni n\u00eb: +355697032245<\/p>\n","protected":false},"excerpt":{"rendered":"<p>JEPET ME QIRA GARSONIERE N\u00cb LAGJEN AQIF PASHA , ELBASAN. Ambjenti organizohet n\u00eb nje hapsire gatimi + dhom\u00eb gjumi dhe tualet. Prona ka nj\u00eb sip\u00ebrfaqe totale prej 30m\u00b2 dhe jepet me qira p\u00ebr 8000 Lek\/ muaj. P\u00ebr m\u00eb shum\u00eb informacione ose nj\u00eb vizit\u00eb n\u00eb pron\u00eb, kontaktoni n\u00eb: +355697032245<\/p>\n","protected":false},"author":1,"featured_media":0,"parent":0,"menu_order":0,"comment_status":"closed","ping_status":"closed","template":"","property-type-api":[38],"property-status-api":[24],"property-city-api":[48,349],"property-feature-api":[356],"class_list":["post-67251","property","type-property","status-publish","hentry","property-type-apartament","property-status-for-rent","property-city-elbasan","property-city-shqiperi","property-feature-mobilim"],"REAL_HOMES_property_price":"8000","REAL_HOMES_property_price_type":"Muaj","REAL_HOMES_property_price_postfix":"LEK","REAL_HOMES_property_id":"13689","REAL_HOMES_property_size":"30","REAL_HOMES_property_size_postfix":"M2 ","REAL_HOMES_property_bedrooms":"1","REAL_HOMES_property_bathrooms":"1","REAL_HOMES_property_garage":"","REAL_HOMES_additional_details":{"Tipi Pron\u00ebs":"Apartament","Qyteti":"Elbasan","\u00c7ertifikat\u00eb Pron\u00ebsie":"Po","\u00c7mimi Negociuesh\u00ebm":" Jo","Kati Pron\u00ebs":"1","Pozicioni Pron\u00ebs":"Jug","Tipi Listimit":"Qira"},"REAL_HOMES_property_address":"Lagja Aqif Pasha","REAL_HOMES_property_location":"41.11817813287,20.08002172782","REAL_HOMES_attachments":"","REAL_HOMES_agent_display_option":"","REAL_HOMES_agents":"26964","REAL_HOMES_slider_image":"","payment_status":"","REAL_HOMES_tour_video_url":"","REAL_HOMES_tour_video_image":"","REAL_HOMES_property_year_built":"","REAL_HOMES_image_object":"[{\"url\":\"https:\/\/flexie-des.s3.amazonaws.com\/des\/listings\/gallery\/bb92265d62fab70a2e72d4d302dbdb9c.jpg\",\"thumbnail\":\"https:\/\/flexie-des.s3.amazonaws.com\/des\/listings\/gallery\/bb92265d62fab70a2e72d4d302dbdb9c_thumb.jpg\",\"name\":\"3713dba6-3e14-4c5f-99a8-ff83a6a5ba22.jpg\",\"type\":\"image\/jpeg\",\"is_default\":1},{\"url\":\"https:\/\/flexie-des.s3.amazonaws.com\/des\/listings\/gallery\/b8897e671dd72b847e63263b9ab0bbd8.jpg\",\"thumbnail\":\"https:\/\/flexie-des.s3.amazonaws.com\/des\/listings\/gallery\/b8897e671dd72b847e63263b9ab0bbd8_thumb.jpg\",\"name\":\"05e5013d-28f0-44dc-b784-39f8e1ec67fb.jpg\",\"type\":\"image\/jpeg\"},{\"url\":\"https:\/\/flexie-des.s3.amazonaws.com\/des\/listings\/gallery\/95dff0a55655ca6751a7f9e06ff427bf.jpg\",\"thumbnail\":\"https:\/\/flexie-des.s3.amazonaws.com\/des\/listings\/gallery\/95dff0a55655ca6751a7f9e06ff427bf_thumb.jpg\",\"name\":\"4c63814d-3354-4308-9f83-e029f849cd51.jpg\",\"type\":\"image\/jpeg\"},{\"url\":\"https:\/\/flexie-des.s3.amazonaws.com\/des\/listings\/gallery\/441cac63afe511ddffd817c820d26ec0.jpg\",\"thumbnail\":\"https:\/\/flexie-des.s3.amazonaws.com\/des\/listings\/gallery\/441cac63afe511ddffd817c820d26ec0_thumb.jpg\",\"name\":\"8f90b79e-2fe7-4adc-af4d-962442aa42c5.jpg\",\"type\":\"image\/jpeg\"}]","yoast_head":"<!-- This site is optimized with the Yoast SEO Premium plugin v15.2 - https:\/\/yoast.com\/wordpress\/plugins\/seo\/ -->\n<title>JEPET ME QIRA GARSONIERE N\u00cb LAGJEN &#039;AQIF PASHA&#039;, ELBASAN. - DES Real Estate<\/title>\n<meta name=\"robots\" content=\"index, follow, max-snippet:-1, max-image-preview:large, max-video-preview:-1\" \/>\n<link rel=\"canonical\" href=\"https:\/\/desrealestate.al\/sq\/property\/jepet-me-qira-garsoniere-ne-lagjen-aqif-pasha-elbasan\/\" \/>\n<meta property=\"og:locale\" content=\"sq_AL\" \/>\n<meta property=\"og:type\" content=\"article\" \/>\n<meta property=\"og:title\" content=\"JEPET ME QIRA GARSONIERE N\u00cb LAGJEN &#039;AQIF PASHA&#039;, ELBASAN. - DES Real Estate\" \/>\n<meta property=\"og:description\" content=\"JEPET ME QIRA GARSONIERE N\u00cb LAGJEN AQIF PASHA , ELBASAN. Ambjenti organizohet n\u00eb nje hapsire gatimi + dhom\u00eb gjumi dhe tualet. Prona ka nj\u00eb sip\u00ebrfaqe totale prej 30m\u00b2 dhe jepet me qira p\u00ebr 8000 Lek\/ muaj. P\u00ebr m\u00eb shum\u00eb informacione ose nj\u00eb vizit\u00eb n\u00eb pron\u00eb, kontaktoni n\u00eb: +355697032245\" \/>\n<meta property=\"og:url\" content=\"https:\/\/desrealestate.al\/sq\/property\/jepet-me-qira-garsoniere-ne-lagjen-aqif-pasha-elbasan\/\" \/>\n<meta property=\"og:site_name\" content=\"DES Real Estate\" \/>\n<meta property=\"article:publisher\" content=\"https:\/\/www.facebook.com\/DesRealEstate.al\/\" \/>\n<meta property=\"article:modified_time\" content=\"2024-11-19T15:27:15+00:00\" \/>\n<meta property=\"og:image\" content=\"https:\/\/desrealestate.al\/wp-content\/uploads\/2020\/11\/DES-Real-Estate-Logo-Vertikale-fb.jpg\" \/>\n\t<meta property=\"og:image:width\" content=\"1102\" \/>\n\t<meta property=\"og:image:height\" content=\"596\" \/>\n<meta property=\"fb:app_id\" content=\"387924425682656\" \/>\n<meta name=\"twitter:card\" content=\"summary_large_image\" \/>\n<meta name=\"twitter:label1\" value=\"Written by\">\n\t<meta name=\"twitter:data1\" value=\"master\">\n\t<meta name=\"twitter:label2\" value=\"Est. reading time\">\n\t<meta name=\"twitter:data2\" value=\"0 minuta\">\n<script type=\"application\/ld+json\" class=\"yoast-schema-graph\">{\"@context\":\"https:\/\/schema.org\",\"@graph\":[{\"@type\":\"Organization\",\"@id\":\"https:\/\/desrealestate.al\/sq\/#organization\",\"name\":\"DES Real Estate\",\"url\":\"https:\/\/desrealestate.al\/sq\/\",\"sameAs\":[\"https:\/\/www.facebook.com\/DesRealEstate.al\/\",\"https:\/\/www.instagram.com\/desrealestate.al\/\"],\"logo\":{\"@type\":\"ImageObject\",\"@id\":\"https:\/\/desrealestate.al\/sq\/#logo\",\"inLanguage\":\"sq\",\"url\":\"https:\/\/desrealestate.al\/wp-content\/uploads\/2020\/05\/DES-Real-Estate-Logo-Vertikale.png\",\"width\":171,\"height\":115,\"caption\":\"DES Real Estate\"},\"image\":{\"@id\":\"https:\/\/desrealestate.al\/sq\/#logo\"}},{\"@type\":\"WebSite\",\"@id\":\"https:\/\/desrealestate.al\/sq\/#website\",\"url\":\"https:\/\/desrealestate.al\/sq\/\",\"name\":\"DES Real Estate\",\"description\":\"Sht\\u00ebpia \\u00ebsht\\u00eb e para\",\"publisher\":{\"@id\":\"https:\/\/desrealestate.al\/sq\/#organization\"},\"potentialAction\":[{\"@type\":\"SearchAction\",\"target\":\"https:\/\/desrealestate.al\/sq\/?s={search_term_string}\",\"query-input\":\"required name=search_term_string\"}],\"inLanguage\":\"sq\"},{\"@type\":\"WebPage\",\"@id\":\"https:\/\/desrealestate.al\/sq\/property\/jepet-me-qira-garsoniere-ne-lagjen-aqif-pasha-elbasan\/#webpage\",\"url\":\"https:\/\/desrealestate.al\/sq\/property\/jepet-me-qira-garsoniere-ne-lagjen-aqif-pasha-elbasan\/\",\"name\":\"JEPET ME QIRA GARSONIERE N\\u00cb LAGJEN 'AQIF PASHA', ELBASAN. - DES Real Estate\",\"isPartOf\":{\"@id\":\"https:\/\/desrealestate.al\/sq\/#website\"},\"datePublished\":\"2023-02-21T09:15:03+00:00\",\"dateModified\":\"2024-11-19T15:27:15+00:00\",\"inLanguage\":\"sq\",\"potentialAction\":[{\"@type\":\"ReadAction\",\"target\":[\"https:\/\/desrealestate.al\/sq\/property\/jepet-me-qira-garsoniere-ne-lagjen-aqif-pasha-elbasan\/\"]}]}]}<\/script>\n<!-- \/ Yoast SEO Premium plugin. -->","_links":{"self":[{"href":"https:\/\/desrealestate.al\/sq\/wp-json\/wp\/v2\/property-api\/67251"}],"collection":[{"href":"https:\/\/desrealestate.al\/sq\/wp-json\/wp\/v2\/property-api"}],"about":[{"href":"https:\/\/desrealestate.al\/sq\/wp-json\/wp\/v2\/types\/property"}],"author":[{"embeddable":true,"href":"https:\/\/desrealestate.al\/sq\/wp-json\/wp\/v2\/users\/1"}],"replies":[{"embeddable":true,"href":"https:\/\/desrealestate.al\/sq\/wp-json\/wp\/v2\/comments?post=67251"}],"version-history":[{"count":0,"href":"https:\/\/desrealestate.al\/sq\/wp-json\/wp\/v2\/property-api\/67251\/revisions"}],"wp:attachment":[{"href":"https:\/\/desrealestate.al\/sq\/wp-json\/wp\/v2\/media?parent=67251"}],"wp:term":[{"taxonomy":"property-type","embeddable":true,"href":"https:\/\/desrealestate.al\/sq\/wp-json\/wp\/v2\/property-type-api?post=67251"},{"taxonomy":"property-status","embeddable":true,"href":"https:\/\/desrealestate.al\/sq\/wp-json\/wp\/v2\/property-status-api?post=67251"},{"taxonomy":"property-city","embeddable":true,"href":"https:\/\/desrealestate.al\/sq\/wp-json\/wp\/v2\/property-city-api?post=67251"},{"taxonomy":"property-feature","embeddable":true,"href":"https:\/\/desrealestate.al\/sq\/wp-json\/wp\/v2\/property-feature-api?post=67251"}],"curies":[{"name":"wp","href":"https:\/\/api.w.org\/{rel}","templated":true}]}}

JEPET ME QIRA GARSONIERE NË LAGJEN &#8216;AQIF PASHA&#8217;, ELBASAN.

<p>JEPET ME QIRA GARSONIERE NË LAGJEN AQIF PASHA , ELBASAN.</p>
<p>Ambjenti organizohet në nje hapsire gatimi + dhomë gjumi dhe tualet. </p>
<p>Prona ka një sipërfaqe totale prej 30m² dhe jepet me qira për 8000 Lek/ muaj.</p>
<p>Për më shumë informacione ose një vizitë në pronë, kontaktoni në: +355697032245</p>

<p>JEPET ME QIRA GARSONIERE NË LAGJEN AQIF PASHA , ELBASAN. Ambjenti organizohet në nje hapsire gatimi + dhomë gjumi dhe tualet. Prona ka një sipërfaqe totale prej 30m² dhe jepet me qira për 8000 Lek/ muaj. Për më shumë informacione ose një vizitë në pronë, kontaktoni në: +355697032245</p>

<!-- This site is optimized with the Yoast SEO Premium plugin v15.2 - https://yoast.com/wordpress/plugins/seo/ -->
<title>JEPET ME QIRA GARSONIERE NË LAGJEN &#039;AQIF PASHA&#039;, ELBASAN. - DES Real Estate</title>
<meta name="robots" content="index, follow, max-snippet:-1, max-image-preview:large, max-video-preview:-1" />
<link rel="canonical" href="https://desrealestate.al/sq/property/jepet-me-qira-garsoniere-ne-lagjen-aqif-pasha-elbasan/" />
<meta property="og:locale" content="sq_AL" />
<meta property="og:type" content="article" />
<meta property="og:title" content="JEPET ME QIRA GARSONIERE NË LAGJEN &#039;AQIF PASHA&#039;, ELBASAN. - DES Real Estate" />
<meta property="og:description" content="JEPET ME QIRA GARSONIERE NË LAGJEN AQIF PASHA , ELBASAN. Ambjenti organizohet në nje hapsire gatimi + dhomë gjumi dhe tualet. Prona ka një sipërfaqe totale prej 30m² dhe jepet me qira për 8000 Lek/ muaj. Për më shumë informacione ose një vizitë në pronë, kontaktoni në: +355697032245" />
<meta property="og:url" content="https://desrealestate.al/sq/property/jepet-me-qira-garsoniere-ne-lagjen-aqif-pasha-elbasan/" />
<meta property="og:site_name" content="DES Real Estate" />
<meta property="article:publisher" content="https://www.facebook.com/DesRealEstate.al/" />
<meta property="article:modified_time" content="2024-11-19T15:27:15+00:00" />
<meta property="og:image" content="https://desrealestate.al/wp-content/uploads/2020/11/DES-Real-Estate-Logo-Vertikale-fb.jpg" />
	<meta property="og:image:width" content="1102" />
	<meta property="og:image:height" content="596" />
<meta property="fb:app_id" content="387924425682656" />
<meta name="twitter:card" content="summary_large_image" />
<meta name="twitter:label1" value="Written by">
	<meta name="twitter:data1" value="master">
	<meta name="twitter:label2" value="Est. reading time">
	<meta name="twitter:data2" value="0 minuta">
<script type="application/ld+json" class="yoast-schema-graph">{"@context":"https://schema.org","@graph":[{"@type":"Organization","@id":"https://desrealestate.al/sq/#organization","name":"DES Real Estate","url":"https://desrealestate.al/sq/","sameAs":["https://www.facebook.com/DesRealEstate.al/","https://www.instagram.com/desrealestate.al/"],"logo":{"@type":"ImageObject","@id":"https://desrealestate.al/sq/#logo","inLanguage":"sq","url":"https://desrealestate.al/wp-content/uploads/2020/05/DES-Real-Estate-Logo-Vertikale.png","width":171,"height":115,"caption":"DES Real Estate"},"image":{"@id":"https://desrealestate.al/sq/#logo"}},{"@type":"WebSite","@id":"https://desrealestate.al/sq/#website","url":"https://desrealestate.al/sq/","name":"DES Real Estate","description":"Sht\u00ebpia \u00ebsht\u00eb e para","publisher":{"@id":"https://desrealestate.al/sq/#organization"},"potentialAction":[{"@type":"SearchAction","target":"https://desrealestate.al/sq/?s={search_term_string}","query-input":"required name=search_term_string"}],"inLanguage":"sq"},{"@type":"WebPage","@id":"https://desrealestate.al/sq/property/jepet-me-qira-garsoniere-ne-lagjen-aqif-pasha-elbasan/#webpage","url":"https://desrealestate.al/sq/property/jepet-me-qira-garsoniere-ne-lagjen-aqif-pasha-elbasan/","name":"JEPET ME QIRA GARSONIERE N\u00cb LAGJEN 'AQIF PASHA', ELBASAN. - DES Real Estate","isPartOf":{"@id":"https://desrealestate.al/sq/#website"},"datePublished":"2023-02-21T09:15:03+00:00","dateModified":"2024-11-19T15:27:15+00:00","inLanguage":"sq","potentialAction":[{"@type":"ReadAction","target":["https://desrealestate.al/sq/property/jepet-me-qira-garsoniere-ne-lagjen-aqif-pasha-elbasan/"]}]}]}</script>
<!-- / Yoast SEO Premium plugin. -->
