{"id":67816,"date":"2023-04-11T17:34:43","date_gmt":"2023-04-11T17:34:43","guid":{"rendered":"https:\/\/desrealestate.al\/sq\/property\/jepet-me-qira-ambjent-biznesi-ne-lagjen-beqir-dardha-elbasan\/"},"modified":"2024-11-19T15:32:09","modified_gmt":"2024-11-19T15:32:09","slug":"jepet-me-qira-ambjent-biznesi-ne-lagjen-beqir-dardha-elbasan","status":"publish","type":"property","link":"https:\/\/desrealestate.al\/sq\/property\/jepet-me-qira-ambjent-biznesi-ne-lagjen-beqir-dardha-elbasan\/","title":{"rendered":"JEPET ME QIRA AMBJENT BIZNESI NE LAGJEN \u2018BEQIR DARDHA\u2019 ,ELBASAN."},"content":{"rendered":"<p>Jepet me qira ambjent biznesi n\u00eb lagjen \u2018BEQIR DARDHA\u2019  , Elbasan.  <br \/>                                                      Ambjenti \u00ebsht\u00eb n\u00eb p\u00ebrdorim si bar restorant taverne.                                                     <br \/>                                                   Vendodhja e tij n\u00eb nj\u00eb nd\u00ebr pikat kryesore t\u00eb qytetit t\u00eb Elbasanit e b\u00ebn nj\u00eb mund\u00ebsi shum\u00eb t\u00eb mir\u00eb investimi. Ambjenti \u00ebsht\u00eb i kompletuar dhe nj\u00eb sip\u00ebrfaqe prej 300 m2.                         <br \/> P\u00ebr m\u00eb shum\u00eb informacione ose nj\u00eb vizit\u00eb n\u00eb pron\u00eb na kontaktoni. \u260e\ufe0f +355 69 70 32 245<\/p>\n","protected":false},"excerpt":{"rendered":"<p>Jepet me qira ambjent biznesi n\u00eb lagjen \u2018BEQIR DARDHA\u2019 , Elbasan. Ambjenti \u00ebsht\u00eb n\u00eb p\u00ebrdorim si bar restorant taverne. Vendodhja e tij n\u00eb nj\u00eb nd\u00ebr pikat kryesore t\u00eb qytetit t\u00eb Elbasanit e b\u00ebn nj\u00eb mund\u00ebsi shum\u00eb t\u00eb mir\u00eb investimi. Ambjenti \u00ebsht\u00eb i kompletuar dhe nj\u00eb sip\u00ebrfaqe prej 300 m2. P\u00ebr m\u00eb shum\u00eb informacione ose nj\u00eb [&hellip;]<\/p>\n","protected":false},"author":1,"featured_media":0,"parent":0,"menu_order":0,"comment_status":"closed","ping_status":"closed","template":"","property-type-api":[330],"property-status-api":[24],"property-city-api":[48,349],"property-feature-api":[],"class_list":["post-67816","property","type-property","status-publish","hentry","property-type-ambjent-biznesi","property-status-for-rent","property-city-elbasan","property-city-shqiperi"],"REAL_HOMES_property_price":"1500","REAL_HOMES_property_price_type":"Muaj","REAL_HOMES_property_price_postfix":"EUR","REAL_HOMES_property_id":"13960","REAL_HOMES_property_size":"300","REAL_HOMES_property_size_postfix":"M2 ","REAL_HOMES_property_bedrooms":"","REAL_HOMES_property_bathrooms":"2","REAL_HOMES_property_garage":"","REAL_HOMES_additional_details":{"Tipi Pron\u00ebs":"Ambjent Biznesi","Qyteti":"Elbasan","\u00c7ertifikat\u00eb Pron\u00ebsie":"Po","\u00c7mimi Negociuesh\u00ebm":"  Po","Kati Pron\u00ebs":"0","Pozicioni Pron\u00ebs":"Jug","Tipi Listimit":"Qira"},"REAL_HOMES_property_address":"BEQIR DARDHA","REAL_HOMES_property_location":"41.114243874775,20.091566471638","REAL_HOMES_attachments":"","REAL_HOMES_agent_display_option":"","REAL_HOMES_agents":"","REAL_HOMES_slider_image":"","payment_status":"","REAL_HOMES_tour_video_url":"","REAL_HOMES_tour_video_image":"","REAL_HOMES_property_year_built":"","REAL_HOMES_image_object":"[{\"url\":\"https:\/\/flexie-des.s3.amazonaws.com\/des\/listings\/gallery\/c9aacb066a91863d20dc818e08c1d20d.jpg\",\"thumbnail\":\"https:\/\/flexie-des.s3.amazonaws.com\/des\/listings\/gallery\/c9aacb066a91863d20dc818e08c1d20d_thumb.jpg\",\"name\":\"7542115d-bed6-49dd-a943-b7f32304d7eb.jpg\",\"type\":\"image\/jpeg\",\"is_default\":1},{\"url\":\"https:\/\/flexie-des.s3.amazonaws.com\/des\/listings\/gallery\/2c6f0a3a85ceaea9283850fa31c86a4c.jpg\",\"thumbnail\":\"https:\/\/flexie-des.s3.amazonaws.com\/des\/listings\/gallery\/2c6f0a3a85ceaea9283850fa31c86a4c_thumb.jpg\",\"name\":\"b9463228-e1fb-4d68-8e4d-8cd154104986.jpg\",\"type\":\"image\/jpeg\"},{\"url\":\"https:\/\/flexie-des.s3.amazonaws.com\/des\/listings\/gallery\/4f24dc40b263629f0761bfcbc586e902.jpg\",\"thumbnail\":\"https:\/\/flexie-des.s3.amazonaws.com\/des\/listings\/gallery\/4f24dc40b263629f0761bfcbc586e902_thumb.jpg\",\"name\":\"d60d1113-32ec-4896-9083-d0132b52cb28.jpg\",\"type\":\"image\/jpeg\"},{\"url\":\"https:\/\/flexie-des.s3.amazonaws.com\/des\/listings\/gallery\/98a7d974c280fa3e488145c6374b6ded.jpg\",\"thumbnail\":\"https:\/\/flexie-des.s3.amazonaws.com\/des\/listings\/gallery\/98a7d974c280fa3e488145c6374b6ded_thumb.jpg\",\"name\":\"0bd3ed67-9a1e-4d58-b28f-2c57e3bbb344.jpg\",\"type\":\"image\/jpeg\"},{\"url\":\"https:\/\/flexie-des.s3.amazonaws.com\/des\/listings\/gallery\/c401cde49fb990e8e28819c562cd83c9.jpg\",\"thumbnail\":\"https:\/\/flexie-des.s3.amazonaws.com\/des\/listings\/gallery\/c401cde49fb990e8e28819c562cd83c9_thumb.jpg\",\"name\":\"203dd132-009f-4c79-b52d-b6bf47861a8c.jpg\",\"type\":\"image\/jpeg\"},{\"url\":\"https:\/\/flexie-des.s3.amazonaws.com\/des\/listings\/gallery\/1c296cf9e4475785ac9f5e0541d09d69.jpg\",\"thumbnail\":\"https:\/\/flexie-des.s3.amazonaws.com\/des\/listings\/gallery\/1c296cf9e4475785ac9f5e0541d09d69_thumb.jpg\",\"name\":\"561228f2-6b70-49d6-b888-eca492d5c5be (1).jpg\",\"type\":\"image\/jpeg\"},{\"url\":\"https:\/\/flexie-des.s3.amazonaws.com\/des\/listings\/gallery\/5e0ea92ebf141e430dab0c9f96d115d6.jpg\",\"thumbnail\":\"https:\/\/flexie-des.s3.amazonaws.com\/des\/listings\/gallery\/5e0ea92ebf141e430dab0c9f96d115d6_thumb.jpg\",\"name\":\"6b3df186-bd96-418e-96ef-46b3721fc446.jpg\",\"type\":\"image\/jpeg\"},{\"url\":\"https:\/\/flexie-des.s3.amazonaws.com\/des\/listings\/gallery\/c95c8ffde8cea071731efdc875f864db.jpg\",\"thumbnail\":\"https:\/\/flexie-des.s3.amazonaws.com\/des\/listings\/gallery\/c95c8ffde8cea071731efdc875f864db_thumb.jpg\",\"name\":\"f5c269bd-acde-49e3-8fa4-68363bfc821a.jpg\",\"type\":\"image\/jpeg\"}]","yoast_head":"<!-- This site is optimized with the Yoast SEO Premium plugin v15.2 - https:\/\/yoast.com\/wordpress\/plugins\/seo\/ -->\n<title>JEPET ME QIRA AMBJENT BIZNESI NE LAGJEN \u2018BEQIR DARDHA\u2019 ,ELBASAN. - DES Real Estate<\/title>\n<meta name=\"robots\" content=\"index, follow, max-snippet:-1, max-image-preview:large, max-video-preview:-1\" \/>\n<link rel=\"canonical\" href=\"https:\/\/desrealestate.al\/sq\/property\/jepet-me-qira-ambjent-biznesi-ne-lagjen-beqir-dardha-elbasan\/\" \/>\n<meta property=\"og:locale\" content=\"sq_AL\" \/>\n<meta property=\"og:type\" content=\"article\" \/>\n<meta property=\"og:title\" content=\"JEPET ME QIRA AMBJENT BIZNESI NE LAGJEN \u2018BEQIR DARDHA\u2019 ,ELBASAN. - DES Real Estate\" \/>\n<meta property=\"og:description\" content=\"Jepet me qira ambjent biznesi n\u00eb lagjen \u2018BEQIR DARDHA\u2019 , Elbasan. Ambjenti \u00ebsht\u00eb n\u00eb p\u00ebrdorim si bar restorant taverne. Vendodhja e tij n\u00eb nj\u00eb nd\u00ebr pikat kryesore t\u00eb qytetit t\u00eb Elbasanit e b\u00ebn nj\u00eb mund\u00ebsi shum\u00eb t\u00eb mir\u00eb investimi. Ambjenti \u00ebsht\u00eb i kompletuar dhe nj\u00eb sip\u00ebrfaqe prej 300 m2. P\u00ebr m\u00eb shum\u00eb informacione ose nj\u00eb [&hellip;]\" \/>\n<meta property=\"og:url\" content=\"https:\/\/desrealestate.al\/sq\/property\/jepet-me-qira-ambjent-biznesi-ne-lagjen-beqir-dardha-elbasan\/\" \/>\n<meta property=\"og:site_name\" content=\"DES Real Estate\" \/>\n<meta property=\"article:publisher\" content=\"https:\/\/www.facebook.com\/DesRealEstate.al\/\" \/>\n<meta property=\"article:modified_time\" content=\"2024-11-19T15:32:09+00:00\" \/>\n<meta property=\"og:image\" content=\"https:\/\/desrealestate.al\/wp-content\/uploads\/2020\/11\/DES-Real-Estate-Logo-Vertikale-fb.jpg\" \/>\n\t<meta property=\"og:image:width\" content=\"1102\" \/>\n\t<meta property=\"og:image:height\" content=\"596\" \/>\n<meta property=\"fb:app_id\" content=\"387924425682656\" \/>\n<meta name=\"twitter:card\" content=\"summary_large_image\" \/>\n<meta name=\"twitter:label1\" value=\"Written by\">\n\t<meta name=\"twitter:data1\" value=\"master\">\n\t<meta name=\"twitter:label2\" value=\"Est. reading time\">\n\t<meta name=\"twitter:data2\" value=\"0 minuta\">\n<script type=\"application\/ld+json\" class=\"yoast-schema-graph\">{\"@context\":\"https:\/\/schema.org\",\"@graph\":[{\"@type\":\"Organization\",\"@id\":\"https:\/\/desrealestate.al\/sq\/#organization\",\"name\":\"DES Real Estate\",\"url\":\"https:\/\/desrealestate.al\/sq\/\",\"sameAs\":[\"https:\/\/www.facebook.com\/DesRealEstate.al\/\",\"https:\/\/www.instagram.com\/desrealestate.al\/\"],\"logo\":{\"@type\":\"ImageObject\",\"@id\":\"https:\/\/desrealestate.al\/sq\/#logo\",\"inLanguage\":\"sq\",\"url\":\"https:\/\/desrealestate.al\/wp-content\/uploads\/2020\/05\/DES-Real-Estate-Logo-Vertikale.png\",\"width\":171,\"height\":115,\"caption\":\"DES Real Estate\"},\"image\":{\"@id\":\"https:\/\/desrealestate.al\/sq\/#logo\"}},{\"@type\":\"WebSite\",\"@id\":\"https:\/\/desrealestate.al\/sq\/#website\",\"url\":\"https:\/\/desrealestate.al\/sq\/\",\"name\":\"DES Real Estate\",\"description\":\"Sht\\u00ebpia \\u00ebsht\\u00eb e para\",\"publisher\":{\"@id\":\"https:\/\/desrealestate.al\/sq\/#organization\"},\"potentialAction\":[{\"@type\":\"SearchAction\",\"target\":\"https:\/\/desrealestate.al\/sq\/?s={search_term_string}\",\"query-input\":\"required name=search_term_string\"}],\"inLanguage\":\"sq\"},{\"@type\":\"WebPage\",\"@id\":\"https:\/\/desrealestate.al\/sq\/property\/jepet-me-qira-ambjent-biznesi-ne-lagjen-beqir-dardha-elbasan\/#webpage\",\"url\":\"https:\/\/desrealestate.al\/sq\/property\/jepet-me-qira-ambjent-biznesi-ne-lagjen-beqir-dardha-elbasan\/\",\"name\":\"JEPET ME QIRA AMBJENT BIZNESI NE LAGJEN \\u2018BEQIR DARDHA\\u2019 ,ELBASAN. - DES Real Estate\",\"isPartOf\":{\"@id\":\"https:\/\/desrealestate.al\/sq\/#website\"},\"datePublished\":\"2023-04-11T17:34:43+00:00\",\"dateModified\":\"2024-11-19T15:32:09+00:00\",\"inLanguage\":\"sq\",\"potentialAction\":[{\"@type\":\"ReadAction\",\"target\":[\"https:\/\/desrealestate.al\/sq\/property\/jepet-me-qira-ambjent-biznesi-ne-lagjen-beqir-dardha-elbasan\/\"]}]}]}<\/script>\n<!-- \/ Yoast SEO Premium plugin. -->","_links":{"self":[{"href":"https:\/\/desrealestate.al\/sq\/wp-json\/wp\/v2\/property-api\/67816"}],"collection":[{"href":"https:\/\/desrealestate.al\/sq\/wp-json\/wp\/v2\/property-api"}],"about":[{"href":"https:\/\/desrealestate.al\/sq\/wp-json\/wp\/v2\/types\/property"}],"author":[{"embeddable":true,"href":"https:\/\/desrealestate.al\/sq\/wp-json\/wp\/v2\/users\/1"}],"replies":[{"embeddable":true,"href":"https:\/\/desrealestate.al\/sq\/wp-json\/wp\/v2\/comments?post=67816"}],"version-history":[{"count":2,"href":"https:\/\/desrealestate.al\/sq\/wp-json\/wp\/v2\/property-api\/67816\/revisions"}],"predecessor-version":[{"id":67819,"href":"https:\/\/desrealestate.al\/sq\/wp-json\/wp\/v2\/property-api\/67816\/revisions\/67819"}],"wp:attachment":[{"href":"https:\/\/desrealestate.al\/sq\/wp-json\/wp\/v2\/media?parent=67816"}],"wp:term":[{"taxonomy":"property-type","embeddable":true,"href":"https:\/\/desrealestate.al\/sq\/wp-json\/wp\/v2\/property-type-api?post=67816"},{"taxonomy":"property-status","embeddable":true,"href":"https:\/\/desrealestate.al\/sq\/wp-json\/wp\/v2\/property-status-api?post=67816"},{"taxonomy":"property-city","embeddable":true,"href":"https:\/\/desrealestate.al\/sq\/wp-json\/wp\/v2\/property-city-api?post=67816"},{"taxonomy":"property-feature","embeddable":true,"href":"https:\/\/desrealestate.al\/sq\/wp-json\/wp\/v2\/property-feature-api?post=67816"}],"curies":[{"name":"wp","href":"https:\/\/api.w.org\/{rel}","templated":true}]}}

<p>Jepet me qira ambjent biznesi në lagjen ‘BEQIR DARDHA’  , Elbasan.  <br />                                                      Ambjenti është në përdorim si bar restorant taverne.                                                     <br />                                                   Vendodhja e tij në një ndër pikat kryesore të qytetit të Elbasanit e bën një mundësi shumë të mirë investimi. Ambjenti është i kompletuar dhe një sipërfaqe prej 300 m2.                         <br /> Për më shumë informacione ose një vizitë në pronë na kontaktoni. ☎️ +355 69 70 32 245</p>

<p>Jepet me qira ambjent biznesi në lagjen ‘BEQIR DARDHA’ , Elbasan. Ambjenti është në përdorim si bar restorant taverne. Vendodhja e tij në një ndër pikat kryesore të qytetit të Elbasanit e bën një mundësi shumë të mirë investimi. Ambjenti është i kompletuar dhe një sipërfaqe prej 300 m2. Për më shumë informacione ose një [&hellip;]</p>

<!-- This site is optimized with the Yoast SEO Premium plugin v15.2 - https://yoast.com/wordpress/plugins/seo/ -->
<title>JEPET ME QIRA AMBJENT BIZNESI NE LAGJEN ‘BEQIR DARDHA’ ,ELBASAN. - DES Real Estate</title>
<meta name="robots" content="index, follow, max-snippet:-1, max-image-preview:large, max-video-preview:-1" />
<link rel="canonical" href="https://desrealestate.al/sq/property/jepet-me-qira-ambjent-biznesi-ne-lagjen-beqir-dardha-elbasan/" />
<meta property="og:locale" content="sq_AL" />
<meta property="og:type" content="article" />
<meta property="og:title" content="JEPET ME QIRA AMBJENT BIZNESI NE LAGJEN ‘BEQIR DARDHA’ ,ELBASAN. - DES Real Estate" />
<meta property="og:description" content="Jepet me qira ambjent biznesi në lagjen ‘BEQIR DARDHA’ , Elbasan. Ambjenti është në përdorim si bar restorant taverne. Vendodhja e tij në një ndër pikat kryesore të qytetit të Elbasanit e bën një mundësi shumë të mirë investimi. Ambjenti është i kompletuar dhe një sipërfaqe prej 300 m2. Për më shumë informacione ose një [&hellip;]" />
<meta property="og:url" content="https://desrealestate.al/sq/property/jepet-me-qira-ambjent-biznesi-ne-lagjen-beqir-dardha-elbasan/" />
<meta property="og:site_name" content="DES Real Estate" />
<meta property="article:publisher" content="https://www.facebook.com/DesRealEstate.al/" />
<meta property="article:modified_time" content="2024-11-19T15:32:09+00:00" />
<meta property="og:image" content="https://desrealestate.al/wp-content/uploads/2020/11/DES-Real-Estate-Logo-Vertikale-fb.jpg" />
	<meta property="og:image:width" content="1102" />
	<meta property="og:image:height" content="596" />
<meta property="fb:app_id" content="387924425682656" />
<meta name="twitter:card" content="summary_large_image" />
<meta name="twitter:label1" value="Written by">
	<meta name="twitter:data1" value="master">
	<meta name="twitter:label2" value="Est. reading time">
	<meta name="twitter:data2" value="0 minuta">
<script type="application/ld+json" class="yoast-schema-graph">{"@context":"https://schema.org","@graph":[{"@type":"Organization","@id":"https://desrealestate.al/sq/#organization","name":"DES Real Estate","url":"https://desrealestate.al/sq/","sameAs":["https://www.facebook.com/DesRealEstate.al/","https://www.instagram.com/desrealestate.al/"],"logo":{"@type":"ImageObject","@id":"https://desrealestate.al/sq/#logo","inLanguage":"sq","url":"https://desrealestate.al/wp-content/uploads/2020/05/DES-Real-Estate-Logo-Vertikale.png","width":171,"height":115,"caption":"DES Real Estate"},"image":{"@id":"https://desrealestate.al/sq/#logo"}},{"@type":"WebSite","@id":"https://desrealestate.al/sq/#website","url":"https://desrealestate.al/sq/","name":"DES Real Estate","description":"Sht\u00ebpia \u00ebsht\u00eb e para","publisher":{"@id":"https://desrealestate.al/sq/#organization"},"potentialAction":[{"@type":"SearchAction","target":"https://desrealestate.al/sq/?s={search_term_string}","query-input":"required name=search_term_string"}],"inLanguage":"sq"},{"@type":"WebPage","@id":"https://desrealestate.al/sq/property/jepet-me-qira-ambjent-biznesi-ne-lagjen-beqir-dardha-elbasan/#webpage","url":"https://desrealestate.al/sq/property/jepet-me-qira-ambjent-biznesi-ne-lagjen-beqir-dardha-elbasan/","name":"JEPET ME QIRA AMBJENT BIZNESI NE LAGJEN \u2018BEQIR DARDHA\u2019 ,ELBASAN. - DES Real Estate","isPartOf":{"@id":"https://desrealestate.al/sq/#website"},"datePublished":"2023-04-11T17:34:43+00:00","dateModified":"2024-11-19T15:32:09+00:00","inLanguage":"sq","potentialAction":[{"@type":"ReadAction","target":["https://desrealestate.al/sq/property/jepet-me-qira-ambjent-biznesi-ne-lagjen-beqir-dardha-elbasan/"]}]}]}</script>
<!-- / Yoast SEO Premium plugin. -->
