{"id":69713,"date":"2023-07-20T15:28:17","date_gmt":"2023-07-20T15:28:17","guid":{"rendered":"https:\/\/desrealestate.al\/sq\/property\/jepet-me-qira-ambient-per-zyra-tek-harry-fultz-tirane\/"},"modified":"2025-10-01T08:47:27","modified_gmt":"2025-10-01T08:47:27","slug":"jepet-me-qira-ambient-per-zyra-tek-harry-fultz-tirane","status":"publish","type":"property","link":"https:\/\/desrealestate.al\/sq\/property\/jepet-me-qira-ambient-per-zyra-tek-harry-fultz-tirane\/","title":{"rendered":"JEPET ME QIRA AMBJENT P\u00cbR ZYRA TEK HARRY FULTZ, TIRAN\u00cb."},"content":{"rendered":"<p>JEPET ME QIRA AMBJENT P\u00cbR ZYRA TEK HARRY FULTZ, TIRAN\u00cb.<\/p>\n<p>Kompleksi PANORAMA.<\/p>\n<p>Mbrapa Harry Fultz.<\/p>\n<p>Ambjenti ndodhet n\u00eb katin e 13-t\u00eb t\u00eb nj\u00eb pallati t\u00eb ri me ashensor .<\/p>\n<p>Ka sip\u00ebrfaqe 125 m2.<\/p>\n<p>E p\u00ebrshtatshme p\u00ebr zyra.<\/p>\n<p>Jepet me qira bosh .<\/p>\n<p>\u00c7mimi i qiras\u00eb:  800 Euro\/muaj.<\/p>\n<p>Ambienti lirohet n\u00eb dat\u00ebn 1 gusht .<\/p>\n<p>P\u00ebr m\u00eb shum\u00eb informacion kontaktoni n\u00eb: +355694083999<\/p>\n","protected":false},"excerpt":{"rendered":"<p>JEPET ME QIRA AMBJENT P\u00cbR ZYRA TEK HARRY FULTZ, TIRAN\u00cb. Kompleksi PANORAMA. Mbrapa Harry Fultz. Ambjenti ndodhet n\u00eb katin e 13-t\u00eb t\u00eb nj\u00eb pallati t\u00eb ri me ashensor . Ka sip\u00ebrfaqe 125 m2. E p\u00ebrshtatshme p\u00ebr zyra. Jepet me qira bosh . \u00c7mimi i qiras\u00eb: 800 Euro\/muaj. Ambienti lirohet n\u00eb dat\u00ebn 1 gusht . P\u00ebr [&hellip;]<\/p>\n","protected":false},"author":1,"featured_media":0,"parent":0,"menu_order":0,"comment_status":"closed","ping_status":"closed","template":"","property-type-api":[332],"property-status-api":[24],"property-city-api":[349,45],"property-feature-api":[17,353,355,359,358],"class_list":["post-69713","property","type-property","status-publish","hentry","property-type-zyre","property-status-for-rent","property-city-shqiperi","property-city-tirane","property-feature-ashensor","property-feature-izolim-termik","property-feature-kondicioner","property-feature-roje-objekti","property-feature-sherbim-administrimi"],"REAL_HOMES_property_price":"800","REAL_HOMES_property_price_type":"Muaj","REAL_HOMES_property_price_postfix":"EUR","REAL_HOMES_property_id":"14529","REAL_HOMES_property_size":"125","REAL_HOMES_property_size_postfix":"M2 ","REAL_HOMES_property_bedrooms":"4","REAL_HOMES_property_bathrooms":"2","REAL_HOMES_property_garage":"","REAL_HOMES_additional_details":{"Tipi Pron\u00ebs":"Zyr\u00eb","Qyteti":"Tirane","\u00c7ertifikat\u00eb Pron\u00ebsie":"Po","\u00c7mimi Negociuesh\u00ebm":" Jo","Kati Pron\u00ebs":"13","Pozicioni Pron\u00ebs":"","Tipi Listimit":"Qira"},"REAL_HOMES_property_address":"Stacioni i Trenit","REAL_HOMES_property_location":"41.335292451633,19.806979856067","REAL_HOMES_attachments":"","REAL_HOMES_agent_display_option":"","REAL_HOMES_agents":"13583","REAL_HOMES_slider_image":"","payment_status":"","REAL_HOMES_tour_video_url":"","REAL_HOMES_tour_video_image":"","REAL_HOMES_property_year_built":"","REAL_HOMES_image_object":"[{\"url\":\"https:\/\/flexie-des.s3.amazonaws.com\/des\/listings\/gallery\/aba57dec94d39d0fe4ad6f24166a37ba.jpg\",\"thumbnail\":\"https:\/\/flexie-des.s3.amazonaws.com\/des\/listings\/gallery\/aba57dec94d39d0fe4ad6f24166a37ba_thumb.jpg\",\"name\":\"39856e06-7486-4f7f-8139-8e6c92b3ecb2.jpg\",\"type\":\"image\/jpeg\",\"is_default\":1},{\"url\":\"https:\/\/flexie-des.s3.amazonaws.com\/des\/listings\/gallery\/9af20c547f0256fdefade888429d1976.jpg\",\"thumbnail\":\"https:\/\/flexie-des.s3.amazonaws.com\/des\/listings\/gallery\/9af20c547f0256fdefade888429d1976_thumb.jpg\",\"name\":\"61db6f6b-d379-42de-a780-0d61d7d3b176.jpg\",\"type\":\"image\/jpeg\"},{\"url\":\"https:\/\/flexie-des.s3.amazonaws.com\/des\/listings\/gallery\/d5eeecd662a4fdc8b4411739d249a36d.jpg\",\"thumbnail\":\"https:\/\/flexie-des.s3.amazonaws.com\/des\/listings\/gallery\/d5eeecd662a4fdc8b4411739d249a36d_thumb.jpg\",\"name\":\"d3201a94-ecea-491d-b876-0a52bf1afce8.jpg\",\"type\":\"image\/jpeg\"},{\"url\":\"https:\/\/flexie-des.s3.amazonaws.com\/des\/listings\/gallery\/a6b59dcc759aaf1fc3a065ef5fbf44b7.jpg\",\"thumbnail\":\"https:\/\/flexie-des.s3.amazonaws.com\/des\/listings\/gallery\/a6b59dcc759aaf1fc3a065ef5fbf44b7_thumb.jpg\",\"name\":\"341de7c9-b691-4742-85d6-782e44fe99a6.jpg\",\"type\":\"image\/jpeg\"},{\"url\":\"https:\/\/flexie-des.s3.amazonaws.com\/des\/listings\/gallery\/125912617bfdb55c4069247238e74391.jpg\",\"thumbnail\":\"https:\/\/flexie-des.s3.amazonaws.com\/des\/listings\/gallery\/125912617bfdb55c4069247238e74391_thumb.jpg\",\"name\":\"f729634c-2d7c-4dea-a043-64a556d89e46.jpg\",\"type\":\"image\/jpeg\"}]","yoast_head":"<!-- This site is optimized with the Yoast SEO Premium plugin v15.2 - https:\/\/yoast.com\/wordpress\/plugins\/seo\/ -->\n<title>JEPET ME QIRA AMBJENT P\u00cbR ZYRA TEK HARRY FULTZ, TIRAN\u00cb. - DES Real Estate<\/title>\n<meta name=\"robots\" content=\"index, follow, max-snippet:-1, max-image-preview:large, max-video-preview:-1\" \/>\n<link rel=\"canonical\" href=\"https:\/\/desrealestate.al\/sq\/property\/jepet-me-qira-ambient-per-zyra-tek-harry-fultz-tirane\/\" \/>\n<meta property=\"og:locale\" content=\"sq_AL\" \/>\n<meta property=\"og:type\" content=\"article\" \/>\n<meta property=\"og:title\" content=\"JEPET ME QIRA AMBJENT P\u00cbR ZYRA TEK HARRY FULTZ, TIRAN\u00cb. - DES Real Estate\" \/>\n<meta property=\"og:description\" content=\"JEPET ME QIRA AMBJENT P\u00cbR ZYRA TEK HARRY FULTZ, TIRAN\u00cb. Kompleksi PANORAMA. Mbrapa Harry Fultz. Ambjenti ndodhet n\u00eb katin e 13-t\u00eb t\u00eb nj\u00eb pallati t\u00eb ri me ashensor . Ka sip\u00ebrfaqe 125 m2. E p\u00ebrshtatshme p\u00ebr zyra. Jepet me qira bosh . \u00c7mimi i qiras\u00eb: 800 Euro\/muaj. Ambienti lirohet n\u00eb dat\u00ebn 1 gusht . P\u00ebr [&hellip;]\" \/>\n<meta property=\"og:url\" content=\"https:\/\/desrealestate.al\/sq\/property\/jepet-me-qira-ambient-per-zyra-tek-harry-fultz-tirane\/\" \/>\n<meta property=\"og:site_name\" content=\"DES Real Estate\" \/>\n<meta property=\"article:publisher\" content=\"https:\/\/www.facebook.com\/DesRealEstate.al\/\" \/>\n<meta property=\"article:modified_time\" content=\"2025-10-01T08:47:27+00:00\" \/>\n<meta property=\"og:image\" content=\"https:\/\/desrealestate.al\/wp-content\/uploads\/2020\/11\/DES-Real-Estate-Logo-Vertikale-fb.jpg\" \/>\n\t<meta property=\"og:image:width\" content=\"1102\" \/>\n\t<meta property=\"og:image:height\" content=\"596\" \/>\n<meta property=\"fb:app_id\" content=\"387924425682656\" \/>\n<meta name=\"twitter:card\" content=\"summary_large_image\" \/>\n<meta name=\"twitter:label1\" value=\"Written by\">\n\t<meta name=\"twitter:data1\" value=\"master\">\n\t<meta name=\"twitter:label2\" value=\"Est. reading time\">\n\t<meta name=\"twitter:data2\" value=\"0 minuta\">\n<script type=\"application\/ld+json\" class=\"yoast-schema-graph\">{\"@context\":\"https:\/\/schema.org\",\"@graph\":[{\"@type\":\"Organization\",\"@id\":\"https:\/\/desrealestate.al\/sq\/#organization\",\"name\":\"DES Real Estate\",\"url\":\"https:\/\/desrealestate.al\/sq\/\",\"sameAs\":[\"https:\/\/www.facebook.com\/DesRealEstate.al\/\",\"https:\/\/www.instagram.com\/desrealestate.al\/\"],\"logo\":{\"@type\":\"ImageObject\",\"@id\":\"https:\/\/desrealestate.al\/sq\/#logo\",\"inLanguage\":\"sq\",\"url\":\"https:\/\/desrealestate.al\/wp-content\/uploads\/2020\/05\/DES-Real-Estate-Logo-Vertikale.png\",\"width\":171,\"height\":115,\"caption\":\"DES Real Estate\"},\"image\":{\"@id\":\"https:\/\/desrealestate.al\/sq\/#logo\"}},{\"@type\":\"WebSite\",\"@id\":\"https:\/\/desrealestate.al\/sq\/#website\",\"url\":\"https:\/\/desrealestate.al\/sq\/\",\"name\":\"DES Real Estate\",\"description\":\"Sht\\u00ebpia \\u00ebsht\\u00eb e para\",\"publisher\":{\"@id\":\"https:\/\/desrealestate.al\/sq\/#organization\"},\"potentialAction\":[{\"@type\":\"SearchAction\",\"target\":\"https:\/\/desrealestate.al\/sq\/?s={search_term_string}\",\"query-input\":\"required name=search_term_string\"}],\"inLanguage\":\"sq\"},{\"@type\":\"WebPage\",\"@id\":\"https:\/\/desrealestate.al\/sq\/property\/jepet-me-qira-ambient-per-zyra-tek-harry-fultz-tirane\/#webpage\",\"url\":\"https:\/\/desrealestate.al\/sq\/property\/jepet-me-qira-ambient-per-zyra-tek-harry-fultz-tirane\/\",\"name\":\"JEPET ME QIRA AMBJENT P\\u00cbR ZYRA TEK HARRY FULTZ, TIRAN\\u00cb. - DES Real Estate\",\"isPartOf\":{\"@id\":\"https:\/\/desrealestate.al\/sq\/#website\"},\"datePublished\":\"2023-07-20T15:28:17+00:00\",\"dateModified\":\"2025-10-01T08:47:27+00:00\",\"inLanguage\":\"sq\",\"potentialAction\":[{\"@type\":\"ReadAction\",\"target\":[\"https:\/\/desrealestate.al\/sq\/property\/jepet-me-qira-ambient-per-zyra-tek-harry-fultz-tirane\/\"]}]}]}<\/script>\n<!-- \/ Yoast SEO Premium plugin. -->","_links":{"self":[{"href":"https:\/\/desrealestate.al\/sq\/wp-json\/wp\/v2\/property-api\/69713"}],"collection":[{"href":"https:\/\/desrealestate.al\/sq\/wp-json\/wp\/v2\/property-api"}],"about":[{"href":"https:\/\/desrealestate.al\/sq\/wp-json\/wp\/v2\/types\/property"}],"author":[{"embeddable":true,"href":"https:\/\/desrealestate.al\/sq\/wp-json\/wp\/v2\/users\/1"}],"replies":[{"embeddable":true,"href":"https:\/\/desrealestate.al\/sq\/wp-json\/wp\/v2\/comments?post=69713"}],"version-history":[{"count":4,"href":"https:\/\/desrealestate.al\/sq\/wp-json\/wp\/v2\/property-api\/69713\/revisions"}],"predecessor-version":[{"id":69723,"href":"https:\/\/desrealestate.al\/sq\/wp-json\/wp\/v2\/property-api\/69713\/revisions\/69723"}],"wp:attachment":[{"href":"https:\/\/desrealestate.al\/sq\/wp-json\/wp\/v2\/media?parent=69713"}],"wp:term":[{"taxonomy":"property-type","embeddable":true,"href":"https:\/\/desrealestate.al\/sq\/wp-json\/wp\/v2\/property-type-api?post=69713"},{"taxonomy":"property-status","embeddable":true,"href":"https:\/\/desrealestate.al\/sq\/wp-json\/wp\/v2\/property-status-api?post=69713"},{"taxonomy":"property-city","embeddable":true,"href":"https:\/\/desrealestate.al\/sq\/wp-json\/wp\/v2\/property-city-api?post=69713"},{"taxonomy":"property-feature","embeddable":true,"href":"https:\/\/desrealestate.al\/sq\/wp-json\/wp\/v2\/property-feature-api?post=69713"}],"curies":[{"name":"wp","href":"https:\/\/api.w.org\/{rel}","templated":true}]}}

JEPET ME QIRA AMBJENT PËR ZYRA TEK HARRY FULTZ, TIRANË.

<p>JEPET ME QIRA AMBJENT PËR ZYRA TEK HARRY FULTZ, TIRANË.</p>
<p>Kompleksi PANORAMA.</p>
<p>Mbrapa Harry Fultz.</p>
<p>Ambjenti ndodhet në katin e 13-të të një pallati të ri me ashensor .</p>
<p>Ka sipërfaqe 125 m2.</p>
<p>E përshtatshme për zyra.</p>
<p>Jepet me qira bosh .</p>
<p>Çmimi i qirasë:  800 Euro/muaj.</p>
<p>Ambienti lirohet në datën 1 gusht .</p>
<p>Për më shumë informacion kontaktoni në: +355694083999</p>

<p>JEPET ME QIRA AMBJENT PËR ZYRA TEK HARRY FULTZ, TIRANË. Kompleksi PANORAMA. Mbrapa Harry Fultz. Ambjenti ndodhet në katin e 13-të të një pallati të ri me ashensor . Ka sipërfaqe 125 m2. E përshtatshme për zyra. Jepet me qira bosh . Çmimi i qirasë: 800 Euro/muaj. Ambienti lirohet në datën 1 gusht . Për [&hellip;]</p>

Zyrë

<!-- This site is optimized with the Yoast SEO Premium plugin v15.2 - https://yoast.com/wordpress/plugins/seo/ -->
<title>JEPET ME QIRA AMBJENT PËR ZYRA TEK HARRY FULTZ, TIRANË. - DES Real Estate</title>
<meta name="robots" content="index, follow, max-snippet:-1, max-image-preview:large, max-video-preview:-1" />
<link rel="canonical" href="https://desrealestate.al/sq/property/jepet-me-qira-ambient-per-zyra-tek-harry-fultz-tirane/" />
<meta property="og:locale" content="sq_AL" />
<meta property="og:type" content="article" />
<meta property="og:title" content="JEPET ME QIRA AMBJENT PËR ZYRA TEK HARRY FULTZ, TIRANË. - DES Real Estate" />
<meta property="og:description" content="JEPET ME QIRA AMBJENT PËR ZYRA TEK HARRY FULTZ, TIRANË. Kompleksi PANORAMA. Mbrapa Harry Fultz. Ambjenti ndodhet në katin e 13-të të një pallati të ri me ashensor . Ka sipërfaqe 125 m2. E përshtatshme për zyra. Jepet me qira bosh . Çmimi i qirasë: 800 Euro/muaj. Ambienti lirohet në datën 1 gusht . Për [&hellip;]" />
<meta property="og:url" content="https://desrealestate.al/sq/property/jepet-me-qira-ambient-per-zyra-tek-harry-fultz-tirane/" />
<meta property="og:site_name" content="DES Real Estate" />
<meta property="article:publisher" content="https://www.facebook.com/DesRealEstate.al/" />
<meta property="article:modified_time" content="2025-10-01T08:47:27+00:00" />
<meta property="og:image" content="https://desrealestate.al/wp-content/uploads/2020/11/DES-Real-Estate-Logo-Vertikale-fb.jpg" />
	<meta property="og:image:width" content="1102" />
	<meta property="og:image:height" content="596" />
<meta property="fb:app_id" content="387924425682656" />
<meta name="twitter:card" content="summary_large_image" />
<meta name="twitter:label1" value="Written by">
	<meta name="twitter:data1" value="master">
	<meta name="twitter:label2" value="Est. reading time">
	<meta name="twitter:data2" value="0 minuta">
<script type="application/ld+json" class="yoast-schema-graph">{"@context":"https://schema.org","@graph":[{"@type":"Organization","@id":"https://desrealestate.al/sq/#organization","name":"DES Real Estate","url":"https://desrealestate.al/sq/","sameAs":["https://www.facebook.com/DesRealEstate.al/","https://www.instagram.com/desrealestate.al/"],"logo":{"@type":"ImageObject","@id":"https://desrealestate.al/sq/#logo","inLanguage":"sq","url":"https://desrealestate.al/wp-content/uploads/2020/05/DES-Real-Estate-Logo-Vertikale.png","width":171,"height":115,"caption":"DES Real Estate"},"image":{"@id":"https://desrealestate.al/sq/#logo"}},{"@type":"WebSite","@id":"https://desrealestate.al/sq/#website","url":"https://desrealestate.al/sq/","name":"DES Real Estate","description":"Sht\u00ebpia \u00ebsht\u00eb e para","publisher":{"@id":"https://desrealestate.al/sq/#organization"},"potentialAction":[{"@type":"SearchAction","target":"https://desrealestate.al/sq/?s={search_term_string}","query-input":"required name=search_term_string"}],"inLanguage":"sq"},{"@type":"WebPage","@id":"https://desrealestate.al/sq/property/jepet-me-qira-ambient-per-zyra-tek-harry-fultz-tirane/#webpage","url":"https://desrealestate.al/sq/property/jepet-me-qira-ambient-per-zyra-tek-harry-fultz-tirane/","name":"JEPET ME QIRA AMBJENT P\u00cbR ZYRA TEK HARRY FULTZ, TIRAN\u00cb. - DES Real Estate","isPartOf":{"@id":"https://desrealestate.al/sq/#website"},"datePublished":"2023-07-20T15:28:17+00:00","dateModified":"2025-10-01T08:47:27+00:00","inLanguage":"sq","potentialAction":[{"@type":"ReadAction","target":["https://desrealestate.al/sq/property/jepet-me-qira-ambient-per-zyra-tek-harry-fultz-tirane/"]}]}]}</script>
<!-- / Yoast SEO Premium plugin. -->
