{"id":70370,"date":"2023-09-07T11:04:02","date_gmt":"2023-09-07T11:04:02","guid":{"rendered":"https:\/\/desrealestate.al\/sq\/property\/shitet-apartament-21-i-mobiluar-ne-lagjen-emin-matraxhiuelbasan\/"},"modified":"2024-11-19T15:40:12","modified_gmt":"2024-11-19T15:40:12","slug":"shitet-apartament-21-i-mobiluar-ne-lagjen-emin-matraxhiuelbasan","status":"publish","type":"property","link":"https:\/\/desrealestate.al\/sq\/property\/shitet-apartament-21-i-mobiluar-ne-lagjen-emin-matraxhiuelbasan\/","title":{"rendered":"SHITET APARTAMENT 2+1 I MOBILUAR N\u00cb LAGJEN &#8216;EMIN MATRAXHIU&#8217;,ELBASAN."},"content":{"rendered":"<p>SHITET APARTAMENT 2+1 N\u00cb LAGJEN \u2018EMIN MATRAXHIU\u2019 ELBASAN.<\/p>\n<p>Sip\u00ebrfaqe\u2013> 130 m2 t\u00eb certifikuara<\/p>\n<p>Zona n\u00eb t\u00eb cil\u00ebn ndodhet apartamenti \u00ebsht\u00eb nj\u00eb zon\u00eb shum\u00eb e zhvilluar e cila ofron t\u00eb gjitha facilitet e nevojshme p\u00ebr nj\u00eb jetes\u00eb komode.<\/p>\n<p>Orientimi i apartamentit \u00ebsht\u00eb shum\u00eb i mir\u00eb, i favorsh\u00ebm p\u00ebr nj\u00eb ndri\u00e7im sa m\u00eb natyral n\u00eb \u00e7do ambient t\u00eb brendsh\u00ebm.<\/p>\n<p>Apartamenti organizohet nga nj\u00eb korridor, i cili b\u00ebn shp\u00ebrndarjen n\u00eb sallonin e bollsh\u00ebm dhe ambientin e gatimit, m\u00eb pas n\u00eb dy dhomat e gjumit, 2 tualete ,nj\u00eb ambjent garderobe, dhe secila nga dhomat ka dalje n\u00eb ballkon.<\/p>\n<p>Detaje t\u00eb tjera:<br \/>Kati i 3<br \/>Pallat i ri Ashensor<br \/>Ndri\u00e7im natyral<br \/>Totalisht i mobiluar<\/p>\n<p>Posedon dokumentacion t\u00eb rregullt hipotekor.<\/p>\n<p>P\u00ebr m\u00eb shum\u00eb informacione ose nj\u00eb vizit\u00eb n\u00eb pron\u00eb, na kontaktoni!<\/p>\n<p>Kontakt:<br \/>+355692045100<\/p>\n","protected":false},"excerpt":{"rendered":"<p>SHITET APARTAMENT 2+1 N\u00cb LAGJEN \u2018EMIN MATRAXHIU\u2019 ELBASAN. Sip\u00ebrfaqe\u2013> 130 m2 t\u00eb certifikuara Zona n\u00eb t\u00eb cil\u00ebn ndodhet apartamenti \u00ebsht\u00eb nj\u00eb zon\u00eb shum\u00eb e zhvilluar e cila ofron t\u00eb gjitha facilitet e nevojshme p\u00ebr nj\u00eb jetes\u00eb komode. Orientimi i apartamentit \u00ebsht\u00eb shum\u00eb i mir\u00eb, i favorsh\u00ebm p\u00ebr nj\u00eb ndri\u00e7im sa m\u00eb natyral n\u00eb \u00e7do ambient [&hellip;]<\/p>\n","protected":false},"author":1,"featured_media":0,"parent":0,"menu_order":0,"comment_status":"closed","ping_status":"closed","template":"","property-type-api":[38],"property-status-api":[25],"property-city-api":[48,349],"property-feature-api":[17,353,357,355,356,358],"class_list":["post-70370","property","type-property","status-publish","hentry","property-type-apartament","property-status-for-sale","property-city-elbasan","property-city-shqiperi","property-feature-ashensor","property-feature-izolim-termik","property-feature-kaldaje","property-feature-kondicioner","property-feature-mobilim","property-feature-sherbim-administrimi"],"REAL_HOMES_property_price":"98000","REAL_HOMES_property_price_type":"Total","REAL_HOMES_property_price_postfix":"EUR","REAL_HOMES_property_id":"14714","REAL_HOMES_property_size":"130","REAL_HOMES_property_size_postfix":"M2 ","REAL_HOMES_property_bedrooms":"3","REAL_HOMES_property_bathrooms":"2","REAL_HOMES_property_garage":"","REAL_HOMES_additional_details":{"Tipi Pron\u00ebs":"Apartament","Qyteti":"Elbasan","\u00c7ertifikat\u00eb Pron\u00ebsie":"Po","\u00c7mimi Negociuesh\u00ebm":"  Po","Kati Pron\u00ebs":"3","Pozicioni Pron\u00ebs":"Jug","Tipi Listimit":"Shitje"},"REAL_HOMES_property_address":"Emin Matraxhiu","REAL_HOMES_property_location":"41.118284893115,20.093312677299","REAL_HOMES_attachments":"","REAL_HOMES_agent_display_option":"","REAL_HOMES_agents":"26964","REAL_HOMES_slider_image":"","payment_status":"","REAL_HOMES_tour_video_url":"","REAL_HOMES_tour_video_image":"","REAL_HOMES_property_year_built":"","REAL_HOMES_image_object":"[{\"url\":\"https:\/\/flexie-des.s3.amazonaws.com\/des\/listings\/gallery\/374edbd2177789afd7d680cd71f7e1e8.jpg\",\"thumbnail\":\"https:\/\/flexie-des.s3.amazonaws.com\/des\/listings\/gallery\/374edbd2177789afd7d680cd71f7e1e8_thumb.jpg\",\"name\":\"1482db5f-fa22-480e-a7d4-af600fa8975b.jpg\",\"type\":\"image\/jpeg\",\"is_default\":1},{\"url\":\"https:\/\/flexie-des.s3.amazonaws.com\/des\/listings\/gallery\/a05c7f674713dc0ae849ef42146af7c5.jpg\",\"thumbnail\":\"https:\/\/flexie-des.s3.amazonaws.com\/des\/listings\/gallery\/a05c7f674713dc0ae849ef42146af7c5_thumb.jpg\",\"name\":\"a6133f8c-c4fb-4adf-a8fa-ae503365691c.jpg\",\"type\":\"image\/jpeg\"},{\"url\":\"https:\/\/flexie-des.s3.amazonaws.com\/des\/listings\/gallery\/4294357a842003ba2be0bfe01f164f23.jpg\",\"thumbnail\":\"https:\/\/flexie-des.s3.amazonaws.com\/des\/listings\/gallery\/4294357a842003ba2be0bfe01f164f23_thumb.jpg\",\"name\":\"5cb16a8e-8b33-4dc6-8c11-ad5d4c3cb9ad.jpg\",\"type\":\"image\/jpeg\"},{\"url\":\"https:\/\/flexie-des.s3.amazonaws.com\/des\/listings\/gallery\/a622b3141e4f1fa42cf0c5904e217dd0.jpg\",\"thumbnail\":\"https:\/\/flexie-des.s3.amazonaws.com\/des\/listings\/gallery\/a622b3141e4f1fa42cf0c5904e217dd0_thumb.jpg\",\"name\":\"d4119be8-2846-4f70-a425-984a37c365f0.jpg\",\"type\":\"image\/jpeg\"},{\"url\":\"https:\/\/flexie-des.s3.amazonaws.com\/des\/listings\/gallery\/3680f55669ef6614462fee4a9a1f8177.jpg\",\"thumbnail\":\"https:\/\/flexie-des.s3.amazonaws.com\/des\/listings\/gallery\/3680f55669ef6614462fee4a9a1f8177_thumb.jpg\",\"name\":\"c26de3c4-2ae8-41c3-98e8-ee96cdbcfe48.jpg\",\"type\":\"image\/jpeg\"},{\"url\":\"https:\/\/flexie-des.s3.amazonaws.com\/des\/listings\/gallery\/562a0c375960a6e2871cf3d619568ee7.jpg\",\"thumbnail\":\"https:\/\/flexie-des.s3.amazonaws.com\/des\/listings\/gallery\/562a0c375960a6e2871cf3d619568ee7_thumb.jpg\",\"name\":\"fd4216f1-b170-449e-b157-bf0104326a7a.jpg\",\"type\":\"image\/jpeg\"},{\"url\":\"https:\/\/flexie-des.s3.amazonaws.com\/des\/listings\/gallery\/0942d2152282998427f985dc6fb4ec85.jpg\",\"thumbnail\":\"https:\/\/flexie-des.s3.amazonaws.com\/des\/listings\/gallery\/0942d2152282998427f985dc6fb4ec85_thumb.jpg\",\"name\":\"2642ec7d-62ce-4cae-b180-083ff3219233.jpg\",\"type\":\"image\/jpeg\"},{\"url\":\"https:\/\/flexie-des.s3.amazonaws.com\/des\/listings\/gallery\/9c7f730b25e4e7493a4b5f6d744f0446.jpg\",\"thumbnail\":\"https:\/\/flexie-des.s3.amazonaws.com\/des\/listings\/gallery\/9c7f730b25e4e7493a4b5f6d744f0446_thumb.jpg\",\"name\":\"12c904ec-8af0-4ebf-b894-b1c9fa3aa1ab.jpg\",\"type\":\"image\/jpeg\"},{\"url\":\"https:\/\/flexie-des.s3.amazonaws.com\/des\/listings\/gallery\/096a88fa1df2aeebfbdc277f9ccd7455.jpg\",\"thumbnail\":\"https:\/\/flexie-des.s3.amazonaws.com\/des\/listings\/gallery\/096a88fa1df2aeebfbdc277f9ccd7455_thumb.jpg\",\"name\":\"1402148f-9a7b-4750-9d79-63fd4479b199.jpg\",\"type\":\"image\/jpeg\"}]","yoast_head":"<!-- This site is optimized with the Yoast SEO Premium plugin v15.2 - https:\/\/yoast.com\/wordpress\/plugins\/seo\/ -->\n<title>SHITET APARTAMENT 2+1 I MOBILUAR N\u00cb LAGJEN &#039;EMIN MATRAXHIU&#039;,ELBASAN. - DES Real Estate<\/title>\n<meta name=\"robots\" content=\"index, follow, max-snippet:-1, max-image-preview:large, max-video-preview:-1\" \/>\n<link rel=\"canonical\" href=\"https:\/\/desrealestate.al\/sq\/property\/shitet-apartament-21-i-mobiluar-ne-lagjen-emin-matraxhiuelbasan\/\" \/>\n<meta property=\"og:locale\" content=\"sq_AL\" \/>\n<meta property=\"og:type\" content=\"article\" \/>\n<meta property=\"og:title\" content=\"SHITET APARTAMENT 2+1 I MOBILUAR N\u00cb LAGJEN &#039;EMIN MATRAXHIU&#039;,ELBASAN. - DES Real Estate\" \/>\n<meta property=\"og:description\" content=\"SHITET APARTAMENT 2+1 N\u00cb LAGJEN \u2018EMIN MATRAXHIU\u2019 ELBASAN. Sip\u00ebrfaqe\u2013&gt; 130 m2 t\u00eb certifikuara Zona n\u00eb t\u00eb cil\u00ebn ndodhet apartamenti \u00ebsht\u00eb nj\u00eb zon\u00eb shum\u00eb e zhvilluar e cila ofron t\u00eb gjitha facilitet e nevojshme p\u00ebr nj\u00eb jetes\u00eb komode. Orientimi i apartamentit \u00ebsht\u00eb shum\u00eb i mir\u00eb, i favorsh\u00ebm p\u00ebr nj\u00eb ndri\u00e7im sa m\u00eb natyral n\u00eb \u00e7do ambient [&hellip;]\" \/>\n<meta property=\"og:url\" content=\"https:\/\/desrealestate.al\/sq\/property\/shitet-apartament-21-i-mobiluar-ne-lagjen-emin-matraxhiuelbasan\/\" \/>\n<meta property=\"og:site_name\" content=\"DES Real Estate\" \/>\n<meta property=\"article:publisher\" content=\"https:\/\/www.facebook.com\/DesRealEstate.al\/\" \/>\n<meta property=\"article:modified_time\" content=\"2024-11-19T15:40:12+00:00\" \/>\n<meta property=\"og:image\" content=\"https:\/\/desrealestate.al\/wp-content\/uploads\/2020\/11\/DES-Real-Estate-Logo-Vertikale-fb.jpg\" \/>\n\t<meta property=\"og:image:width\" content=\"1102\" \/>\n\t<meta property=\"og:image:height\" content=\"596\" \/>\n<meta property=\"fb:app_id\" content=\"387924425682656\" \/>\n<meta name=\"twitter:card\" content=\"summary_large_image\" \/>\n<meta name=\"twitter:label1\" value=\"Written by\">\n\t<meta name=\"twitter:data1\" value=\"master\">\n\t<meta name=\"twitter:label2\" value=\"Est. reading time\">\n\t<meta name=\"twitter:data2\" value=\"1 minut\u00eb\">\n<script type=\"application\/ld+json\" class=\"yoast-schema-graph\">{\"@context\":\"https:\/\/schema.org\",\"@graph\":[{\"@type\":\"Organization\",\"@id\":\"https:\/\/desrealestate.al\/sq\/#organization\",\"name\":\"DES Real Estate\",\"url\":\"https:\/\/desrealestate.al\/sq\/\",\"sameAs\":[\"https:\/\/www.facebook.com\/DesRealEstate.al\/\",\"https:\/\/www.instagram.com\/desrealestate.al\/\"],\"logo\":{\"@type\":\"ImageObject\",\"@id\":\"https:\/\/desrealestate.al\/sq\/#logo\",\"inLanguage\":\"sq\",\"url\":\"https:\/\/desrealestate.al\/wp-content\/uploads\/2020\/05\/DES-Real-Estate-Logo-Vertikale.png\",\"width\":171,\"height\":115,\"caption\":\"DES Real Estate\"},\"image\":{\"@id\":\"https:\/\/desrealestate.al\/sq\/#logo\"}},{\"@type\":\"WebSite\",\"@id\":\"https:\/\/desrealestate.al\/sq\/#website\",\"url\":\"https:\/\/desrealestate.al\/sq\/\",\"name\":\"DES Real Estate\",\"description\":\"Sht\\u00ebpia \\u00ebsht\\u00eb e para\",\"publisher\":{\"@id\":\"https:\/\/desrealestate.al\/sq\/#organization\"},\"potentialAction\":[{\"@type\":\"SearchAction\",\"target\":\"https:\/\/desrealestate.al\/sq\/?s={search_term_string}\",\"query-input\":\"required name=search_term_string\"}],\"inLanguage\":\"sq\"},{\"@type\":\"WebPage\",\"@id\":\"https:\/\/desrealestate.al\/sq\/property\/shitet-apartament-21-i-mobiluar-ne-lagjen-emin-matraxhiuelbasan\/#webpage\",\"url\":\"https:\/\/desrealestate.al\/sq\/property\/shitet-apartament-21-i-mobiluar-ne-lagjen-emin-matraxhiuelbasan\/\",\"name\":\"SHITET APARTAMENT 2+1 I MOBILUAR N\\u00cb LAGJEN 'EMIN MATRAXHIU',ELBASAN. - DES Real Estate\",\"isPartOf\":{\"@id\":\"https:\/\/desrealestate.al\/sq\/#website\"},\"datePublished\":\"2023-09-07T11:04:02+00:00\",\"dateModified\":\"2024-11-19T15:40:12+00:00\",\"inLanguage\":\"sq\",\"potentialAction\":[{\"@type\":\"ReadAction\",\"target\":[\"https:\/\/desrealestate.al\/sq\/property\/shitet-apartament-21-i-mobiluar-ne-lagjen-emin-matraxhiuelbasan\/\"]}]}]}<\/script>\n<!-- \/ Yoast SEO Premium plugin. -->","_links":{"self":[{"href":"https:\/\/desrealestate.al\/sq\/wp-json\/wp\/v2\/property-api\/70370"}],"collection":[{"href":"https:\/\/desrealestate.al\/sq\/wp-json\/wp\/v2\/property-api"}],"about":[{"href":"https:\/\/desrealestate.al\/sq\/wp-json\/wp\/v2\/types\/property"}],"author":[{"embeddable":true,"href":"https:\/\/desrealestate.al\/sq\/wp-json\/wp\/v2\/users\/1"}],"replies":[{"embeddable":true,"href":"https:\/\/desrealestate.al\/sq\/wp-json\/wp\/v2\/comments?post=70370"}],"version-history":[{"count":1,"href":"https:\/\/desrealestate.al\/sq\/wp-json\/wp\/v2\/property-api\/70370\/revisions"}],"predecessor-version":[{"id":70396,"href":"https:\/\/desrealestate.al\/sq\/wp-json\/wp\/v2\/property-api\/70370\/revisions\/70396"}],"wp:attachment":[{"href":"https:\/\/desrealestate.al\/sq\/wp-json\/wp\/v2\/media?parent=70370"}],"wp:term":[{"taxonomy":"property-type","embeddable":true,"href":"https:\/\/desrealestate.al\/sq\/wp-json\/wp\/v2\/property-type-api?post=70370"},{"taxonomy":"property-status","embeddable":true,"href":"https:\/\/desrealestate.al\/sq\/wp-json\/wp\/v2\/property-status-api?post=70370"},{"taxonomy":"property-city","embeddable":true,"href":"https:\/\/desrealestate.al\/sq\/wp-json\/wp\/v2\/property-city-api?post=70370"},{"taxonomy":"property-feature","embeddable":true,"href":"https:\/\/desrealestate.al\/sq\/wp-json\/wp\/v2\/property-feature-api?post=70370"}],"curies":[{"name":"wp","href":"https:\/\/api.w.org\/{rel}","templated":true}]}}

SHITET APARTAMENT 2+1 I MOBILUAR NË LAGJEN &#8216;EMIN MATRAXHIU&#8217;,ELBASAN.

<p>SHITET APARTAMENT 2+1 NË LAGJEN ‘EMIN MATRAXHIU’ ELBASAN.</p>
<p>Sipërfaqe–> 130 m2 të certifikuara</p>
<p>Zona në të cilën ndodhet apartamenti është një zonë shumë e zhvilluar e cila ofron të gjitha facilitet e nevojshme për një jetesë komode.</p>
<p>Orientimi i apartamentit është shumë i mirë, i favorshëm për një ndriçim sa më natyral në çdo ambient të brendshëm.</p>
<p>Apartamenti organizohet nga një korridor, i cili bën shpërndarjen në sallonin e bollshëm dhe ambientin e gatimit, më pas në dy dhomat e gjumit, 2 tualete ,një ambjent garderobe, dhe secila nga dhomat ka dalje në ballkon.</p>
<p>Detaje të tjera:<br />Kati i 3<br />Pallat i ri Ashensor<br />Ndriçim natyral<br />Totalisht i mobiluar</p>
<p>Posedon dokumentacion të rregullt hipotekor.</p>
<p>Për më shumë informacione ose një vizitë në pronë, na kontaktoni!</p>
<p>Kontakt:<br />+355692045100</p>

<p>SHITET APARTAMENT 2+1 NË LAGJEN ‘EMIN MATRAXHIU’ ELBASAN. Sipërfaqe–> 130 m2 të certifikuara Zona në të cilën ndodhet apartamenti është një zonë shumë e zhvilluar e cila ofron të gjitha facilitet e nevojshme për një jetesë komode. Orientimi i apartamentit është shumë i mirë, i favorshëm për një ndriçim sa më natyral në çdo ambient [&hellip;]</p>

<!-- This site is optimized with the Yoast SEO Premium plugin v15.2 - https://yoast.com/wordpress/plugins/seo/ -->
<title>SHITET APARTAMENT 2+1 I MOBILUAR NË LAGJEN &#039;EMIN MATRAXHIU&#039;,ELBASAN. - DES Real Estate</title>
<meta name="robots" content="index, follow, max-snippet:-1, max-image-preview:large, max-video-preview:-1" />
<link rel="canonical" href="https://desrealestate.al/sq/property/shitet-apartament-21-i-mobiluar-ne-lagjen-emin-matraxhiuelbasan/" />
<meta property="og:locale" content="sq_AL" />
<meta property="og:type" content="article" />
<meta property="og:title" content="SHITET APARTAMENT 2+1 I MOBILUAR NË LAGJEN &#039;EMIN MATRAXHIU&#039;,ELBASAN. - DES Real Estate" />
<meta property="og:description" content="SHITET APARTAMENT 2+1 NË LAGJEN ‘EMIN MATRAXHIU’ ELBASAN. Sipërfaqe–&gt; 130 m2 të certifikuara Zona në të cilën ndodhet apartamenti është një zonë shumë e zhvilluar e cila ofron të gjitha facilitet e nevojshme për një jetesë komode. Orientimi i apartamentit është shumë i mirë, i favorshëm për një ndriçim sa më natyral në çdo ambient [&hellip;]" />
<meta property="og:url" content="https://desrealestate.al/sq/property/shitet-apartament-21-i-mobiluar-ne-lagjen-emin-matraxhiuelbasan/" />
<meta property="og:site_name" content="DES Real Estate" />
<meta property="article:publisher" content="https://www.facebook.com/DesRealEstate.al/" />
<meta property="article:modified_time" content="2024-11-19T15:40:12+00:00" />
<meta property="og:image" content="https://desrealestate.al/wp-content/uploads/2020/11/DES-Real-Estate-Logo-Vertikale-fb.jpg" />
	<meta property="og:image:width" content="1102" />
	<meta property="og:image:height" content="596" />
<meta property="fb:app_id" content="387924425682656" />
<meta name="twitter:card" content="summary_large_image" />
<meta name="twitter:label1" value="Written by">
	<meta name="twitter:data1" value="master">
	<meta name="twitter:label2" value="Est. reading time">
	<meta name="twitter:data2" value="1 minutë">
<script type="application/ld+json" class="yoast-schema-graph">{"@context":"https://schema.org","@graph":[{"@type":"Organization","@id":"https://desrealestate.al/sq/#organization","name":"DES Real Estate","url":"https://desrealestate.al/sq/","sameAs":["https://www.facebook.com/DesRealEstate.al/","https://www.instagram.com/desrealestate.al/"],"logo":{"@type":"ImageObject","@id":"https://desrealestate.al/sq/#logo","inLanguage":"sq","url":"https://desrealestate.al/wp-content/uploads/2020/05/DES-Real-Estate-Logo-Vertikale.png","width":171,"height":115,"caption":"DES Real Estate"},"image":{"@id":"https://desrealestate.al/sq/#logo"}},{"@type":"WebSite","@id":"https://desrealestate.al/sq/#website","url":"https://desrealestate.al/sq/","name":"DES Real Estate","description":"Sht\u00ebpia \u00ebsht\u00eb e para","publisher":{"@id":"https://desrealestate.al/sq/#organization"},"potentialAction":[{"@type":"SearchAction","target":"https://desrealestate.al/sq/?s={search_term_string}","query-input":"required name=search_term_string"}],"inLanguage":"sq"},{"@type":"WebPage","@id":"https://desrealestate.al/sq/property/shitet-apartament-21-i-mobiluar-ne-lagjen-emin-matraxhiuelbasan/#webpage","url":"https://desrealestate.al/sq/property/shitet-apartament-21-i-mobiluar-ne-lagjen-emin-matraxhiuelbasan/","name":"SHITET APARTAMENT 2+1 I MOBILUAR N\u00cb LAGJEN 'EMIN MATRAXHIU',ELBASAN. - DES Real Estate","isPartOf":{"@id":"https://desrealestate.al/sq/#website"},"datePublished":"2023-09-07T11:04:02+00:00","dateModified":"2024-11-19T15:40:12+00:00","inLanguage":"sq","potentialAction":[{"@type":"ReadAction","target":["https://desrealestate.al/sq/property/shitet-apartament-21-i-mobiluar-ne-lagjen-emin-matraxhiuelbasan/"]}]}]}</script>
<!-- / Yoast SEO Premium plugin. -->
