{"id":74071,"date":"2024-07-05T14:05:04","date_gmt":"2024-07-05T14:05:04","guid":{"rendered":"https:\/\/desrealestate.al\/sq\/property\/jepet-me-qira-apartament-i-mobiluar-ne-lagjen-emin-matraxhiu-elbasan\/"},"modified":"2024-11-19T15:58:33","modified_gmt":"2024-11-19T15:58:33","slug":"jepet-me-qira-apartament-i-mobiluar-ne-lagjen-emin-matraxhiu-elbasan","status":"publish","type":"property","link":"https:\/\/desrealestate.al\/sq\/property\/jepet-me-qira-apartament-i-mobiluar-ne-lagjen-emin-matraxhiu-elbasan\/","title":{"rendered":"JEPET ME QIRA APARTAMENT I MOBILUAR N\u00cb LAGJEN &#039;EMIN MATRAXHIU&#039; ELBASAN."},"content":{"rendered":"<p>JEPET ME QIRA APARTAMENT 1+1 N\u00cb LAGJEN EMIN MATRAXHIU , ELBASAN.<\/p>\n<p>Apartamenti gjendet n\u00eb nj\u00eb zon\u00eb leht\u00ebsisht t\u00eb aksesueshme, dhe me t\u00eb gjitha facilitetet e nevojshme pran\u00eb.<\/p>\n<p>Sip\u00ebrfaqja e tij \u00ebsht\u00eb 107 m2 dhe ndodhet n\u00eb katin e 8-t\u00eb nj\u00eb pallati t\u00eb ri me ashensor.<\/p>\n<p>Apartamenti organizohet n\u00eb: 1 dhom\u00eb gjumi, sallon+kuzhine, 1 tualet dhe 1 ballkon.<\/p>\n<p>Apartamenti ka nj\u00eb investim shum\u00eb cil\u00ebsor n\u00eb mobilim dhe rifinitura.<\/p>\n<p>\u00c7mimi \u00ebsht\u00eb 230 euro\/muaj.<\/p>\n<p>P\u00ebr m\u00eb shum\u00eb informacion ose nj\u00eb vizit\u00eb n\u00eb pron\u00eb, kontaktoni n\u00eb: +35569 20 45 100<\/p>\n","protected":false},"excerpt":{"rendered":"<p>JEPET ME QIRA APARTAMENT 1+1 N\u00cb LAGJEN EMIN MATRAXHIU , ELBASAN. Apartamenti gjendet n\u00eb nj\u00eb zon\u00eb leht\u00ebsisht t\u00eb aksesueshme, dhe me t\u00eb gjitha facilitetet e nevojshme pran\u00eb. Sip\u00ebrfaqja e tij \u00ebsht\u00eb 107 m2 dhe ndodhet n\u00eb katin e 8-t\u00eb nj\u00eb pallati t\u00eb ri me ashensor. Apartamenti organizohet n\u00eb: 1 dhom\u00eb gjumi, sallon+kuzhine, 1 tualet dhe [&hellip;]<\/p>\n","protected":false},"author":1,"featured_media":0,"parent":0,"menu_order":0,"comment_status":"closed","ping_status":"closed","template":"","property-type-api":[38],"property-status-api":[24],"property-city-api":[48,349],"property-feature-api":[17,355,356,360,358],"class_list":["post-74071","property","type-property","status-publish","hentry","property-type-apartament","property-status-for-rent","property-city-elbasan","property-city-shqiperi","property-feature-ashensor","property-feature-kondicioner","property-feature-mobilim","property-feature-parking","property-feature-sherbim-administrimi"],"REAL_HOMES_property_price":"230","REAL_HOMES_property_price_type":"Muaj","REAL_HOMES_property_price_postfix":"EUR","REAL_HOMES_property_id":"16022","REAL_HOMES_property_size":"107","REAL_HOMES_property_size_postfix":"M2 ","REAL_HOMES_property_bedrooms":"2","REAL_HOMES_property_bathrooms":"1","REAL_HOMES_property_garage":"","REAL_HOMES_additional_details":{"Tipi Pron\u00ebs":"Apartament","Qyteti":"Elbasan","\u00c7ertifikat\u00eb Pron\u00ebsie":"Po","\u00c7mimi Negociuesh\u00ebm":"  Po","Kati Pron\u00ebs":"8","Pozicioni Pron\u00ebs":"Jug","Tipi Listimit":"Qira"},"REAL_HOMES_property_address":"Emin Matraxhiu","REAL_HOMES_property_location":"41.11798191403,20.093242616874","REAL_HOMES_attachments":"","REAL_HOMES_agent_display_option":"","REAL_HOMES_agents":"26964","REAL_HOMES_slider_image":"","payment_status":"","REAL_HOMES_tour_video_url":"","REAL_HOMES_tour_video_image":"","REAL_HOMES_property_year_built":"","REAL_HOMES_image_object":"[{\"url\":\"https:\/\/flexie-des.s3.amazonaws.com\/des\/listings\/gallery\/d412ee8843263f1c349ea821a5e70a8a.jpg\",\"thumbnail\":\"https:\/\/flexie-des.s3.amazonaws.com\/des\/listings\/gallery\/d412ee8843263f1c349ea821a5e70a8a_thumb.jpg\",\"name\":\"a67b0da9-e920-438f-a815-721143874956.jpg\",\"type\":\"image\/jpeg\",\"is_default\":1},{\"url\":\"https:\/\/flexie-des.s3.amazonaws.com\/des\/listings\/gallery\/c52c1998ef3c5e8648c7a69093707fc4.jpg\",\"thumbnail\":\"https:\/\/flexie-des.s3.amazonaws.com\/des\/listings\/gallery\/c52c1998ef3c5e8648c7a69093707fc4_thumb.jpg\",\"name\":\"20a07893-b974-4d09-b043-a5362586ca2d.jpg\",\"type\":\"image\/jpeg\"},{\"url\":\"https:\/\/flexie-des.s3.amazonaws.com\/des\/listings\/gallery\/3ebade9a1e0482c29e8864646ffdb9d2.jpg\",\"thumbnail\":\"https:\/\/flexie-des.s3.amazonaws.com\/des\/listings\/gallery\/3ebade9a1e0482c29e8864646ffdb9d2_thumb.jpg\",\"name\":\"50d874c5-f27f-4842-9367-4f3c2cb83b3c.jpg\",\"type\":\"image\/jpeg\"},{\"url\":\"https:\/\/flexie-des.s3.amazonaws.com\/des\/listings\/gallery\/d9886b44a23df41e183481937874bd71.jpg\",\"thumbnail\":\"https:\/\/flexie-des.s3.amazonaws.com\/des\/listings\/gallery\/d9886b44a23df41e183481937874bd71_thumb.jpg\",\"name\":\"9c292397-dc2b-42d1-a343-426174933c8b.jpg\",\"type\":\"image\/jpeg\"},{\"url\":\"https:\/\/flexie-des.s3.amazonaws.com\/des\/listings\/gallery\/4140e73c76579ed44bfccf911d3b8bfc.jpg\",\"thumbnail\":\"https:\/\/flexie-des.s3.amazonaws.com\/des\/listings\/gallery\/4140e73c76579ed44bfccf911d3b8bfc_thumb.jpg\",\"name\":\"b10b011c-39ea-4564-9828-76f2488302d1.jpg\",\"type\":\"image\/jpeg\"},{\"url\":\"https:\/\/flexie-des.s3.amazonaws.com\/des\/listings\/gallery\/69aac9bd75e65ca5807008b1ac101abd.jpg\",\"thumbnail\":\"https:\/\/flexie-des.s3.amazonaws.com\/des\/listings\/gallery\/69aac9bd75e65ca5807008b1ac101abd_thumb.jpg\",\"name\":\"b9e6ad8f-47b8-4ccd-97cc-6e373dee2d6d.jpg\",\"type\":\"image\/jpeg\"},{\"url\":\"https:\/\/flexie-des.s3.amazonaws.com\/des\/listings\/gallery\/a2b7dcc9e2e2a1b0c2e7eb573126699b.jpg\",\"thumbnail\":\"https:\/\/flexie-des.s3.amazonaws.com\/des\/listings\/gallery\/a2b7dcc9e2e2a1b0c2e7eb573126699b_thumb.jpg\",\"name\":\"c7f8a80e-2761-4656-8d13-2ae554989f66.jpg\",\"type\":\"image\/jpeg\"},{\"url\":\"https:\/\/flexie-des.s3.amazonaws.com\/des\/listings\/gallery\/e301a7f279b7eb38b3252e283f2aa430.jpg\",\"thumbnail\":\"https:\/\/flexie-des.s3.amazonaws.com\/des\/listings\/gallery\/e301a7f279b7eb38b3252e283f2aa430_thumb.jpg\",\"name\":\"fe2b4b24-7a3b-471a-9e30-a8b09b65da04.jpg\",\"type\":\"image\/jpeg\"}]","yoast_head":"<!-- This site is optimized with the Yoast SEO Premium plugin v15.2 - https:\/\/yoast.com\/wordpress\/plugins\/seo\/ -->\n<title>JEPET ME QIRA APARTAMENT I MOBILUAR N\u00cb LAGJEN &#039;EMIN MATRAXHIU&#039; ELBASAN. - DES Real Estate<\/title>\n<meta name=\"robots\" content=\"index, follow, max-snippet:-1, max-image-preview:large, max-video-preview:-1\" \/>\n<link rel=\"canonical\" href=\"https:\/\/desrealestate.al\/sq\/property\/jepet-me-qira-apartament-i-mobiluar-ne-lagjen-emin-matraxhiu-elbasan\/\" \/>\n<meta property=\"og:locale\" content=\"sq_AL\" \/>\n<meta property=\"og:type\" content=\"article\" \/>\n<meta property=\"og:title\" content=\"JEPET ME QIRA APARTAMENT I MOBILUAR N\u00cb LAGJEN &#039;EMIN MATRAXHIU&#039; ELBASAN. - DES Real Estate\" \/>\n<meta property=\"og:description\" content=\"JEPET ME QIRA APARTAMENT 1+1 N\u00cb LAGJEN EMIN MATRAXHIU , ELBASAN. Apartamenti gjendet n\u00eb nj\u00eb zon\u00eb leht\u00ebsisht t\u00eb aksesueshme, dhe me t\u00eb gjitha facilitetet e nevojshme pran\u00eb. Sip\u00ebrfaqja e tij \u00ebsht\u00eb 107 m2 dhe ndodhet n\u00eb katin e 8-t\u00eb nj\u00eb pallati t\u00eb ri me ashensor. Apartamenti organizohet n\u00eb: 1 dhom\u00eb gjumi, sallon+kuzhine, 1 tualet dhe [&hellip;]\" \/>\n<meta property=\"og:url\" content=\"https:\/\/desrealestate.al\/sq\/property\/jepet-me-qira-apartament-i-mobiluar-ne-lagjen-emin-matraxhiu-elbasan\/\" \/>\n<meta property=\"og:site_name\" content=\"DES Real Estate\" \/>\n<meta property=\"article:publisher\" content=\"https:\/\/www.facebook.com\/DesRealEstate.al\/\" \/>\n<meta property=\"article:modified_time\" content=\"2024-11-19T15:58:33+00:00\" \/>\n<meta property=\"og:image\" content=\"https:\/\/desrealestate.al\/wp-content\/uploads\/2020\/11\/DES-Real-Estate-Logo-Vertikale-fb.jpg\" \/>\n\t<meta property=\"og:image:width\" content=\"1102\" \/>\n\t<meta property=\"og:image:height\" content=\"596\" \/>\n<meta property=\"fb:app_id\" content=\"387924425682656\" \/>\n<meta name=\"twitter:card\" content=\"summary_large_image\" \/>\n<meta name=\"twitter:label1\" value=\"Written by\">\n\t<meta name=\"twitter:data1\" value=\"master\">\n\t<meta name=\"twitter:label2\" value=\"Est. reading time\">\n\t<meta name=\"twitter:data2\" value=\"0 minuta\">\n<script type=\"application\/ld+json\" class=\"yoast-schema-graph\">{\"@context\":\"https:\/\/schema.org\",\"@graph\":[{\"@type\":\"Organization\",\"@id\":\"https:\/\/desrealestate.al\/sq\/#organization\",\"name\":\"DES Real Estate\",\"url\":\"https:\/\/desrealestate.al\/sq\/\",\"sameAs\":[\"https:\/\/www.facebook.com\/DesRealEstate.al\/\",\"https:\/\/www.instagram.com\/desrealestate.al\/\"],\"logo\":{\"@type\":\"ImageObject\",\"@id\":\"https:\/\/desrealestate.al\/sq\/#logo\",\"inLanguage\":\"sq\",\"url\":\"https:\/\/desrealestate.al\/wp-content\/uploads\/2020\/05\/DES-Real-Estate-Logo-Vertikale.png\",\"width\":171,\"height\":115,\"caption\":\"DES Real Estate\"},\"image\":{\"@id\":\"https:\/\/desrealestate.al\/sq\/#logo\"}},{\"@type\":\"WebSite\",\"@id\":\"https:\/\/desrealestate.al\/sq\/#website\",\"url\":\"https:\/\/desrealestate.al\/sq\/\",\"name\":\"DES Real Estate\",\"description\":\"Sht\\u00ebpia \\u00ebsht\\u00eb e para\",\"publisher\":{\"@id\":\"https:\/\/desrealestate.al\/sq\/#organization\"},\"potentialAction\":[{\"@type\":\"SearchAction\",\"target\":\"https:\/\/desrealestate.al\/sq\/?s={search_term_string}\",\"query-input\":\"required name=search_term_string\"}],\"inLanguage\":\"sq\"},{\"@type\":\"WebPage\",\"@id\":\"https:\/\/desrealestate.al\/sq\/property\/jepet-me-qira-apartament-i-mobiluar-ne-lagjen-emin-matraxhiu-elbasan\/#webpage\",\"url\":\"https:\/\/desrealestate.al\/sq\/property\/jepet-me-qira-apartament-i-mobiluar-ne-lagjen-emin-matraxhiu-elbasan\/\",\"name\":\"JEPET ME QIRA APARTAMENT I MOBILUAR N\\u00cb LAGJEN &#039;EMIN MATRAXHIU&#039; ELBASAN. - DES Real Estate\",\"isPartOf\":{\"@id\":\"https:\/\/desrealestate.al\/sq\/#website\"},\"datePublished\":\"2024-07-05T14:05:04+00:00\",\"dateModified\":\"2024-11-19T15:58:33+00:00\",\"inLanguage\":\"sq\",\"potentialAction\":[{\"@type\":\"ReadAction\",\"target\":[\"https:\/\/desrealestate.al\/sq\/property\/jepet-me-qira-apartament-i-mobiluar-ne-lagjen-emin-matraxhiu-elbasan\/\"]}]}]}<\/script>\n<!-- \/ Yoast SEO Premium plugin. -->","_links":{"self":[{"href":"https:\/\/desrealestate.al\/sq\/wp-json\/wp\/v2\/property-api\/74071"}],"collection":[{"href":"https:\/\/desrealestate.al\/sq\/wp-json\/wp\/v2\/property-api"}],"about":[{"href":"https:\/\/desrealestate.al\/sq\/wp-json\/wp\/v2\/types\/property"}],"author":[{"embeddable":true,"href":"https:\/\/desrealestate.al\/sq\/wp-json\/wp\/v2\/users\/1"}],"replies":[{"embeddable":true,"href":"https:\/\/desrealestate.al\/sq\/wp-json\/wp\/v2\/comments?post=74071"}],"version-history":[{"count":0,"href":"https:\/\/desrealestate.al\/sq\/wp-json\/wp\/v2\/property-api\/74071\/revisions"}],"wp:attachment":[{"href":"https:\/\/desrealestate.al\/sq\/wp-json\/wp\/v2\/media?parent=74071"}],"wp:term":[{"taxonomy":"property-type","embeddable":true,"href":"https:\/\/desrealestate.al\/sq\/wp-json\/wp\/v2\/property-type-api?post=74071"},{"taxonomy":"property-status","embeddable":true,"href":"https:\/\/desrealestate.al\/sq\/wp-json\/wp\/v2\/property-status-api?post=74071"},{"taxonomy":"property-city","embeddable":true,"href":"https:\/\/desrealestate.al\/sq\/wp-json\/wp\/v2\/property-city-api?post=74071"},{"taxonomy":"property-feature","embeddable":true,"href":"https:\/\/desrealestate.al\/sq\/wp-json\/wp\/v2\/property-feature-api?post=74071"}],"curies":[{"name":"wp","href":"https:\/\/api.w.org\/{rel}","templated":true}]}}

JEPET ME QIRA APARTAMENT I MOBILUAR NË LAGJEN &#039;EMIN MATRAXHIU&#039; ELBASAN.

<p>JEPET ME QIRA APARTAMENT 1+1 NË LAGJEN EMIN MATRAXHIU , ELBASAN.</p>
<p>Apartamenti gjendet në një zonë lehtësisht të aksesueshme, dhe me të gjitha facilitetet e nevojshme pranë.</p>
<p>Sipërfaqja e tij është 107 m2 dhe ndodhet në katin e 8-të një pallati të ri me ashensor.</p>
<p>Apartamenti organizohet në: 1 dhomë gjumi, sallon+kuzhine, 1 tualet dhe 1 ballkon.</p>
<p>Apartamenti ka një investim shumë cilësor në mobilim dhe rifinitura.</p>
<p>Çmimi është 230 euro/muaj.</p>
<p>Për më shumë informacion ose një vizitë në pronë, kontaktoni në: +35569 20 45 100</p>

<p>JEPET ME QIRA APARTAMENT 1+1 NË LAGJEN EMIN MATRAXHIU , ELBASAN. Apartamenti gjendet në një zonë lehtësisht të aksesueshme, dhe me të gjitha facilitetet e nevojshme pranë. Sipërfaqja e tij është 107 m2 dhe ndodhet në katin e 8-të një pallati të ri me ashensor. Apartamenti organizohet në: 1 dhomë gjumi, sallon+kuzhine, 1 tualet dhe [&hellip;]</p>

<!-- This site is optimized with the Yoast SEO Premium plugin v15.2 - https://yoast.com/wordpress/plugins/seo/ -->
<title>JEPET ME QIRA APARTAMENT I MOBILUAR NË LAGJEN &#039;EMIN MATRAXHIU&#039; ELBASAN. - DES Real Estate</title>
<meta name="robots" content="index, follow, max-snippet:-1, max-image-preview:large, max-video-preview:-1" />
<link rel="canonical" href="https://desrealestate.al/sq/property/jepet-me-qira-apartament-i-mobiluar-ne-lagjen-emin-matraxhiu-elbasan/" />
<meta property="og:locale" content="sq_AL" />
<meta property="og:type" content="article" />
<meta property="og:title" content="JEPET ME QIRA APARTAMENT I MOBILUAR NË LAGJEN &#039;EMIN MATRAXHIU&#039; ELBASAN. - DES Real Estate" />
<meta property="og:description" content="JEPET ME QIRA APARTAMENT 1+1 NË LAGJEN EMIN MATRAXHIU , ELBASAN. Apartamenti gjendet në një zonë lehtësisht të aksesueshme, dhe me të gjitha facilitetet e nevojshme pranë. Sipërfaqja e tij është 107 m2 dhe ndodhet në katin e 8-të një pallati të ri me ashensor. Apartamenti organizohet në: 1 dhomë gjumi, sallon+kuzhine, 1 tualet dhe [&hellip;]" />
<meta property="og:url" content="https://desrealestate.al/sq/property/jepet-me-qira-apartament-i-mobiluar-ne-lagjen-emin-matraxhiu-elbasan/" />
<meta property="og:site_name" content="DES Real Estate" />
<meta property="article:publisher" content="https://www.facebook.com/DesRealEstate.al/" />
<meta property="article:modified_time" content="2024-11-19T15:58:33+00:00" />
<meta property="og:image" content="https://desrealestate.al/wp-content/uploads/2020/11/DES-Real-Estate-Logo-Vertikale-fb.jpg" />
	<meta property="og:image:width" content="1102" />
	<meta property="og:image:height" content="596" />
<meta property="fb:app_id" content="387924425682656" />
<meta name="twitter:card" content="summary_large_image" />
<meta name="twitter:label1" value="Written by">
	<meta name="twitter:data1" value="master">
	<meta name="twitter:label2" value="Est. reading time">
	<meta name="twitter:data2" value="0 minuta">
<script type="application/ld+json" class="yoast-schema-graph">{"@context":"https://schema.org","@graph":[{"@type":"Organization","@id":"https://desrealestate.al/sq/#organization","name":"DES Real Estate","url":"https://desrealestate.al/sq/","sameAs":["https://www.facebook.com/DesRealEstate.al/","https://www.instagram.com/desrealestate.al/"],"logo":{"@type":"ImageObject","@id":"https://desrealestate.al/sq/#logo","inLanguage":"sq","url":"https://desrealestate.al/wp-content/uploads/2020/05/DES-Real-Estate-Logo-Vertikale.png","width":171,"height":115,"caption":"DES Real Estate"},"image":{"@id":"https://desrealestate.al/sq/#logo"}},{"@type":"WebSite","@id":"https://desrealestate.al/sq/#website","url":"https://desrealestate.al/sq/","name":"DES Real Estate","description":"Sht\u00ebpia \u00ebsht\u00eb e para","publisher":{"@id":"https://desrealestate.al/sq/#organization"},"potentialAction":[{"@type":"SearchAction","target":"https://desrealestate.al/sq/?s={search_term_string}","query-input":"required name=search_term_string"}],"inLanguage":"sq"},{"@type":"WebPage","@id":"https://desrealestate.al/sq/property/jepet-me-qira-apartament-i-mobiluar-ne-lagjen-emin-matraxhiu-elbasan/#webpage","url":"https://desrealestate.al/sq/property/jepet-me-qira-apartament-i-mobiluar-ne-lagjen-emin-matraxhiu-elbasan/","name":"JEPET ME QIRA APARTAMENT I MOBILUAR N\u00cb LAGJEN &#039;EMIN MATRAXHIU&#039; ELBASAN. - DES Real Estate","isPartOf":{"@id":"https://desrealestate.al/sq/#website"},"datePublished":"2024-07-05T14:05:04+00:00","dateModified":"2024-11-19T15:58:33+00:00","inLanguage":"sq","potentialAction":[{"@type":"ReadAction","target":["https://desrealestate.al/sq/property/jepet-me-qira-apartament-i-mobiluar-ne-lagjen-emin-matraxhiu-elbasan/"]}]}]}</script>
<!-- / Yoast SEO Premium plugin. -->
