{"id":80032,"date":"2025-04-28T14:58:04","date_gmt":"2025-04-28T14:58:04","guid":{"rendered":"https:\/\/desrealestate.al\/sq\/property\/shitet-apartament-11-ne-rezidence-ne-ndertim-ne-sarande\/"},"modified":"2025-04-30T11:15:23","modified_gmt":"2025-04-30T11:15:23","slug":"shitet-apartament-11-ne-rezidence-ne-ndertim-ne-sarande","status":"publish","type":"property","link":"https:\/\/desrealestate.al\/sq\/property\/shitet-apartament-11-ne-rezidence-ne-ndertim-ne-sarande\/","title":{"rendered":"SHITET APARTAMENT 1+1 NE REZIDENCE NE NDERTIM NE SARAND\u00cb"},"content":{"rendered":"<p>\ud83c\udd95\ud83c\udfe1 SHITET APARTAMENT 1+1 NE SARAND\u00cb<br \/>\ud83c\udfd7 N\u00eb faz\u00eb nd\u00ebrtimi<\/p>\n<p>\ud83c\udff7 \u00c7mimi: 1500 euro\/ m2<br \/>\ud83d\udcd0 Sip\u00ebrfaqe: 77.4 m2\/Bruto<br \/>\ud83d\udccd Vendndodhja: Sarand\u00eb, Shqip\u00ebri.<\/p>\n<p>\ud83c\udfca\ud83c\udffb\u200d\u2642\ufe0f Rezidenca do t\u00eb ofroj\u00eb facilitete moderne p\u00ebr banor\u00ebt , zona relaksi dhe gjelb\u00ebrim t\u00eb mir\u00ebmbajtur.<\/p>\n<p>\ud83c\udfd6 Vet\u00ebm pak metra larg bregdetit , me plazhe t\u00eb pastra dhe panoram\u00eb t\u00eb jasht\u00ebzakonshme.<\/p>\n<p>\ud83d\ude97 Do t\u00eb ofroj\u00eb vende parkimi t\u00eb hapura dhe n\u00ebntok\u00ebsore .<\/p>\n<p>\ud83e\uddf1 E rrethuar me mure mbrojt\u00ebse dhe sistem sigurie 24\/7 me kamera.<\/p>\n<p>Organizimi i br\u00ebndsh\u00ebm<br \/>\ud83d\udecb Sallon + \ud83c\udf5d Kuzhin\u00eb<br \/>\ud83d\udecf 1 Dhom\u00eb gjumi<br \/>\ud83d\udebf 1 Tualet<br \/>\ud83c\udf07 1 Ballkon<\/p>\n<p>Detaje t\u00eb tjera:<br \/>\ud83d\udeaa Kati 2-t\u00eb banim<br \/>\ud83e\uddf1 Pallat i ri<\/p>\n<p>\u2757 Ky apartament \u00ebsht\u00eb nj\u00eb mund\u00ebsi shum\u00eb e mir\u00eb investimi sepse ndodhet n\u00eb nj\u00eb zon\u00eb t\u00eb zhvilluar banimi dhe ka pran\u00eb gjith\u00eb facilitetet e nevojshme si: supermarkete, farmaci, shkolla etj.<\/p>\n<p>\ud83c\udf1e\ud83d\udccd Apartamenti ndodhet ne nje nga zonat me te preferuara t\u00eb Sarand\u00ebs dhe \u00ebsht\u00eb i ndricuar me drit\u00eb natyrale gjat\u00eb gjith\u00eb dit\u00ebs.<\/p>\n<p>P\u00ebr m\u00eb shum\u00eb informacione, kontaktoni dhe rezervoni vizit\u00ebn tuaj n\u00eb pron\u00eb!<\/p>\n<p>\ud83d\udcde \ud835\udc0a\ud835\udc28\ud835\udc27\ud835\udc2d\ud835\udc1a\ud835\udc24\ud835\udc2d:<br \/>\ud83d\udc69\u200d\ud83d\udcbbArsjola Zhupa<br \/>\ud83d\udcf2 +355692045103<br \/>+355694337058<br \/>\ud83d\udce7arsjola.zhupa@desrealestate.al<br \/>\ud83c\udf10 \ud835\udc30\ud835\udc30\ud835\udc30.\ud835\udc1d\ud835\udc1e\ud835\udc2c\ud835\udc2b\ud835\udc1e\ud835\udc1a\ud835\udc25\ud835\udc1e\ud835\udc2c\ud835\udc2d\ud835\udc1a\ud835\udc2d\ud835\udc1e.\ud835\udc1a\ud835\udc25<br \/>\u2014\u2014\u2014\u2014\u2014\u2014\u2014\u2014\u2014\u2014\u2014\u2014\u2014\u2014\u2014\u2014\u2014\u2014\u2014\u2014\u2014<\/p>\n","protected":false},"excerpt":{"rendered":"<p>\ud83c\udd95\ud83c\udfe1 SHITET APARTAMENT 1+1 NE SARAND\u00cb\ud83c\udfd7 N\u00eb faz\u00eb nd\u00ebrtimi \ud83c\udff7 \u00c7mimi: 1500 euro\/ m2\ud83d\udcd0 Sip\u00ebrfaqe: 77.4 m2\/Bruto\ud83d\udccd Vendndodhja: Sarand\u00eb, Shqip\u00ebri. \ud83c\udfca\ud83c\udffb\u200d\u2642\ufe0f Rezidenca do t\u00eb ofroj\u00eb facilitete moderne p\u00ebr banor\u00ebt , zona relaksi dhe gjelb\u00ebrim t\u00eb mir\u00ebmbajtur. \ud83c\udfd6 Vet\u00ebm pak metra larg bregdetit , me plazhe t\u00eb pastra dhe panoram\u00eb t\u00eb jasht\u00ebzakonshme. \ud83d\ude97 Do t\u00eb ofroj\u00eb [&hellip;]<\/p>\n","protected":false},"author":1,"featured_media":0,"parent":0,"menu_order":0,"comment_status":"closed","ping_status":"closed","template":"","property-type-api":[38],"property-status-api":[25],"property-city-api":[59,349],"property-feature-api":[17,353,358],"class_list":["post-80032","property","type-property","status-publish","hentry","property-type-apartament","property-status-for-sale","property-city-sarande","property-city-shqiperi","property-feature-ashensor","property-feature-izolim-termik","property-feature-sherbim-administrimi"],"REAL_HOMES_property_price":"1500","REAL_HOMES_property_price_type":"m2","REAL_HOMES_property_price_postfix":"EUR","REAL_HOMES_property_id":"17134","REAL_HOMES_property_size":"77","REAL_HOMES_property_size_postfix":"M2 ","REAL_HOMES_property_bedrooms":"2","REAL_HOMES_property_bathrooms":"1","REAL_HOMES_property_garage":"","REAL_HOMES_additional_details":{"Tipi Pron\u00ebs":"Apartament","Qyteti":"Sarande","\u00c7ertifikat\u00eb Pron\u00ebsie":"Po","\u00c7mimi Negociuesh\u00ebm":"  Po","Kati Pron\u00ebs":"2","Pozicioni Pron\u00ebs":"","Tipi Listimit":"Shitje"},"REAL_HOMES_property_address":"Sarande","REAL_HOMES_property_location":"39.873307211438,19.99218785919","REAL_HOMES_attachments":"","REAL_HOMES_agent_display_option":"","REAL_HOMES_agents":"50450","REAL_HOMES_slider_image":"","payment_status":"","REAL_HOMES_tour_video_url":"","REAL_HOMES_tour_video_image":"","REAL_HOMES_property_year_built":"","REAL_HOMES_image_object":"[{\"url\":\"https:\/\/flexie-des.s3.amazonaws.com\/des\/listings\/gallery\/8afc975563f4834a582cdd420140711c.jpg\",\"thumbnail\":\"https:\/\/flexie-des.s3.amazonaws.com\/des\/listings\/gallery\/8afc975563f4834a582cdd420140711c_thumb.jpg\",\"name\":\"3d191ced-241f-41d4-8dbd-e459c0d6d25d.jpg\",\"type\":\"image\/jpeg\",\"is_default\":1},{\"url\":\"https:\/\/flexie-des.s3.amazonaws.com\/des\/listings\/gallery\/78c67a7bd3eb9f42eebd2982b79625e0.jpg\",\"thumbnail\":\"https:\/\/flexie-des.s3.amazonaws.com\/des\/listings\/gallery\/78c67a7bd3eb9f42eebd2982b79625e0_thumb.jpg\",\"name\":\"49288f45-71d9-472c-8d5f-db703de42ee0.jpg\",\"type\":\"image\/jpeg\"},{\"url\":\"https:\/\/flexie-des.s3.amazonaws.com\/des\/listings\/gallery\/b5c2204f3ee03879ac3b23a7c136b65c.jpg\",\"thumbnail\":\"https:\/\/flexie-des.s3.amazonaws.com\/des\/listings\/gallery\/b5c2204f3ee03879ac3b23a7c136b65c_thumb.jpg\",\"name\":\"3b60b4d3-b6b7-458b-82a1-8be6b1f97beb.jpg\",\"type\":\"image\/jpeg\"}]","yoast_head":"<!-- This site is optimized with the Yoast SEO Premium plugin v15.2 - https:\/\/yoast.com\/wordpress\/plugins\/seo\/ -->\n<title>SHITET APARTAMENT 1+1 NE REZIDENCE NE NDERTIM NE SARAND\u00cb - DES Real Estate<\/title>\n<meta name=\"robots\" content=\"index, follow, max-snippet:-1, max-image-preview:large, max-video-preview:-1\" \/>\n<link rel=\"canonical\" href=\"https:\/\/desrealestate.al\/sq\/property\/shitet-apartament-11-ne-rezidence-ne-ndertim-ne-sarande\/\" \/>\n<meta property=\"og:locale\" content=\"sq_AL\" \/>\n<meta property=\"og:type\" content=\"article\" \/>\n<meta property=\"og:title\" content=\"SHITET APARTAMENT 1+1 NE REZIDENCE NE NDERTIM NE SARAND\u00cb - DES Real Estate\" \/>\n<meta property=\"og:description\" content=\"\ud83c\udd95\ud83c\udfe1 SHITET APARTAMENT 1+1 NE SARAND\u00cb\ud83c\udfd7 N\u00eb faz\u00eb nd\u00ebrtimi \ud83c\udff7 \u00c7mimi: 1500 euro\/ m2\ud83d\udcd0 Sip\u00ebrfaqe: 77.4 m2\/Bruto\ud83d\udccd Vendndodhja: Sarand\u00eb, Shqip\u00ebri. \ud83c\udfca\ud83c\udffb\u200d\u2642\ufe0f Rezidenca do t\u00eb ofroj\u00eb facilitete moderne p\u00ebr banor\u00ebt , zona relaksi dhe gjelb\u00ebrim t\u00eb mir\u00ebmbajtur. \ud83c\udfd6 Vet\u00ebm pak metra larg bregdetit , me plazhe t\u00eb pastra dhe panoram\u00eb t\u00eb jasht\u00ebzakonshme. \ud83d\ude97 Do t\u00eb ofroj\u00eb [&hellip;]\" \/>\n<meta property=\"og:url\" content=\"https:\/\/desrealestate.al\/sq\/property\/shitet-apartament-11-ne-rezidence-ne-ndertim-ne-sarande\/\" \/>\n<meta property=\"og:site_name\" content=\"DES Real Estate\" \/>\n<meta property=\"article:publisher\" content=\"https:\/\/www.facebook.com\/DesRealEstate.al\/\" \/>\n<meta property=\"article:modified_time\" content=\"2025-04-30T11:15:23+00:00\" \/>\n<meta property=\"og:image\" content=\"https:\/\/desrealestate.al\/wp-content\/uploads\/2020\/11\/DES-Real-Estate-Logo-Vertikale-fb.jpg\" \/>\n\t<meta property=\"og:image:width\" content=\"1102\" \/>\n\t<meta property=\"og:image:height\" content=\"596\" \/>\n<meta property=\"fb:app_id\" content=\"387924425682656\" \/>\n<meta name=\"twitter:card\" content=\"summary_large_image\" \/>\n<meta name=\"twitter:label1\" value=\"Written by\">\n\t<meta name=\"twitter:data1\" value=\"master\">\n\t<meta name=\"twitter:label2\" value=\"Est. reading time\">\n\t<meta name=\"twitter:data2\" value=\"1 minut\u00eb\">\n<script type=\"application\/ld+json\" class=\"yoast-schema-graph\">{\"@context\":\"https:\/\/schema.org\",\"@graph\":[{\"@type\":\"Organization\",\"@id\":\"https:\/\/desrealestate.al\/sq\/#organization\",\"name\":\"DES Real Estate\",\"url\":\"https:\/\/desrealestate.al\/sq\/\",\"sameAs\":[\"https:\/\/www.facebook.com\/DesRealEstate.al\/\",\"https:\/\/www.instagram.com\/desrealestate.al\/\"],\"logo\":{\"@type\":\"ImageObject\",\"@id\":\"https:\/\/desrealestate.al\/sq\/#logo\",\"inLanguage\":\"sq\",\"url\":\"https:\/\/desrealestate.al\/wp-content\/uploads\/2020\/05\/DES-Real-Estate-Logo-Vertikale.png\",\"width\":171,\"height\":115,\"caption\":\"DES Real Estate\"},\"image\":{\"@id\":\"https:\/\/desrealestate.al\/sq\/#logo\"}},{\"@type\":\"WebSite\",\"@id\":\"https:\/\/desrealestate.al\/sq\/#website\",\"url\":\"https:\/\/desrealestate.al\/sq\/\",\"name\":\"DES Real Estate\",\"description\":\"Sht\\u00ebpia \\u00ebsht\\u00eb e para\",\"publisher\":{\"@id\":\"https:\/\/desrealestate.al\/sq\/#organization\"},\"potentialAction\":[{\"@type\":\"SearchAction\",\"target\":\"https:\/\/desrealestate.al\/sq\/?s={search_term_string}\",\"query-input\":\"required name=search_term_string\"}],\"inLanguage\":\"sq\"},{\"@type\":\"WebPage\",\"@id\":\"https:\/\/desrealestate.al\/sq\/property\/shitet-apartament-11-ne-rezidence-ne-ndertim-ne-sarande\/#webpage\",\"url\":\"https:\/\/desrealestate.al\/sq\/property\/shitet-apartament-11-ne-rezidence-ne-ndertim-ne-sarande\/\",\"name\":\"SHITET APARTAMENT 1+1 NE REZIDENCE NE NDERTIM NE SARAND\\u00cb - DES Real Estate\",\"isPartOf\":{\"@id\":\"https:\/\/desrealestate.al\/sq\/#website\"},\"datePublished\":\"2025-04-28T14:58:04+00:00\",\"dateModified\":\"2025-04-30T11:15:23+00:00\",\"inLanguage\":\"sq\",\"potentialAction\":[{\"@type\":\"ReadAction\",\"target\":[\"https:\/\/desrealestate.al\/sq\/property\/shitet-apartament-11-ne-rezidence-ne-ndertim-ne-sarande\/\"]}]}]}<\/script>\n<!-- \/ Yoast SEO Premium plugin. -->","_links":{"self":[{"href":"https:\/\/desrealestate.al\/sq\/wp-json\/wp\/v2\/property-api\/80032"}],"collection":[{"href":"https:\/\/desrealestate.al\/sq\/wp-json\/wp\/v2\/property-api"}],"about":[{"href":"https:\/\/desrealestate.al\/sq\/wp-json\/wp\/v2\/types\/property"}],"author":[{"embeddable":true,"href":"https:\/\/desrealestate.al\/sq\/wp-json\/wp\/v2\/users\/1"}],"replies":[{"embeddable":true,"href":"https:\/\/desrealestate.al\/sq\/wp-json\/wp\/v2\/comments?post=80032"}],"version-history":[{"count":0,"href":"https:\/\/desrealestate.al\/sq\/wp-json\/wp\/v2\/property-api\/80032\/revisions"}],"wp:attachment":[{"href":"https:\/\/desrealestate.al\/sq\/wp-json\/wp\/v2\/media?parent=80032"}],"wp:term":[{"taxonomy":"property-type","embeddable":true,"href":"https:\/\/desrealestate.al\/sq\/wp-json\/wp\/v2\/property-type-api?post=80032"},{"taxonomy":"property-status","embeddable":true,"href":"https:\/\/desrealestate.al\/sq\/wp-json\/wp\/v2\/property-status-api?post=80032"},{"taxonomy":"property-city","embeddable":true,"href":"https:\/\/desrealestate.al\/sq\/wp-json\/wp\/v2\/property-city-api?post=80032"},{"taxonomy":"property-feature","embeddable":true,"href":"https:\/\/desrealestate.al\/sq\/wp-json\/wp\/v2\/property-feature-api?post=80032"}],"curies":[{"name":"wp","href":"https:\/\/api.w.org\/{rel}","templated":true}]}}

SHITET APARTAMENT 1+1 NE REZIDENCE NE NDERTIM NE SARANDË

<p>🆕🏡 SHITET APARTAMENT 1+1 NE SARANDË<br />🏗 Në fazë ndërtimi</p>
<p>🏷 Çmimi: 1500 euro/ m2<br />📐 Sipërfaqe: 77.4 m2/Bruto<br />📍 Vendndodhja: Sarandë, Shqipëri.</p>
<p>🏊🏻‍♂️ Rezidenca do të ofrojë facilitete moderne për banorët , zona relaksi dhe gjelbërim të mirëmbajtur.</p>
<p>🏖 Vetëm pak metra larg bregdetit , me plazhe të pastra dhe panoramë të jashtëzakonshme.</p>
<p>🚗 Do të ofrojë vende parkimi të hapura dhe nëntokësore .</p>
<p>🧱 E rrethuar me mure mbrojtëse dhe sistem sigurie 24/7 me kamera.</p>
<p>Organizimi i brëndshëm<br />🛋 Sallon + 🍝 Kuzhinë<br />🛏 1 Dhomë gjumi<br />🚿 1 Tualet<br />🌇 1 Ballkon</p>
<p>Detaje të tjera:<br />🚪 Kati 2-të banim<br />🧱 Pallat i ri</p>
<p>❗ Ky apartament është një mundësi shumë e mirë investimi sepse ndodhet në një zonë të zhvilluar banimi dhe ka pranë gjithë facilitetet e nevojshme si: supermarkete, farmaci, shkolla etj.</p>
<p>🌞📍 Apartamenti ndodhet ne nje nga zonat me te preferuara të Sarandës dhe është i ndricuar me dritë natyrale gjatë gjithë ditës.</p>
<p>Për më shumë informacione, kontaktoni dhe rezervoni vizitën tuaj në pronë!</p>
<p>📞 𝐊𝐨𝐧𝐭𝐚𝐤𝐭:<br />👩‍💻Arsjola Zhupa<br />📲 +355692045103<br />+355694337058<br />📧arsjola.zhupa@desrealestate.al<br />🌐 𝐰𝐰𝐰.𝐝𝐞𝐬𝐫𝐞𝐚𝐥𝐞𝐬𝐭𝐚𝐭𝐞.𝐚𝐥<br />—————————————————————</p>

<p>🆕🏡 SHITET APARTAMENT 1+1 NE SARANDË🏗 Në fazë ndërtimi 🏷 Çmimi: 1500 euro/ m2📐 Sipërfaqe: 77.4 m2/Bruto📍 Vendndodhja: Sarandë, Shqipëri. 🏊🏻‍♂️ Rezidenca do të ofrojë facilitete moderne për banorët , zona relaksi dhe gjelbërim të mirëmbajtur. 🏖 Vetëm pak metra larg bregdetit , me plazhe të pastra dhe panoramë të jashtëzakonshme. 🚗 Do të ofrojë [&hellip;]</p>

<!-- This site is optimized with the Yoast SEO Premium plugin v15.2 - https://yoast.com/wordpress/plugins/seo/ -->
<title>SHITET APARTAMENT 1+1 NE REZIDENCE NE NDERTIM NE SARANDË - DES Real Estate</title>
<meta name="robots" content="index, follow, max-snippet:-1, max-image-preview:large, max-video-preview:-1" />
<link rel="canonical" href="https://desrealestate.al/sq/property/shitet-apartament-11-ne-rezidence-ne-ndertim-ne-sarande/" />
<meta property="og:locale" content="sq_AL" />
<meta property="og:type" content="article" />
<meta property="og:title" content="SHITET APARTAMENT 1+1 NE REZIDENCE NE NDERTIM NE SARANDË - DES Real Estate" />
<meta property="og:description" content="🆕🏡 SHITET APARTAMENT 1+1 NE SARANDË🏗 Në fazë ndërtimi 🏷 Çmimi: 1500 euro/ m2📐 Sipërfaqe: 77.4 m2/Bruto📍 Vendndodhja: Sarandë, Shqipëri. 🏊🏻‍♂️ Rezidenca do të ofrojë facilitete moderne për banorët , zona relaksi dhe gjelbërim të mirëmbajtur. 🏖 Vetëm pak metra larg bregdetit , me plazhe të pastra dhe panoramë të jashtëzakonshme. 🚗 Do të ofrojë [&hellip;]" />
<meta property="og:url" content="https://desrealestate.al/sq/property/shitet-apartament-11-ne-rezidence-ne-ndertim-ne-sarande/" />
<meta property="og:site_name" content="DES Real Estate" />
<meta property="article:publisher" content="https://www.facebook.com/DesRealEstate.al/" />
<meta property="article:modified_time" content="2025-04-30T11:15:23+00:00" />
<meta property="og:image" content="https://desrealestate.al/wp-content/uploads/2020/11/DES-Real-Estate-Logo-Vertikale-fb.jpg" />
	<meta property="og:image:width" content="1102" />
	<meta property="og:image:height" content="596" />
<meta property="fb:app_id" content="387924425682656" />
<meta name="twitter:card" content="summary_large_image" />
<meta name="twitter:label1" value="Written by">
	<meta name="twitter:data1" value="master">
	<meta name="twitter:label2" value="Est. reading time">
	<meta name="twitter:data2" value="1 minutë">
<script type="application/ld+json" class="yoast-schema-graph">{"@context":"https://schema.org","@graph":[{"@type":"Organization","@id":"https://desrealestate.al/sq/#organization","name":"DES Real Estate","url":"https://desrealestate.al/sq/","sameAs":["https://www.facebook.com/DesRealEstate.al/","https://www.instagram.com/desrealestate.al/"],"logo":{"@type":"ImageObject","@id":"https://desrealestate.al/sq/#logo","inLanguage":"sq","url":"https://desrealestate.al/wp-content/uploads/2020/05/DES-Real-Estate-Logo-Vertikale.png","width":171,"height":115,"caption":"DES Real Estate"},"image":{"@id":"https://desrealestate.al/sq/#logo"}},{"@type":"WebSite","@id":"https://desrealestate.al/sq/#website","url":"https://desrealestate.al/sq/","name":"DES Real Estate","description":"Sht\u00ebpia \u00ebsht\u00eb e para","publisher":{"@id":"https://desrealestate.al/sq/#organization"},"potentialAction":[{"@type":"SearchAction","target":"https://desrealestate.al/sq/?s={search_term_string}","query-input":"required name=search_term_string"}],"inLanguage":"sq"},{"@type":"WebPage","@id":"https://desrealestate.al/sq/property/shitet-apartament-11-ne-rezidence-ne-ndertim-ne-sarande/#webpage","url":"https://desrealestate.al/sq/property/shitet-apartament-11-ne-rezidence-ne-ndertim-ne-sarande/","name":"SHITET APARTAMENT 1+1 NE REZIDENCE NE NDERTIM NE SARAND\u00cb - DES Real Estate","isPartOf":{"@id":"https://desrealestate.al/sq/#website"},"datePublished":"2025-04-28T14:58:04+00:00","dateModified":"2025-04-30T11:15:23+00:00","inLanguage":"sq","potentialAction":[{"@type":"ReadAction","target":["https://desrealestate.al/sq/property/shitet-apartament-11-ne-rezidence-ne-ndertim-ne-sarande/"]}]}]}</script>
<!-- / Yoast SEO Premium plugin. -->
