{"id":81424,"date":"2025-07-12T14:55:30","date_gmt":"2025-07-12T14:55:30","guid":{"rendered":"https:\/\/desrealestate.al\/sq\/property\/jepet-me-qira-apartament-212-komuna-e-parisit\/"},"modified":"2025-08-01T07:29:41","modified_gmt":"2025-08-01T07:29:41","slug":"jepet-me-qira-apartament-212-komuna-e-parisit","status":"publish","type":"property","link":"https:\/\/desrealestate.al\/sq\/property\/jepet-me-qira-apartament-212-komuna-e-parisit\/","title":{"rendered":"Jepet me qira apartament 2+1+2 \u2013 Komuna e Parisit"},"content":{"rendered":"<p>\ud83c\udfe1 Jepet me qira apartament 2+1+2<br \/>\ud83d\udccd Vendndodhja: Komuna e Parisit \u2013 nj\u00eb nga zonat m\u00eb t\u00eb preferuara p\u00ebr banim n\u00eb Tiran\u00eb, vet\u00ebm pak minuta larg Parkut Olimpik dhe sh\u00ebrbimeve kryesore.<br \/>\ud83d\udcd0 Sip\u00ebrfaqe: 105 m\u00b2<br \/>\ud83c\udfe2 Kati: 4 (me ashensor)<br \/>\ud83d\udcb6 \u00c7mimi: 750 Euro \/ muaj<br \/>\ud83d\udecb Organizimi i apartamentit:<br \/>\u25aa\ufe0f Ambient ndenje i bollsh\u00ebm<br \/>\u25aa\ufe0f Ambient i ndar\u00eb p\u00ebr gatim<br \/>\u25aa\ufe0f 2 dhoma gjumi t\u00eb rehatshme<br \/>\u25aa\ufe0f 2 tualete modern\u00eb<br \/>\u25aa\ufe0f 1 ballkon<br \/>\u2728 Karakteristika t\u00eb tjera:<br \/>\u2714\ufe0f Ndri\u00e7im natyral gjat\u00eb gjith\u00eb dit\u00ebs<br \/>\u2714\ufe0f Pallat i ri, i mir\u00ebadministruar<br \/>\u2714\ufe0f Zon\u00eb e qet\u00eb dhe shum\u00eb e k\u00ebrkuar<br \/>\u2714\ufe0f Akses i shpejt\u00eb n\u00eb Unaz\u00eb dhe rrug\u00eb kryesore<br \/>\ud83d\udcde P\u00ebr m\u00eb shum\u00eb informacion dhe vizita, kontaktoni:<br \/>069 703 2244<\/p>\n","protected":false},"excerpt":{"rendered":"<p>\ud83c\udfe1 Jepet me qira apartament 2+1+2\ud83d\udccd Vendndodhja: Komuna e Parisit \u2013 nj\u00eb nga zonat m\u00eb t\u00eb preferuara p\u00ebr banim n\u00eb Tiran\u00eb, vet\u00ebm pak minuta larg Parkut Olimpik dhe sh\u00ebrbimeve kryesore.\ud83d\udcd0 Sip\u00ebrfaqe: 105 m\u00b2\ud83c\udfe2 Kati: 4 (me ashensor)\ud83d\udcb6 \u00c7mimi: 750 Euro \/ muaj\ud83d\udecb Organizimi i apartamentit:\u25aa\ufe0f Ambient ndenje i bollsh\u00ebm\u25aa\ufe0f Ambient i ndar\u00eb p\u00ebr gatim\u25aa\ufe0f 2 [&hellip;]<\/p>\n","protected":false},"author":1,"featured_media":0,"parent":0,"menu_order":0,"comment_status":"closed","ping_status":"closed","template":"","property-type-api":[38],"property-status-api":[24],"property-city-api":[349,45],"property-feature-api":[],"class_list":["post-81424","property","type-property","status-publish","hentry","property-type-apartament","property-status-for-rent","property-city-shqiperi","property-city-tirane"],"REAL_HOMES_property_price":"750","REAL_HOMES_property_price_type":"Total","REAL_HOMES_property_price_postfix":"EUR","REAL_HOMES_property_id":"17386","REAL_HOMES_property_size":"","REAL_HOMES_property_size_postfix":"","REAL_HOMES_property_bedrooms":"","REAL_HOMES_property_bathrooms":"","REAL_HOMES_property_garage":"","REAL_HOMES_additional_details":{"Tipi Pron\u00ebs":"Apartament","Qyteti":"Tirane","\u00c7ertifikat\u00eb Pron\u00ebsie":"Po","\u00c7mimi Negociuesh\u00ebm":"  Po","Kati Pron\u00ebs":"","Pozicioni Pron\u00ebs":"","Tipi Listimit":"Qira"},"REAL_HOMES_property_address":"Komuna Parisit","REAL_HOMES_property_location":"41.314524069724,19.809175905032","REAL_HOMES_attachments":"","REAL_HOMES_agent_display_option":"","REAL_HOMES_agents":"81690","REAL_HOMES_slider_image":"","payment_status":"","REAL_HOMES_tour_video_url":"","REAL_HOMES_tour_video_image":"","REAL_HOMES_property_year_built":"","REAL_HOMES_image_object":"[{\"url\":\"https:\/\/flexie-des.s3.amazonaws.com\/des\/listings\/gallery\/925514c34764f80f986364bda6362309.jpeg\",\"thumbnail\":\"https:\/\/flexie-des.s3.amazonaws.com\/des\/listings\/gallery\/925514c34764f80f986364bda6362309_thumb.jpeg\",\"name\":\"jepet-me-qira-apartament-2+1+2-komuna-e-parisit-prane-p (2).jpeg\",\"type\":\"image\/jpeg\",\"is_default\":1},{\"url\":\"https:\/\/flexie-des.s3.amazonaws.com\/des\/listings\/gallery\/9c5a80f227332e88e64d586e6e5f979e.jpeg\",\"thumbnail\":\"https:\/\/flexie-des.s3.amazonaws.com\/des\/listings\/gallery\/9c5a80f227332e88e64d586e6e5f979e_thumb.jpeg\",\"name\":\"jepet-me-qira-apartament-2+1+2-komuna-e-parisit-prane-p (1).jpeg\",\"type\":\"image\/jpeg\"},{\"url\":\"https:\/\/flexie-des.s3.amazonaws.com\/des\/listings\/gallery\/f59adfd05d62082731c7a0de2796e83c.jpeg\",\"thumbnail\":\"https:\/\/flexie-des.s3.amazonaws.com\/des\/listings\/gallery\/f59adfd05d62082731c7a0de2796e83c_thumb.jpeg\",\"name\":\"jepet-me-qira-apartament-2+1+2-komuna-e-parisit-prane-p (4).jpeg\",\"type\":\"image\/jpeg\"},{\"url\":\"https:\/\/flexie-des.s3.amazonaws.com\/des\/listings\/gallery\/a71a52b4f7dde136cb8afc089dddc432.jpeg\",\"thumbnail\":\"https:\/\/flexie-des.s3.amazonaws.com\/des\/listings\/gallery\/a71a52b4f7dde136cb8afc089dddc432_thumb.jpeg\",\"name\":\"jepet-me-qira-apartament-2+1+2-komuna-e-parisit-prane-p (3).jpeg\",\"type\":\"image\/jpeg\"},{\"url\":\"https:\/\/flexie-des.s3.amazonaws.com\/des\/listings\/gallery\/4df9c33b38ea014219520d690132fed2.jpeg\",\"thumbnail\":\"https:\/\/flexie-des.s3.amazonaws.com\/des\/listings\/gallery\/4df9c33b38ea014219520d690132fed2_thumb.jpeg\",\"name\":\"jepet-me-qira-apartament-2+1+2-komuna-e-parisit-prane-p (5).jpeg\",\"type\":\"image\/jpeg\"},{\"url\":\"https:\/\/flexie-des.s3.amazonaws.com\/des\/listings\/gallery\/bd3cc814160ceae414c7ccf163241ff7.jpeg\",\"thumbnail\":\"https:\/\/flexie-des.s3.amazonaws.com\/des\/listings\/gallery\/bd3cc814160ceae414c7ccf163241ff7_thumb.jpeg\",\"name\":\"jepet-me-qira-apartament-2+1+2-komuna-e-parisit-prane-p (6).jpeg\",\"type\":\"image\/jpeg\"},{\"url\":\"https:\/\/flexie-des.s3.amazonaws.com\/des\/listings\/gallery\/ae1b22e776e51f1145a56ec4cb96eace.jpeg\",\"thumbnail\":\"https:\/\/flexie-des.s3.amazonaws.com\/des\/listings\/gallery\/ae1b22e776e51f1145a56ec4cb96eace_thumb.jpeg\",\"name\":\"jepet-me-qira-apartament-2+1+2-komuna-e-parisit-prane-p.jpeg\",\"type\":\"image\/jpeg\"}]","yoast_head":"<!-- This site is optimized with the Yoast SEO Premium plugin v15.2 - https:\/\/yoast.com\/wordpress\/plugins\/seo\/ -->\n<title>Jepet me qira apartament 2+1+2 \u2013 Komuna e Parisit - DES Real Estate<\/title>\n<meta name=\"robots\" content=\"index, follow, max-snippet:-1, max-image-preview:large, max-video-preview:-1\" \/>\n<link rel=\"canonical\" href=\"https:\/\/desrealestate.al\/sq\/property\/jepet-me-qira-apartament-212-komuna-e-parisit\/\" \/>\n<meta property=\"og:locale\" content=\"sq_AL\" \/>\n<meta property=\"og:type\" content=\"article\" \/>\n<meta property=\"og:title\" content=\"Jepet me qira apartament 2+1+2 \u2013 Komuna e Parisit - DES Real Estate\" \/>\n<meta property=\"og:description\" content=\"\ud83c\udfe1 Jepet me qira apartament 2+1+2\ud83d\udccd Vendndodhja: Komuna e Parisit \u2013 nj\u00eb nga zonat m\u00eb t\u00eb preferuara p\u00ebr banim n\u00eb Tiran\u00eb, vet\u00ebm pak minuta larg Parkut Olimpik dhe sh\u00ebrbimeve kryesore.\ud83d\udcd0 Sip\u00ebrfaqe: 105 m\u00b2\ud83c\udfe2 Kati: 4 (me ashensor)\ud83d\udcb6 \u00c7mimi: 750 Euro \/ muaj\ud83d\udecb Organizimi i apartamentit:\u25aa\ufe0f Ambient ndenje i bollsh\u00ebm\u25aa\ufe0f Ambient i ndar\u00eb p\u00ebr gatim\u25aa\ufe0f 2 [&hellip;]\" \/>\n<meta property=\"og:url\" content=\"https:\/\/desrealestate.al\/sq\/property\/jepet-me-qira-apartament-212-komuna-e-parisit\/\" \/>\n<meta property=\"og:site_name\" content=\"DES Real Estate\" \/>\n<meta property=\"article:publisher\" content=\"https:\/\/www.facebook.com\/DesRealEstate.al\/\" \/>\n<meta property=\"article:modified_time\" content=\"2025-08-01T07:29:41+00:00\" \/>\n<meta property=\"og:image\" content=\"https:\/\/desrealestate.al\/wp-content\/uploads\/2020\/11\/DES-Real-Estate-Logo-Vertikale-fb.jpg\" \/>\n\t<meta property=\"og:image:width\" content=\"1102\" \/>\n\t<meta property=\"og:image:height\" content=\"596\" \/>\n<meta property=\"fb:app_id\" content=\"387924425682656\" \/>\n<meta name=\"twitter:card\" content=\"summary_large_image\" \/>\n<meta name=\"twitter:label1\" value=\"Written by\">\n\t<meta name=\"twitter:data1\" value=\"master\">\n\t<meta name=\"twitter:label2\" value=\"Est. reading time\">\n\t<meta name=\"twitter:data2\" value=\"0 minuta\">\n<script type=\"application\/ld+json\" class=\"yoast-schema-graph\">{\"@context\":\"https:\/\/schema.org\",\"@graph\":[{\"@type\":\"Organization\",\"@id\":\"https:\/\/desrealestate.al\/sq\/#organization\",\"name\":\"DES Real Estate\",\"url\":\"https:\/\/desrealestate.al\/sq\/\",\"sameAs\":[\"https:\/\/www.facebook.com\/DesRealEstate.al\/\",\"https:\/\/www.instagram.com\/desrealestate.al\/\"],\"logo\":{\"@type\":\"ImageObject\",\"@id\":\"https:\/\/desrealestate.al\/sq\/#logo\",\"inLanguage\":\"sq\",\"url\":\"https:\/\/desrealestate.al\/wp-content\/uploads\/2020\/05\/DES-Real-Estate-Logo-Vertikale.png\",\"width\":171,\"height\":115,\"caption\":\"DES Real Estate\"},\"image\":{\"@id\":\"https:\/\/desrealestate.al\/sq\/#logo\"}},{\"@type\":\"WebSite\",\"@id\":\"https:\/\/desrealestate.al\/sq\/#website\",\"url\":\"https:\/\/desrealestate.al\/sq\/\",\"name\":\"DES Real Estate\",\"description\":\"Sht\\u00ebpia \\u00ebsht\\u00eb e para\",\"publisher\":{\"@id\":\"https:\/\/desrealestate.al\/sq\/#organization\"},\"potentialAction\":[{\"@type\":\"SearchAction\",\"target\":\"https:\/\/desrealestate.al\/sq\/?s={search_term_string}\",\"query-input\":\"required name=search_term_string\"}],\"inLanguage\":\"sq\"},{\"@type\":\"WebPage\",\"@id\":\"https:\/\/desrealestate.al\/sq\/property\/jepet-me-qira-apartament-212-komuna-e-parisit\/#webpage\",\"url\":\"https:\/\/desrealestate.al\/sq\/property\/jepet-me-qira-apartament-212-komuna-e-parisit\/\",\"name\":\"Jepet me qira apartament 2+1+2 \\u2013 Komuna e Parisit - DES Real Estate\",\"isPartOf\":{\"@id\":\"https:\/\/desrealestate.al\/sq\/#website\"},\"datePublished\":\"2025-07-12T14:55:30+00:00\",\"dateModified\":\"2025-08-01T07:29:41+00:00\",\"inLanguage\":\"sq\",\"potentialAction\":[{\"@type\":\"ReadAction\",\"target\":[\"https:\/\/desrealestate.al\/sq\/property\/jepet-me-qira-apartament-212-komuna-e-parisit\/\"]}]}]}<\/script>\n<!-- \/ Yoast SEO Premium plugin. -->","_links":{"self":[{"href":"https:\/\/desrealestate.al\/sq\/wp-json\/wp\/v2\/property-api\/81424"}],"collection":[{"href":"https:\/\/desrealestate.al\/sq\/wp-json\/wp\/v2\/property-api"}],"about":[{"href":"https:\/\/desrealestate.al\/sq\/wp-json\/wp\/v2\/types\/property"}],"author":[{"embeddable":true,"href":"https:\/\/desrealestate.al\/sq\/wp-json\/wp\/v2\/users\/1"}],"replies":[{"embeddable":true,"href":"https:\/\/desrealestate.al\/sq\/wp-json\/wp\/v2\/comments?post=81424"}],"version-history":[{"count":0,"href":"https:\/\/desrealestate.al\/sq\/wp-json\/wp\/v2\/property-api\/81424\/revisions"}],"wp:attachment":[{"href":"https:\/\/desrealestate.al\/sq\/wp-json\/wp\/v2\/media?parent=81424"}],"wp:term":[{"taxonomy":"property-type","embeddable":true,"href":"https:\/\/desrealestate.al\/sq\/wp-json\/wp\/v2\/property-type-api?post=81424"},{"taxonomy":"property-status","embeddable":true,"href":"https:\/\/desrealestate.al\/sq\/wp-json\/wp\/v2\/property-status-api?post=81424"},{"taxonomy":"property-city","embeddable":true,"href":"https:\/\/desrealestate.al\/sq\/wp-json\/wp\/v2\/property-city-api?post=81424"},{"taxonomy":"property-feature","embeddable":true,"href":"https:\/\/desrealestate.al\/sq\/wp-json\/wp\/v2\/property-feature-api?post=81424"}],"curies":[{"name":"wp","href":"https:\/\/api.w.org\/{rel}","templated":true}]}}

<p>🏡 Jepet me qira apartament 2+1+2<br />📍 Vendndodhja: Komuna e Parisit – një nga zonat më të preferuara për banim në Tiranë, vetëm pak minuta larg Parkut Olimpik dhe shërbimeve kryesore.<br />📐 Sipërfaqe: 105 m²<br />🏢 Kati: 4 (me ashensor)<br />💶 Çmimi: 750 Euro / muaj<br />🛋 Organizimi i apartamentit:<br />▪️ Ambient ndenje i bollshëm<br />▪️ Ambient i ndarë për gatim<br />▪️ 2 dhoma gjumi të rehatshme<br />▪️ 2 tualete modernë<br />▪️ 1 ballkon<br />✨ Karakteristika të tjera:<br />✔️ Ndriçim natyral gjatë gjithë ditës<br />✔️ Pallat i ri, i mirëadministruar<br />✔️ Zonë e qetë dhe shumë e kërkuar<br />✔️ Akses i shpejtë në Unazë dhe rrugë kryesore<br />📞 Për më shumë informacion dhe vizita, kontaktoni:<br />069 703 2244</p>

<p>🏡 Jepet me qira apartament 2+1+2📍 Vendndodhja: Komuna e Parisit – një nga zonat më të preferuara për banim në Tiranë, vetëm pak minuta larg Parkut Olimpik dhe shërbimeve kryesore.📐 Sipërfaqe: 105 m²🏢 Kati: 4 (me ashensor)💶 Çmimi: 750 Euro / muaj🛋 Organizimi i apartamentit:▪️ Ambient ndenje i bollshëm▪️ Ambient i ndarë për gatim▪️ 2 [&hellip;]</p>

<!-- This site is optimized with the Yoast SEO Premium plugin v15.2 - https://yoast.com/wordpress/plugins/seo/ -->
<title>Jepet me qira apartament 2+1+2 – Komuna e Parisit - DES Real Estate</title>
<meta name="robots" content="index, follow, max-snippet:-1, max-image-preview:large, max-video-preview:-1" />
<link rel="canonical" href="https://desrealestate.al/sq/property/jepet-me-qira-apartament-212-komuna-e-parisit/" />
<meta property="og:locale" content="sq_AL" />
<meta property="og:type" content="article" />
<meta property="og:title" content="Jepet me qira apartament 2+1+2 – Komuna e Parisit - DES Real Estate" />
<meta property="og:description" content="🏡 Jepet me qira apartament 2+1+2📍 Vendndodhja: Komuna e Parisit – një nga zonat më të preferuara për banim në Tiranë, vetëm pak minuta larg Parkut Olimpik dhe shërbimeve kryesore.📐 Sipërfaqe: 105 m²🏢 Kati: 4 (me ashensor)💶 Çmimi: 750 Euro / muaj🛋 Organizimi i apartamentit:▪️ Ambient ndenje i bollshëm▪️ Ambient i ndarë për gatim▪️ 2 [&hellip;]" />
<meta property="og:url" content="https://desrealestate.al/sq/property/jepet-me-qira-apartament-212-komuna-e-parisit/" />
<meta property="og:site_name" content="DES Real Estate" />
<meta property="article:publisher" content="https://www.facebook.com/DesRealEstate.al/" />
<meta property="article:modified_time" content="2025-08-01T07:29:41+00:00" />
<meta property="og:image" content="https://desrealestate.al/wp-content/uploads/2020/11/DES-Real-Estate-Logo-Vertikale-fb.jpg" />
	<meta property="og:image:width" content="1102" />
	<meta property="og:image:height" content="596" />
<meta property="fb:app_id" content="387924425682656" />
<meta name="twitter:card" content="summary_large_image" />
<meta name="twitter:label1" value="Written by">
	<meta name="twitter:data1" value="master">
	<meta name="twitter:label2" value="Est. reading time">
	<meta name="twitter:data2" value="0 minuta">
<script type="application/ld+json" class="yoast-schema-graph">{"@context":"https://schema.org","@graph":[{"@type":"Organization","@id":"https://desrealestate.al/sq/#organization","name":"DES Real Estate","url":"https://desrealestate.al/sq/","sameAs":["https://www.facebook.com/DesRealEstate.al/","https://www.instagram.com/desrealestate.al/"],"logo":{"@type":"ImageObject","@id":"https://desrealestate.al/sq/#logo","inLanguage":"sq","url":"https://desrealestate.al/wp-content/uploads/2020/05/DES-Real-Estate-Logo-Vertikale.png","width":171,"height":115,"caption":"DES Real Estate"},"image":{"@id":"https://desrealestate.al/sq/#logo"}},{"@type":"WebSite","@id":"https://desrealestate.al/sq/#website","url":"https://desrealestate.al/sq/","name":"DES Real Estate","description":"Sht\u00ebpia \u00ebsht\u00eb e para","publisher":{"@id":"https://desrealestate.al/sq/#organization"},"potentialAction":[{"@type":"SearchAction","target":"https://desrealestate.al/sq/?s={search_term_string}","query-input":"required name=search_term_string"}],"inLanguage":"sq"},{"@type":"WebPage","@id":"https://desrealestate.al/sq/property/jepet-me-qira-apartament-212-komuna-e-parisit/#webpage","url":"https://desrealestate.al/sq/property/jepet-me-qira-apartament-212-komuna-e-parisit/","name":"Jepet me qira apartament 2+1+2 \u2013 Komuna e Parisit - DES Real Estate","isPartOf":{"@id":"https://desrealestate.al/sq/#website"},"datePublished":"2025-07-12T14:55:30+00:00","dateModified":"2025-08-01T07:29:41+00:00","inLanguage":"sq","potentialAction":[{"@type":"ReadAction","target":["https://desrealestate.al/sq/property/jepet-me-qira-apartament-212-komuna-e-parisit/"]}]}]}</script>
<!-- / Yoast SEO Premium plugin. -->
