{"id":83201,"date":"2025-09-08T09:50:25","date_gmt":"2025-09-08T09:50:25","guid":{"rendered":"https:\/\/desrealestate.al\/sq\/property\/des-sjell-ne-shtje-apartament-kleringu-212-tualete-ne-krahe-te-kodres-se-diellit-tirane\/"},"modified":"2025-09-08T09:50:25","modified_gmt":"2025-09-08T09:50:25","slug":"des-sjell-ne-shtje-apartament-kleringu-212-tualete-ne-krahe-te-kodres-se-diellit-tirane","status":"publish","type":"property","link":"https:\/\/desrealestate.al\/sq\/property\/des-sjell-ne-shtje-apartament-kleringu-212-tualete-ne-krahe-te-kodres-se-diellit-tirane\/","title":{"rendered":"DES  SJELL NE SHTJE APARTAMENT KLERINGU 2+1+2 TUALETE , N\u00cb KRAH\u00cb T\u00cb KODR\u00cbS S\u00cb DIELLIT, TIRAN\u00cb."},"content":{"rendered":"<p>DES  SJELL NE SHTJE APARTAMENT KLERINGU 2+1+2 TUALETE , N\u00cb KRAH\u00cb T\u00cb KODR\u00cbS S\u00cb DIELLIT, TIRAN\u00cb.<\/p>\n<p>Vendndodhja: Kopshti Botanik.<\/p>\n<p>-Sip\u00ebrfaqe totale: 107.35 m2\u2028-Sip\u00ebrfaqe e brendshme: 93 m2<br \/>\u2028-Kati p\u00ebrdhe<\/p>\n<p>\u00c7mimi: 134.000 Euro\/total<\/p>\n<p>Nj\u00eb prej projekteve me interesant n\u00eb Tiran\u00eb \u00ebsht\u00eb edhe objekti i banimit q\u00eb po nd\u00ebrtohet n\u00eb Kodr\u00ebn e Diellit n\u00eb krah\u00eb t\u00eb \u2018University of New York Tirana\u201d.<\/p>\n<p>Objekti do t\u00eb jet\u00eb 5-kate i lart\u00eb i rrethuar jo vet\u00ebm  nga gjelb\u00ebrimi q\u00eb ofron zona por dhe nga gjelb\u00ebrimi i projektuar n\u00eb apartamente si dhe do t\u00eb ket\u00eb 3-kate parking n\u00ebntok\u00ebsor.<br \/>Objekti ofron:\u2028\u2022 Fasad\u00eb t\u00eb ventiluar\u2028\u2022Termoizolim\u2028\u2022 Ambjente rekreative dhe t\u00eb gjelb\u00ebruara.<br \/>Zona  t\u00eb ofron qet\u00ebsi dhe  \u00ebsht\u00eb e pozicionuar larg zhurmave dhe smogut.<\/p>\n<p>P\u00ebr nj\u00eb vizite n\u00eb pron\u00eb na kontaktoni!<br \/>Kontakt:<br \/>+355 69 703 2241<\/p>\n","protected":false},"excerpt":{"rendered":"<p>DES SJELL NE SHTJE APARTAMENT KLERINGU 2+1+2 TUALETE , N\u00cb KRAH\u00cb T\u00cb KODR\u00cbS S\u00cb DIELLIT, TIRAN\u00cb. Vendndodhja: Kopshti Botanik. -Sip\u00ebrfaqe totale: 107.35 m2\u2028-Sip\u00ebrfaqe e brendshme: 93 m2\u2028-Kati p\u00ebrdhe \u00c7mimi: 134.000 Euro\/total Nj\u00eb prej projekteve me interesant n\u00eb Tiran\u00eb \u00ebsht\u00eb edhe objekti i banimit q\u00eb po nd\u00ebrtohet n\u00eb Kodr\u00ebn e Diellit n\u00eb krah\u00eb t\u00eb \u2018University of [&hellip;]<\/p>\n","protected":false},"author":1,"featured_media":0,"parent":0,"menu_order":0,"comment_status":"closed","ping_status":"closed","template":"","property-type-api":[38],"property-status-api":[368],"property-city-api":[349,45],"property-feature-api":[17,353,359,358],"class_list":["post-83201","property","type-property","status-publish","hentry","property-type-apartament","property-status-sold","property-city-shqiperi","property-city-tirane","property-feature-ashensor","property-feature-izolim-termik","property-feature-roje-objekti","property-feature-sherbim-administrimi"],"REAL_HOMES_property_price":"134000","REAL_HOMES_property_price_type":"Total","REAL_HOMES_property_price_postfix":"EUR","REAL_HOMES_property_id":"13527","REAL_HOMES_property_size":"107","REAL_HOMES_property_size_postfix":"M2 ","REAL_HOMES_property_bedrooms":"2","REAL_HOMES_property_bathrooms":"2","REAL_HOMES_property_garage":"0","REAL_HOMES_additional_details":{"Tipi Pron\u00ebs":"Apartament","Qyteti":"Tirane","\u00c7ertifikat\u00eb Pron\u00ebsie":"Po","\u00c7mimi Negociuesh\u00ebm":"  Po","Kati Pron\u00ebs":"0","Pozicioni Pron\u00ebs":"","Tipi Listimit":"Shitur"},"REAL_HOMES_property_address":"kodra e diellit 1","REAL_HOMES_property_location":"41.311897444591,19.798855204299","REAL_HOMES_attachments":"","REAL_HOMES_agent_display_option":"","REAL_HOMES_agents":"82888","REAL_HOMES_slider_image":"","payment_status":"","REAL_HOMES_tour_video_url":"","REAL_HOMES_tour_video_image":"","REAL_HOMES_property_year_built":"","REAL_HOMES_image_object":"[{\"url\":\"https:\/\/flexie-des.s3.amazonaws.com\/des\/listings\/gallery\/0a80070acaf1055458c793784f6883a0.jpg\",\"thumbnail\":\"https:\/\/flexie-des.s3.amazonaws.com\/des\/listings\/gallery\/0a80070acaf1055458c793784f6883a0_thumb.jpg\",\"name\":\"1.jpg\",\"type\":\"image\/jpeg\",\"is_default\":1},{\"url\":\"https:\/\/flexie-des.s3.amazonaws.com\/des\/listings\/gallery\/fb533dd510daf6800bd45131c6bee79b.jpg\",\"thumbnail\":\"https:\/\/flexie-des.s3.amazonaws.com\/des\/listings\/gallery\/fb533dd510daf6800bd45131c6bee79b_thumb.jpg\",\"name\":\"2.jpg\",\"type\":\"image\/jpeg\"},{\"url\":\"https:\/\/flexie-des.s3.amazonaws.com\/des\/listings\/gallery\/ff22faa5b99f018a98b91cf49d2852a0.jpg\",\"thumbnail\":\"https:\/\/flexie-des.s3.amazonaws.com\/des\/listings\/gallery\/ff22faa5b99f018a98b91cf49d2852a0_thumb.jpg\",\"name\":\"4.jpg\",\"type\":\"image\/jpeg\"},{\"url\":\"https:\/\/flexie-des.s3.amazonaws.com\/des\/listings\/gallery\/07dcfc287bab0373767633710ead6aa2.jpg\",\"thumbnail\":\"https:\/\/flexie-des.s3.amazonaws.com\/des\/listings\/gallery\/07dcfc287bab0373767633710ead6aa2_thumb.jpg\",\"name\":\"3.jpg\",\"type\":\"image\/jpeg\"}]","yoast_head":"<!-- This site is optimized with the Yoast SEO Premium plugin v15.2 - https:\/\/yoast.com\/wordpress\/plugins\/seo\/ -->\n<title>DES SJELL NE SHTJE APARTAMENT KLERINGU 2+1+2 TUALETE , N\u00cb KRAH\u00cb T\u00cb KODR\u00cbS S\u00cb DIELLIT, TIRAN\u00cb. - DES Real Estate<\/title>\n<meta name=\"robots\" content=\"index, follow, max-snippet:-1, max-image-preview:large, max-video-preview:-1\" \/>\n<link rel=\"canonical\" href=\"https:\/\/desrealestate.al\/sq\/property\/des-sjell-ne-shtje-apartament-kleringu-212-tualete-ne-krahe-te-kodres-se-diellit-tirane\/\" \/>\n<meta property=\"og:locale\" content=\"sq_AL\" \/>\n<meta property=\"og:type\" content=\"article\" \/>\n<meta property=\"og:title\" content=\"DES SJELL NE SHTJE APARTAMENT KLERINGU 2+1+2 TUALETE , N\u00cb KRAH\u00cb T\u00cb KODR\u00cbS S\u00cb DIELLIT, TIRAN\u00cb. - DES Real Estate\" \/>\n<meta property=\"og:description\" content=\"DES SJELL NE SHTJE APARTAMENT KLERINGU 2+1+2 TUALETE , N\u00cb KRAH\u00cb T\u00cb KODR\u00cbS S\u00cb DIELLIT, TIRAN\u00cb. Vendndodhja: Kopshti Botanik. -Sip\u00ebrfaqe totale: 107.35 m2\u2028-Sip\u00ebrfaqe e brendshme: 93 m2\u2028-Kati p\u00ebrdhe \u00c7mimi: 134.000 Euro\/total Nj\u00eb prej projekteve me interesant n\u00eb Tiran\u00eb \u00ebsht\u00eb edhe objekti i banimit q\u00eb po nd\u00ebrtohet n\u00eb Kodr\u00ebn e Diellit n\u00eb krah\u00eb t\u00eb \u2018University of [&hellip;]\" \/>\n<meta property=\"og:url\" content=\"https:\/\/desrealestate.al\/sq\/property\/des-sjell-ne-shtje-apartament-kleringu-212-tualete-ne-krahe-te-kodres-se-diellit-tirane\/\" \/>\n<meta property=\"og:site_name\" content=\"DES Real Estate\" \/>\n<meta property=\"article:publisher\" content=\"https:\/\/www.facebook.com\/DesRealEstate.al\/\" \/>\n<meta property=\"og:image\" content=\"https:\/\/desrealestate.al\/wp-content\/uploads\/2020\/11\/DES-Real-Estate-Logo-Vertikale-fb.jpg\" \/>\n\t<meta property=\"og:image:width\" content=\"1102\" \/>\n\t<meta property=\"og:image:height\" content=\"596\" \/>\n<meta property=\"fb:app_id\" content=\"387924425682656\" \/>\n<meta name=\"twitter:card\" content=\"summary_large_image\" \/>\n<meta name=\"twitter:label1\" value=\"Written by\">\n\t<meta name=\"twitter:data1\" value=\"master\">\n\t<meta name=\"twitter:label2\" value=\"Est. reading time\">\n\t<meta name=\"twitter:data2\" value=\"1 minut\u00eb\">\n<script type=\"application\/ld+json\" class=\"yoast-schema-graph\">{\"@context\":\"https:\/\/schema.org\",\"@graph\":[{\"@type\":\"Organization\",\"@id\":\"https:\/\/desrealestate.al\/sq\/#organization\",\"name\":\"DES Real Estate\",\"url\":\"https:\/\/desrealestate.al\/sq\/\",\"sameAs\":[\"https:\/\/www.facebook.com\/DesRealEstate.al\/\",\"https:\/\/www.instagram.com\/desrealestate.al\/\"],\"logo\":{\"@type\":\"ImageObject\",\"@id\":\"https:\/\/desrealestate.al\/sq\/#logo\",\"inLanguage\":\"sq\",\"url\":\"https:\/\/desrealestate.al\/wp-content\/uploads\/2020\/05\/DES-Real-Estate-Logo-Vertikale.png\",\"width\":171,\"height\":115,\"caption\":\"DES Real Estate\"},\"image\":{\"@id\":\"https:\/\/desrealestate.al\/sq\/#logo\"}},{\"@type\":\"WebSite\",\"@id\":\"https:\/\/desrealestate.al\/sq\/#website\",\"url\":\"https:\/\/desrealestate.al\/sq\/\",\"name\":\"DES Real Estate\",\"description\":\"Sht\\u00ebpia \\u00ebsht\\u00eb e para\",\"publisher\":{\"@id\":\"https:\/\/desrealestate.al\/sq\/#organization\"},\"potentialAction\":[{\"@type\":\"SearchAction\",\"target\":\"https:\/\/desrealestate.al\/sq\/?s={search_term_string}\",\"query-input\":\"required name=search_term_string\"}],\"inLanguage\":\"sq\"},{\"@type\":\"WebPage\",\"@id\":\"https:\/\/desrealestate.al\/sq\/property\/des-sjell-ne-shtje-apartament-kleringu-212-tualete-ne-krahe-te-kodres-se-diellit-tirane\/#webpage\",\"url\":\"https:\/\/desrealestate.al\/sq\/property\/des-sjell-ne-shtje-apartament-kleringu-212-tualete-ne-krahe-te-kodres-se-diellit-tirane\/\",\"name\":\"DES SJELL NE SHTJE APARTAMENT KLERINGU 2+1+2 TUALETE , N\\u00cb KRAH\\u00cb T\\u00cb KODR\\u00cbS S\\u00cb DIELLIT, TIRAN\\u00cb. - DES Real Estate\",\"isPartOf\":{\"@id\":\"https:\/\/desrealestate.al\/sq\/#website\"},\"datePublished\":\"2025-09-08T09:50:25+00:00\",\"dateModified\":\"2025-09-08T09:50:25+00:00\",\"inLanguage\":\"sq\",\"potentialAction\":[{\"@type\":\"ReadAction\",\"target\":[\"https:\/\/desrealestate.al\/sq\/property\/des-sjell-ne-shtje-apartament-kleringu-212-tualete-ne-krahe-te-kodres-se-diellit-tirane\/\"]}]}]}<\/script>\n<!-- \/ Yoast SEO Premium plugin. -->","_links":{"self":[{"href":"https:\/\/desrealestate.al\/sq\/wp-json\/wp\/v2\/property-api\/83201"}],"collection":[{"href":"https:\/\/desrealestate.al\/sq\/wp-json\/wp\/v2\/property-api"}],"about":[{"href":"https:\/\/desrealestate.al\/sq\/wp-json\/wp\/v2\/types\/property"}],"author":[{"embeddable":true,"href":"https:\/\/desrealestate.al\/sq\/wp-json\/wp\/v2\/users\/1"}],"replies":[{"embeddable":true,"href":"https:\/\/desrealestate.al\/sq\/wp-json\/wp\/v2\/comments?post=83201"}],"version-history":[{"count":0,"href":"https:\/\/desrealestate.al\/sq\/wp-json\/wp\/v2\/property-api\/83201\/revisions"}],"wp:attachment":[{"href":"https:\/\/desrealestate.al\/sq\/wp-json\/wp\/v2\/media?parent=83201"}],"wp:term":[{"taxonomy":"property-type","embeddable":true,"href":"https:\/\/desrealestate.al\/sq\/wp-json\/wp\/v2\/property-type-api?post=83201"},{"taxonomy":"property-status","embeddable":true,"href":"https:\/\/desrealestate.al\/sq\/wp-json\/wp\/v2\/property-status-api?post=83201"},{"taxonomy":"property-city","embeddable":true,"href":"https:\/\/desrealestate.al\/sq\/wp-json\/wp\/v2\/property-city-api?post=83201"},{"taxonomy":"property-feature","embeddable":true,"href":"https:\/\/desrealestate.al\/sq\/wp-json\/wp\/v2\/property-feature-api?post=83201"}],"curies":[{"name":"wp","href":"https:\/\/api.w.org\/{rel}","templated":true}]}}

DES  SJELL NE SHTJE APARTAMENT KLERINGU 2+1+2 TUALETE , NË KRAHË TË KODRËS SË DIELLIT, TIRANË.

<p>DES  SJELL NE SHTJE APARTAMENT KLERINGU 2+1+2 TUALETE , NË KRAHË TË KODRËS SË DIELLIT, TIRANË.</p>
<p>Vendndodhja: Kopshti Botanik.</p>
<p>-Sipërfaqe totale: 107.35 m2 -Sipërfaqe e brendshme: 93 m2<br /> -Kati përdhe</p>
<p>Çmimi: 134.000 Euro/total</p>
<p>Një prej projekteve me interesant në Tiranë është edhe objekti i banimit që po ndërtohet në Kodrën e Diellit në krahë të ‘University of New York Tirana”.</p>
<p>Objekti do të jetë 5-kate i lartë i rrethuar jo vetëm  nga gjelbërimi që ofron zona por dhe nga gjelbërimi i projektuar në apartamente si dhe do të ketë 3-kate parking nëntokësor.<br />Objekti ofron: • Fasadë të ventiluar •Termoizolim • Ambjente rekreative dhe të gjelbëruara.<br />Zona  të ofron qetësi dhe  është e pozicionuar larg zhurmave dhe smogut.</p>
<p>Për një vizite në pronë na kontaktoni!<br />Kontakt:<br />+355 69 703 2241</p>

<p>DES SJELL NE SHTJE APARTAMENT KLERINGU 2+1+2 TUALETE , NË KRAHË TË KODRËS SË DIELLIT, TIRANË. Vendndodhja: Kopshti Botanik. -Sipërfaqe totale: 107.35 m2 -Sipërfaqe e brendshme: 93 m2 -Kati përdhe Çmimi: 134.000 Euro/total Një prej projekteve me interesant në Tiranë është edhe objekti i banimit që po ndërtohet në Kodrën e Diellit në krahë të ‘University of [&hellip;]</p>

<!-- This site is optimized with the Yoast SEO Premium plugin v15.2 - https://yoast.com/wordpress/plugins/seo/ -->
<title>DES SJELL NE SHTJE APARTAMENT KLERINGU 2+1+2 TUALETE , NË KRAHË TË KODRËS SË DIELLIT, TIRANË. - DES Real Estate</title>
<meta name="robots" content="index, follow, max-snippet:-1, max-image-preview:large, max-video-preview:-1" />
<link rel="canonical" href="https://desrealestate.al/sq/property/des-sjell-ne-shtje-apartament-kleringu-212-tualete-ne-krahe-te-kodres-se-diellit-tirane/" />
<meta property="og:locale" content="sq_AL" />
<meta property="og:type" content="article" />
<meta property="og:title" content="DES SJELL NE SHTJE APARTAMENT KLERINGU 2+1+2 TUALETE , NË KRAHË TË KODRËS SË DIELLIT, TIRANË. - DES Real Estate" />
<meta property="og:description" content="DES SJELL NE SHTJE APARTAMENT KLERINGU 2+1+2 TUALETE , NË KRAHË TË KODRËS SË DIELLIT, TIRANË. Vendndodhja: Kopshti Botanik. -Sipërfaqe totale: 107.35 m2 -Sipërfaqe e brendshme: 93 m2 -Kati përdhe Çmimi: 134.000 Euro/total Një prej projekteve me interesant në Tiranë është edhe objekti i banimit që po ndërtohet në Kodrën e Diellit në krahë të ‘University of [&hellip;]" />
<meta property="og:url" content="https://desrealestate.al/sq/property/des-sjell-ne-shtje-apartament-kleringu-212-tualete-ne-krahe-te-kodres-se-diellit-tirane/" />
<meta property="og:site_name" content="DES Real Estate" />
<meta property="article:publisher" content="https://www.facebook.com/DesRealEstate.al/" />
<meta property="og:image" content="https://desrealestate.al/wp-content/uploads/2020/11/DES-Real-Estate-Logo-Vertikale-fb.jpg" />
	<meta property="og:image:width" content="1102" />
	<meta property="og:image:height" content="596" />
<meta property="fb:app_id" content="387924425682656" />
<meta name="twitter:card" content="summary_large_image" />
<meta name="twitter:label1" value="Written by">
	<meta name="twitter:data1" value="master">
	<meta name="twitter:label2" value="Est. reading time">
	<meta name="twitter:data2" value="1 minutë">
<script type="application/ld+json" class="yoast-schema-graph">{"@context":"https://schema.org","@graph":[{"@type":"Organization","@id":"https://desrealestate.al/sq/#organization","name":"DES Real Estate","url":"https://desrealestate.al/sq/","sameAs":["https://www.facebook.com/DesRealEstate.al/","https://www.instagram.com/desrealestate.al/"],"logo":{"@type":"ImageObject","@id":"https://desrealestate.al/sq/#logo","inLanguage":"sq","url":"https://desrealestate.al/wp-content/uploads/2020/05/DES-Real-Estate-Logo-Vertikale.png","width":171,"height":115,"caption":"DES Real Estate"},"image":{"@id":"https://desrealestate.al/sq/#logo"}},{"@type":"WebSite","@id":"https://desrealestate.al/sq/#website","url":"https://desrealestate.al/sq/","name":"DES Real Estate","description":"Sht\u00ebpia \u00ebsht\u00eb e para","publisher":{"@id":"https://desrealestate.al/sq/#organization"},"potentialAction":[{"@type":"SearchAction","target":"https://desrealestate.al/sq/?s={search_term_string}","query-input":"required name=search_term_string"}],"inLanguage":"sq"},{"@type":"WebPage","@id":"https://desrealestate.al/sq/property/des-sjell-ne-shtje-apartament-kleringu-212-tualete-ne-krahe-te-kodres-se-diellit-tirane/#webpage","url":"https://desrealestate.al/sq/property/des-sjell-ne-shtje-apartament-kleringu-212-tualete-ne-krahe-te-kodres-se-diellit-tirane/","name":"DES SJELL NE SHTJE APARTAMENT KLERINGU 2+1+2 TUALETE , N\u00cb KRAH\u00cb T\u00cb KODR\u00cbS S\u00cb DIELLIT, TIRAN\u00cb. - DES Real Estate","isPartOf":{"@id":"https://desrealestate.al/sq/#website"},"datePublished":"2025-09-08T09:50:25+00:00","dateModified":"2025-09-08T09:50:25+00:00","inLanguage":"sq","potentialAction":[{"@type":"ReadAction","target":["https://desrealestate.al/sq/property/des-sjell-ne-shtje-apartament-kleringu-212-tualete-ne-krahe-te-kodres-se-diellit-tirane/"]}]}]}</script>
<!-- / Yoast SEO Premium plugin. -->
